073
CXUS56 KPQR 291200
CF6TTD
PRELIMINARY LOCAL CLIMATOLOGICAL DATA (WS FORM: F-6)

                                          STATION:   TROUTDALE OR
                                          MONTH:     APRIL
                                          YEAR:      2016
                                          LATITUDE:   45 33 N
                                          LONGITUDE: 122 25 W

  TEMPERATURE IN F:       :PCPN:    SNOW:  WIND      :SUNSHINE: SKY     :PK WND
================================================================================
1   2   3   4   5  6A  6B    7    8   9   10  11  12  13   14  15   16   17  18
                                     12Z  AVG MX 2MIN
DY MAX MIN AVG DEP HDD CDD  WTR  SNW DPTH SPD SPD DIR MIN PSBL S-S WX    SPD DR
================================================================================

 1  75  43  59   9   6   0 0.00  0.0    0  1.7  8 250   M    M   0        10 250
 2  69  43  56   6   9   0 0.00  0.0    0  3.0  9 240   M    M   0        11 260
 3  72  43  58   8   7   0 0.08    M    0  6.1 23 250   M    M   3 1      28 250
 4  61  46  54   4  11   0 0.23    M    0  6.4 23 250   M    M   7        30 240
 5  61  44  53   3  12   0 0.01    M    0  1.6  6 120   M    M   4         8 330
 6  75  38  57   7   8   0 0.00  0.0    0  2.7 24  90   M    M   0        30  80
 7  80  62  71  21   0   6 0.00  0.0    0 19.1 28  90   M    M   0        36  90
 8  84  51  68  18   0   3 0.00  0.0    0  4.9 12 310   M    M   0        20 310
 9  68  47  58   8   7   0 0.00  0.0    0  3.0  9 270   M    M   3        12 250
10  61  51  56   5   9   0 0.00  0.0    0  1.6  9 250   M    M   8        12 320
11  62  51  57   6   8   0 0.00  0.0    0  2.2  7 260   M    M   7        11 330
12  61  48  55   4  10   0 0.21    M    0  6.6 32 240   M    M  10 1      43 250
13  60  43  52   1  13   0 0.15    M    0  6.3 23 110   M    M   8 1      29 120
14  53  43  48  -3  17   0 0.89    M    0  5.0 13  70   M    M   9 18     18 120
15  62  41  52   1  13   0 0.00  0.0    0  2.0  7  10   M    M   5 1       8 350
16  70  37  54   3  11   0 0.00  0.0    0  2.9 15 100   M    M   0        22 100
17  78  57  68  16   0   3 0.00  0.0    0 18.5 26 100   M    M   0        32  90
18  83  64  74  22   0   9 0.00  0.0    0 16.4 25 100   M    M   0        34  90
19  88  53  71  19   0   6 0.00  0.0    0  4.4 15  90   M    M   0        19  90
20  82  51  67  15   0   2 0.01  0.0    0  3.6 20 160   M    M   1 3      26 170
21  75  49  62  10   3   0 0.17    M    0  3.2 23 250   M    M   1 1      31 250
22  66  52  59   7   6   0 0.30  0.0    0  3.5 24 230   M    M   8 1      31 240
23  63  53  58   6   7   0 0.19  0.0    0  7.0 18 240   M    M  10        26 250
24  57  43  50  -3  15   0 0.18    M    0  5.7 14 220   M    M   8 1      20 320
25  63  42  53   0  12   0 0.00  0.0    0  3.7 13 330   M    M   6        18 260
26  61  38  50  -3  15   0 0.00  0.0    0  2.3 10 200   M    M   2        14 220
27  61  48  55   2  10   0 0.02    M    0  1.2  8 240   M    M   9        10 250
28  62  47  55   2  10   0    T    M    0  1.9  8 240   M    M   9 8      11 250
================================================================================
SM 1913 1328       219  29  2.44     0.0 146.5          M      118
================================================================================
AV 68.3 47.4                               5.2 FASTST   M    M   4    MAX(MPH)
                                 MISC ---->  # 32 240               # 43  250
================================================================================
NOTES:
# LAST OF SEVERAL OCCURRENCES

COLUMN 17 PEAK WIND IN M.P.H.

PRELIMINARY LOCAL CLIMATOLOGICAL DATA (WS FORM: F-6) , PAGE 2

                                          STATION:  TROUTDALE OR
                                          MONTH:    APRIL
                                          YEAR:     2016
                                          LATITUDE:   45 33 N
                                          LONGITUDE: 122 25 W

[TEMPERATURE DATA]      [PRECIPITATION DATA]       SYMBOLS USED IN COLUMN 16

AVERAGE MONTHLY: 57.9   TOTAL FOR MONTH:   2.44    1 = FOG OR MIST
DPTR FM NORMAL:   6.6   DPTR FM NORMAL:   -1.19    2 = FOG REDUCING VISIBILITY
HIGHEST:    88 ON 19    GRTST 24HR  0.98 ON 13-14      TO 1/4 MILE OR LESS
LOWEST:     37 ON 16                               3 = THUNDER
                        SNOW, ICE PELLETS, HAIL    4 = ICE PELLETS
                        TOTAL MONTH:   0.0 INCH    5 = HAIL
                        GRTST 24HR     0.0         6 = FREEZING RAIN OR DRIZZLE
                        GRTST DEPTH:   0           7 = DUSTSTORM OR SANDSTORM:
                                                       VSBY 1/2 MILE OR LESS
                                                   8 = SMOKE OR HAZE
[NO. OF DAYS WITH]      [WEATHER - DAYS WITH]      9 = BLOWING SNOW
                                                   X = TORNADO
MAX 32 OR BELOW:   0    0.01 INCH OR MORE:  12
MAX 90 OR ABOVE:   0    0.10 INCH OR MORE:   8
MIN 32 OR BELOW:   0    0.50 INCH OR MORE:   1
MIN  0 OR BELOW:   0    1.00 INCH OR MORE:   0

[HDD (BASE 65) ]
TOTAL THIS MO.   219    CLEAR  (SCALE 0-3)  13
DPTR FM NORMAL  -165    PTCLDY (SCALE 4-7)   9
TOTAL FM JUL 1  3285    CLOUDY (SCALE 8-10)  6
DPTR FM NORMAL  -961

[CDD (BASE 65) ]
TOTAL THIS MO.    29
DPTR FM NORMAL    29    [PRESSURE DATA]
TOTAL FM JAN 1    29    HIGHEST SLP M ON M
DPTR FM NORMAL    29    LOWEST  SLP 29.58 ON 22

[REMARKS]
