000
CXUS54 KTSA 230840
CF6TUL
PRELIMINARY LOCAL CLIMATOLOGICAL DATA (WS FORM: F-6)

                                          STATION:   TULSA OKLAHOMA
                                          MONTH:     OCTOBER
                                          YEAR:      2014
                                          LATITUDE:   36 12 N
                                          LONGITUDE:  95 54 W

  TEMPERATURE IN F:       :PCPN:    SNOW:  WIND      :SUNSHINE: SKY     :PK WND
================================================================================
1   2   3   4   5  6A  6B    7    8   9   10  11  12  13   14  15   16   17  18
                                     12Z  AVG MX 2MIN
DY MAX MIN AVG DEP HDD CDD  WTR  SNW DPTH SPD SPD DIR MIN PSBL S-S WX    SPD DR
================================================================================

 1  93  71  82  15   0  17 0.00  0.0    0 15.0 25 180   M    M   5 3      32 190
 2  78  59  69   3   0   4 1.13  0.0    0 12.2 28 180   M    M   7 13     35 320
 3  67  45  56 -10   9   0 0.00  0.0    0 11.1 29 350   M    M   2        37 350
 4  73  39  56 -10   9   0 0.00  0.0    0  4.4 12 200   M    M   3        17 260
 5  85  51  68   3   0   3 0.04  0.0    0  4.6 23 330   M    M   6 3      28 330
 6  83  53  68   3   0   3 0.00  0.0    0  6.8 16 200   M    M   6        19 200
 7  91  68  80  16   0  15 0.00  0.0    0  5.8 15 200   M    M   4        19 200
 8  87  69  78  14   0  13 0.00  0.0    0 12.1 20 170   M    M   9        27 180
 9  88  71  80  16   0  15    T  0.0    0 11.2 23 180   M    M   8        28 180
10  77  53  65   1   0   0 1.17  0.0    0 11.0 23 330   M    M  10 13     27  10
11  57  50  54  -9  11   0 0.11  0.0    0  7.8 16 360   M    M  10 1      22 350
12  66  54  60  -3   5   0 0.03  0.0    0  9.2 22 160   M    M   9 138    28 170
13  64  56  60  -3   5   0 1.23  0.0    0 13.1 28 310   M    M   9 13     34 300
14  72  50  61  -1   4   0 0.00  0.0    0 13.7 26 330   M    M   1        37 330
15  75  45  60  -2   5   0 0.00  0.0    0  3.9 14 290   M    M   0        18 300
16  86  46  66   4   0   1 0.00  0.0    0  9.8 21 170   M    M   7        26 180
17  79  50  65   3   0   0 0.00  0.0    0  7.4 14 360   M    M   5        19  10
18  70  49  60  -1   5   0 0.00  0.0    0  6.6 14  20   M    M   8        18  10
19  72  44  58  -3   7   0 0.00  0.0    0  6.6 15 160   M    M   7 1      20 150
20  77  56  67   6   0   2 0.50  0.0    0  4.1 15 150   M    M   6 13     17 150
21  82  55  69   9   0   4 0.00  0.0    0  4.5 10 150   M    M   3 1      13 150
22  79  58  69   9   0   4 0.01  0.0    0  7.9 16 160   M    M   4 1      22 160
================================================================================
SM 1701 1192        60  81  4.22     0.0 188.8          M      129
================================================================================
AV 77.3 54.2                               8.6 FASTST   M    M   6    MAX(MPH)
                                 MISC ---->  # 29 350               # 37  350
================================================================================
NOTES:
# LAST OF SEVERAL OCCURRENCES

COLUMN 17 PEAK WIND IN M.P.H.

PRELIMINARY LOCAL CLIMATOLOGICAL DATA (WS FORM: F-6) , PAGE 2

                                          STATION:  TULSA OKLAHOMA
                                          MONTH:    OCTOBER
                                          YEAR:     2014
                                          LATITUDE:   36 12 N
                                          LONGITUDE:  95 54 W

[TEMPERATURE DATA]      [PRECIPITATION DATA]       SYMBOLS USED IN COLUMN 16

AVERAGE MONTHLY: 65.8   TOTAL FOR MONTH:   4.22    1 = FOG OR MIST
DPTR FM NORMAL:   2.5   DPTR FM NORMAL:    1.42    2 = FOG REDUCING VISIBILITY
HIGHEST:    93 ON  1    GRTST 24HR  1.26 ON 12-13      TO 1/4 MILE OR LESS
LOWEST:     39 ON  4                               3 = THUNDER
                        SNOW, ICE PELLETS, HAIL    4 = ICE PELLETS
                        TOTAL MONTH:   0.0 INCH    5 = HAIL
                        GRTST 24HR     0.0         6 = FREEZING RAIN OR DRIZZLE
                        GRTST DEPTH:   0           7 = DUSTSTORM OR SANDSTORM:
                                                       VSBY 1/2 MILE OR LESS
                                                   8 = SMOKE OR HAZE
[NO. OF DAYS WITH]      [WEATHER - DAYS WITH]      9 = BLOWING SNOW
                                                   X = TORNADO
MAX 32 OR BELOW:   0    0.01 INCH OR MORE:   8
MAX 90 OR ABOVE:   2    0.10 INCH OR MORE:   5
MIN 32 OR BELOW:   0    0.50 INCH OR MORE:   4
MIN  0 OR BELOW:   0    1.00 INCH OR MORE:   3

[HDD (BASE 65) ]
TOTAL THIS MO.    60    CLEAR  (SCALE 0-3)   4
DPTR FM NORMAL   -33    PTCLDY (SCALE 4-7)  12
TOTAL FM JUL 1    73    CLOUDY (SCALE 8-10)  6
DPTR FM NORMAL   -44

[CDD (BASE 65) ]
TOTAL THIS MO.    81
DPTR FM NORMAL    28    [PRESSURE DATA]
TOTAL FM JAN 1  2015    HIGHEST SLP M ON M
DPTR FM NORMAL    -3    LOWEST  SLP 29.43 ON 13

[REMARKS]
