000
CXUS55 KBOI 201002
CF6TWF
PRELIMINARY LOCAL CLIMATOLOGICAL DATA (WS FORM: F-6)

                                          STATION:   TWIN FALLS ID
                                          MONTH:     APRIL
                                          YEAR:      2014
                                          LATITUDE:   42 28 N
                                          LONGITUDE: 114 29 W

  TEMPERATURE IN F:       :PCPN:    SNOW:  WIND      :SUNSHINE: SKY     :PK WND
================================================================================
1   2   3   4   5  6A  6B    7    8   9   10  11  12  13   14  15   16   17  18
                                     12Z  AVG MX 2MIN
DY MAX MIN AVG DEP HDD CDD  WTR  SNW DPTH SPD SPD DIR MIN PSBL S-S WX    SPD DR
================================================================================

 1  43  33  38  -7  27   0 0.01    M    M 11.1 25 240   M    M   7 1      32 240
 2  46  32  39  -6  26   0 0.02    M    M 11.9 20 260   M    M   8 18     24 270
 3  53  33  43  -3  22   0 0.00    M    M  8.5 16 190   M    M   1 8      20 270
 4  56  36  46   0  19   0    T    M    M 10.4 22 270   M    M   3        26 260
 5  56  36  46   0  19   0 0.00    M    M 15.4 29 260   M    M   5        36 290
 6  60  40  50   4  15   0    T    M    M 19.4 36 280   M    M   5        46 270
 7  67  38  53   7  12   0 0.00    M    M 12.5 22 220   M    M   0        25 220
 8  76  40  58  12   7   0 0.00    M    M  7.9 15 190   M    M   0        18 300
 9  71  49  60  14   5   0 0.00    M    M 16.5 25 250   M    M   1 8      30 280
10  66  44  55   8  10   0 0.00    M    M 13.8 21 280   M    M   1        28 260
11  71  39  55   8  10   0 0.00    M    M 11.9 18 270   M    M   0        23 270
12  66  43  55   8  10   0 0.00    M    M 18.5 30 270   M    M   0        37 260
13  58  34  46  -1  19   0 0.03    M    M 12.1 32 250   M    M   5 1      37 250
14  63  28  46  -2  19   0 0.00    M    M  7.6 13 170   M    M   0        16 100
15  62  41  52   4  13   0 0.00    M    M 19.2 35 280   M    M   1        42 270
16  60  38  49   1  16   0 0.00    M    M 11.7 18 290   M    M   1        24 280
17  75  38  57   9   8   0    T    M    M 12.2 38 250   M    M   1 8      48 250
18  62  41  52   4  13   0 0.13    M    M 14.3 24 250   M    M   4        32 250
19  73  35  54   5  11   0 0.00    M    M  8.9 32 250   M    M   0        40 250
================================================================================
SM 1184  718       281   0  0.19    M    243.8          M       43
================================================================================
AV 62.3 37.8                              12.8 FASTST   M    M   2    MAX(MPH)
                                 MISC ---->  # 38 250               # 48  250
================================================================================
NOTES:
# LAST OF SEVERAL OCCURRENCES

COLUMN 17 PEAK WIND IN M.P.H.

PRELIMINARY LOCAL CLIMATOLOGICAL DATA (WS FORM: F-6) , PAGE 2

                                          STATION:  TWIN FALLS ID
                                          MONTH:    APRIL
                                          YEAR:     2014
                                          LATITUDE:   42 28 N
                                          LONGITUDE: 114 29 W

[TEMPERATURE DATA]      [PRECIPITATION DATA]       SYMBOLS USED IN COLUMN 16

AVERAGE MONTHLY: 50.1   TOTAL FOR MONTH:   0.19    1 = FOG OR MIST
DPTR FM NORMAL:   3.3   DPTR FM NORMAL:   -0.50    2 = FOG REDUCING VISIBILITY
HIGHEST:    76 ON  8    GRTST 24HR  0.13 ON 18-18      TO 1/4 MILE OR LESS
LOWEST:     28 ON 14                               3 = THUNDER
                        SNOW, ICE PELLETS, HAIL    4 = ICE PELLETS
                        TOTAL MONTH:    M          5 = HAIL
                        GRTST 24HR    M  ON   M    6 = FREEZING RAIN OR DRIZZLE
                        GRTST DEPTH:  M  ON   M    7 = DUSTSTORM OR SANDSTORM:
                                                       VSBY 1/2 MILE OR LESS
                                                   8 = SMOKE OR HAZE
[NO. OF DAYS WITH]      [WEATHER - DAYS WITH]      9 = BLOWING SNOW
                                                   X = TORNADO
MAX 32 OR BELOW:   0    0.01 INCH OR MORE:   4
MAX 90 OR ABOVE:   0    0.10 INCH OR MORE:   1
MIN 32 OR BELOW:   2    0.50 INCH OR MORE:   0
MIN  0 OR BELOW:   0    1.00 INCH OR MORE:   0

[HDD (BASE 65) ]
TOTAL THIS MO.   281    CLEAR  (SCALE 0-3)  12
DPTR FM NORMAL   -65    PTCLDY (SCALE 4-7)   7
TOTAL FM JUL 1  5140    CLOUDY (SCALE 8-10)  0
DPTR FM NORMAL  -495

[CDD (BASE 65) ]
TOTAL THIS MO.     0
DPTR FM NORMAL     0    [PRESSURE DATA]
TOTAL FM JAN 1     0    HIGHEST SLP M ON M
DPTR FM NORMAL     0    LOWEST  SLP 29.59 ON 17

[REMARKS]
