000
CXUS54 KSHV 301300
CF6TXK
PRELIMINARY LOCAL CLIMATOLOGICAL DATA (WS FORM: F-6)

                                          STATION:   TEXARKANA
                                          MONTH:     APRIL
                                          YEAR:      2016
                                          LATITUDE:   33 27 N
                                          LONGITUDE:  94  0 W

  TEMPERATURE IN F:       :PCPN:    SNOW:  WIND      :SUNSHINE: SKY     :PK WND
================================================================================
1   2   3   4   5  6A  6B    7    8   9   10  11  12  13   14  15   16   17  18
                                     12Z  AVG MX 2MIN
DY MAX MIN AVG DEP HDD CDD  WTR  SNW DPTH SPD SPD DIR MIN PSBL S-S WX    SPD DR
================================================================================

 1  58  45  52  -8  13   0 0.07  0.0    0  5.7 15  20   M    M   3        19  10
 2  67  41  54  -6  11   0 0.00  0.0    0  6.3 16 280   M    M   0        22 260
 3  75  40  58  -3   7   0 0.00  0.0    0  5.8 16 220   M    M   0        22 210
 4  83  51  67   6   0   2 0.00  0.0    0  8.2 17 220   M    M   0        22 200
 5  83  55  69   8   0   4 0.00  0.0    0  5.9 16 210   M    M   0        20 220
 6  76  56  66   5   0   1    T  0.0    0 11.8 25 290   M    M   1        33 290
 7  83  48  66   4   0   1 0.00  0.0    0  8.4 24 280   M    M   0        30 290
 8  73  45  59  -3   6   0 0.00  0.0    0  4.6 16 320   M    M   0        20  50
 9  76  45  61  -1   4   0    T  0.0    0  4.3 14 230   M    M   4        17 170
10  79  61  70   8   0   5 0.00  0.0    0 13.3 22 180   M    M   8        32 210
11  70  58  64   1   1   0 1.33  0.0    0  8.7 33 320   M    M   9 13     49 310
12  67  53  60  -3   5   0 0.00  0.0    0  7.9 20  50   M    M   1        25  60
13  64  51  58  -5   7   0 0.07  0.0    0  6.0 14  40   M    M   9 8      19  20
14  70  51  61  -2   4   0 0.00  0.0    0  6.5 14  20   M    M   5        17  10
15  75  51  63  -1   2   0 0.00  0.0    0  5.3 13 150   M    M   5 12     19 100
16  68  61  65   1   0   0 0.01  0.0    0  6.7 12 100   M    M  10 18     20 110
17  74  62  68   4   0   3    T  0.0    0  8.1 17 140   M    M   9 18     25 160
18  70  60  65   1   0   0 2.67  0.0    0  6.3 16 230   M    M  10 13     24 220
19  72  63  68   3   0   3 0.09  0.0    0  3.9 10  70   M    M  10 1      14 100
20  74  59  67   2   0   2 0.38  0.0    0  5.0 18 280   M    M   8 1      23 280
21  77  54  66   1   0   1 0.00  0.0    0  3.3  9 240   M    M   4 1      12 230
22  80  55  68   2   0   3 0.00  0.0    0  3.9 14 290   M    M   1        27 300
23  82  55  69   3   0   4 0.00  0.0    0  3.5 10 160   M    M   0 1      13 160
24  79  63  71   5   0   6 0.00  0.0    0  9.3 18 200   M    M   5        27 190
25  83  61  72   6   0   7 0.00  0.0    0  9.1 15 190   M    M   4        22 210
26  83  71  77  10   0  12 0.00  0.0    0  9.2 17 170   M    M   6        22 160
27  84  60  72   5   0   7 0.39  0.0    0  8.6 28 150   M    M   1 13     39 140
28  83  56  70   3   0   5 0.00  0.0    0  3.2 10  80   M    M   0        15  60
29  81  66  74   7   0   9 2.18  0.0    0  9.4 33 150   M    M   9 13     45 160
================================================================================
SM 2189 1597        60  75  7.19     0.0 198.2          M      122
================================================================================
AV 75.5 55.1                               6.8 FASTST   M    M   4    MAX(MPH)
                                 MISC ---->  # 33 320               # 49  310
================================================================================
NOTES:
# LAST OF SEVERAL OCCURRENCES

COLUMN 17 PEAK WIND IN M.P.H.

PRELIMINARY LOCAL CLIMATOLOGICAL DATA (WS FORM: F-6) , PAGE 2

                                          STATION:  TEXARKANA
                                          MONTH:    APRIL
                                          YEAR:     2016
                                          LATITUDE:   33 27 N
                                          LONGITUDE:  94  0 W

[TEMPERATURE DATA]      [PRECIPITATION DATA]       SYMBOLS USED IN COLUMN 16

AVERAGE MONTHLY: 65.3   TOTAL FOR MONTH:   7.19    1 = FOG OR MIST
DPTR FM NORMAL:   1.6   DPTR FM NORMAL:    3.40    2 = FOG REDUCING VISIBILITY
HIGHEST:    84 ON 27    GRTST 24HR  2.74 ON 18-19      TO 1/4 MILE OR LESS
LOWEST:     40 ON  3                               3 = THUNDER
                        SNOW, ICE PELLETS, HAIL    4 = ICE PELLETS
                        TOTAL MONTH:   0.0 INCH    5 = HAIL
                        GRTST 24HR     0.0         6 = FREEZING RAIN OR DRIZZLE
                        GRTST DEPTH:   0           7 = DUSTSTORM OR SANDSTORM:
                                                       VSBY 1/2 MILE OR LESS
                                                   8 = SMOKE OR HAZE
[NO. OF DAYS WITH]      [WEATHER - DAYS WITH]      9 = BLOWING SNOW
                                                   X = TORNADO
MAX 32 OR BELOW:   0    0.01 INCH OR MORE:   9
MAX 90 OR ABOVE:   0    0.10 INCH OR MORE:   5
MIN 32 OR BELOW:   0    0.50 INCH OR MORE:   3
MIN  0 OR BELOW:   0    1.00 INCH OR MORE:   3

[HDD (BASE 65) ]
TOTAL THIS MO.    60    CLEAR  (SCALE 0-3)  13
DPTR FM NORMAL   -48    PTCLDY (SCALE 4-7)   9
TOTAL FM JUL 1  1891    CLOUDY (SCALE 8-10)  7
DPTR FM NORMAL  -711

[CDD (BASE 65) ]
TOTAL THIS MO.    75
DPTR FM NORMAL     4    [PRESSURE DATA]
TOTAL FM JAN 1   107    HIGHEST SLP M ON M
DPTR FM NORMAL    13    LOWEST  SLP 29.63 ON M

[REMARKS]
