000
CXUS54 KSHV 211300
CF6TXK
PRELIMINARY LOCAL CLIMATOLOGICAL DATA (WS FORM: F-6)

                                          STATION:   TEXARKANA
                                          MONTH:     OCTOBER
                                          YEAR:      2014
                                          LATITUDE:   33 27 N
                                          LONGITUDE:  94  0 W

  TEMPERATURE IN F:       :PCPN:    SNOW:  WIND      :SUNSHINE: SKY     :PK WND
================================================================================
1   2   3   4   5  6A  6B    7    8   9   10  11  12  13   14  15   16   17  18
                                     12Z  AVG MX 2MIN
DY MAX MIN AVG DEP HDD CDD  WTR  SNW DPTH SPD SPD DIR MIN PSBL S-S WX    SPD DR
================================================================================

 1  90  69  80  11   0  15 0.00  0.0    0  8.2 15 140   M    M   3        18 170
 2  94  65  80  11   0  15 0.56  0.0    0  9.5 40 300   M    M   5 1      58 320
 3  79  54  67  -2   0   2 0.00  0.0    0  9.1 18 310   M    M   0 1      23 300
 4  74  46  60  -8   5   0 0.00  0.0    0  4.0 14 290   M    M   0        17 300
 5  82  53  68   0   0   3 0.00  0.0    0 10.1 21 220   M    M   0        27 220
 6  84  62  73   5   0   8 0.00  0.0    0  7.9 17  40   M    M   1        24  20
 7  89  63  76   9   0  11 0.00  0.0    0  8.8 18 230   M    M   0        22 240
 8  85  70  78  11   0  13 0.00  0.0    0  5.8 12 210   M    M   4 1      15 210
 9  88  69  79  12   0  14 0.00  0.0    0  6.9 13 230   M    M   3        17 220
10  90  70  80  14   0  15 0.00  0.0    0  9.9 21 230   M    M   4 1      26 230
11  75  60  68   2   0   3 0.70  0.0    0  8.0 25 280   M    M  10 13     34 270
12  69  58  64  -2   1   0 0.12  0.0    0  4.5 18 150   M    M  10 128    26 140
13  74  58  66   0   0   1 1.07  0.0    0 13.4 29 260   M    M  10 13     38 260
14  72  55  64  -1   1   0    T  0.0    0 12.9 24 290   M    M   1        35 280
15  76  46  61  -4   4   0 0.00  0.0    0  6.1 16 280   M    M   0 18     23 280
16  85  46  66   1   0   1 0.00  0.0    0  5.4 14 200   M    M   0 18     17 210
17  83  59  71   7   0   6 0.00  0.0    0  4.0 12 210   M    M   0 1      16 200
18  74  52  63  -1   2   0 0.00  0.0    0  5.8 14  50   M    M   1        22  60
19  71  47  59  -5   6   0 0.00  0.0    0  3.9 10  50   M    M   0 1      15 130
20  76  48  62  -1   3   0 0.00  0.0    0  2.0  9 210   M    M   1 1      12 230
================================================================================
SM 1610 1150        22 107  2.45     0.0 146.2          M       53
================================================================================
AV 80.5 57.5                               7.3 FASTST   M    M   3    MAX(MPH)
                                 MISC ---->  # 40 300               # 58  320
================================================================================
NOTES:
# LAST OF SEVERAL OCCURRENCES

COLUMN 17 PEAK WIND IN M.P.H.

PRELIMINARY LOCAL CLIMATOLOGICAL DATA (WS FORM: F-6) , PAGE 2

                                          STATION:  TEXARKANA
                                          MONTH:    OCTOBER
                                          YEAR:     2014
                                          LATITUDE:   33 27 N
                                          LONGITUDE:  94  0 W

[TEMPERATURE DATA]      [PRECIPITATION DATA]       SYMBOLS USED IN COLUMN 16

AVERAGE MONTHLY: 69.0   TOTAL FOR MONTH:   2.45    1 = FOG OR MIST
DPTR FM NORMAL:   2.7   DPTR FM NORMAL:   -0.66    2 = FOG REDUCING VISIBILITY
HIGHEST:    94 ON  2    GRTST 24HR  1.19 ON 12-13      TO 1/4 MILE OR LESS
LOWEST:     46 ON 16,15                            3 = THUNDER
                        SNOW, ICE PELLETS, HAIL    4 = ICE PELLETS
                        TOTAL MONTH:   0.0 INCH    5 = HAIL
                        GRTST 24HR     0.0         6 = FREEZING RAIN OR DRIZZLE
                        GRTST DEPTH:   0           7 = DUSTSTORM OR SANDSTORM:
                                                       VSBY 1/2 MILE OR LESS
                                                   8 = SMOKE OR HAZE
[NO. OF DAYS WITH]      [WEATHER - DAYS WITH]      9 = BLOWING SNOW
                                                   X = TORNADO
MAX 32 OR BELOW:   0    0.01 INCH OR MORE:   4
MAX 90 OR ABOVE:   3    0.10 INCH OR MORE:   4
MIN 32 OR BELOW:   0    0.50 INCH OR MORE:   3
MIN  0 OR BELOW:   0    1.00 INCH OR MORE:   1

[HDD (BASE 65) ]
TOTAL THIS MO.    22    CLEAR  (SCALE 0-3)  13
DPTR FM NORMAL   -26    PTCLDY (SCALE 4-7)   4
TOTAL FM JUL 1    25    CLOUDY (SCALE 8-10)  3
DPTR FM NORMAL   -34

[CDD (BASE 65) ]
TOTAL THIS MO.   107
DPTR FM NORMAL    31    [PRESSURE DATA]
TOTAL FM JAN 1  2104    HIGHEST SLP M ON M
DPTR FM NORMAL   -66    LOWEST  SLP 29.65 ON 13

[REMARKS]
