000
CXUS55 KSEW 280945
CF6UIL

PRELIMINARY LOCAL CLIMATOLOGICAL DATA (WS FORM: F-6)

                                          STATION:   QUILLAYUTE WA AIRPORT
                                          MONTH:     JULY
                                          YEAR:      2014
                                          LATITUDE:   47 57 N
                                          LONGITUDE: 124 33 W

  TEMPERATURE IN F:       :PCPN:    SNOW:  WIND      :SUNSHINE: SKY     :PK WND
================================================================================
1   2   3   4   5  6A  6B    7    8   9   10  11  12  13   14  15   16   17  18
                                     12Z  AVG MX 2MIN
DY MAX MIN AVG DEP HDD CDD  WTR  SNW DPTH SPD SPD DIR MIN PSBL S-S WX    SPD DR
================================================================================

 1  91  50  71  14   0   6 0.00  0.0    0  3.9 16 240   M    M   0        20 270
 2  67  56  62   4   3   0    T  0.0    0  5.2 15 240   M    M   8 1      20 230
 3  66  49  58   0   7   0 0.02    M    0  4.3 14 250   M    M   6 1      20 280
 4  65  44  55  -3  10   0 0.02    M    0  2.7 12 280   M    M   5 1      16 280
 5  66  54  60   2   5   0 0.05  0.0    0  2.5 12 150   M    M  10 1      16 140
 6  66  58  62   4   3   0 0.16  0.0    0  4.4 13 190   M    M  10 1      18 190
 7  70  53  62   4   3   0 0.00  0.0    0  6.9 16 330   M    M   7 1      22 310
 8  70  56  63   5   2   0 0.00  0.0    0  6.3 18 300   M    M   6 1      23 310
 9  65  55  60   2   5   0 0.00  0.0    0  4.6 13 260   M    M   8 1      17 260
10  71  51  61   3   4   0 0.00  0.0    0  4.5 10 260   M    M   5 128    16 220
11  70  49  60   1   5   0 0.00  0.0    0  4.4 13 240   M    M   3 128    15 230
12  70  53  62   3   3   0 0.00  0.0    0  4.3 12 230   M    M   5 128    15 260
13  73  53  63   4   2   0 0.00  0.0    0  5.8 14 210   M    M   6 18     16 210
14  66  54  60   1   5   0 0.00  0.0    0  4.3 13 240   M    M  10 1      16 260
15  71  52  62   3   3   0 0.00  0.0    0  4.6 13 240   M    M   7 12     16 240
16  65  52  59   0   6   0 0.00  0.0    0  4.9 13 230   M    M  10 12     18 170
17  66  48  57  -2   8   0 0.00  0.0    0  4.6 13 270   M    M   7 1      20 230
18  68  47  58  -1   7   0 0.00  0.0    0  3.9 15 280   M    M   8 18     19 280
19  62  56  59   0   6   0 0.29  0.0    0  5.3 12 190   M    M  10 1      18 190
20  62  54  58  -2   7   0 0.04  0.0    0  3.1 10 250   M    M  10 18     13 250
21  67  50  59  -1   6   0    T  0.0    0  3.5 13 270   M    M   7 1      15 230
22  69  47  58  -2   7   0 0.00  0.0    0  4.3 13 250   M    M   6 12     17 230
23  65  56  61   1   4   0 0.23  0.0    0  7.8 17 200   M    M   6 1      26 190
24  64  54  59  -1   6   0 0.01  0.0    0  4.1 16 270   M    M  10 1      20 270
25  69  50  60   0   5   0 0.00  0.0    0  3.8 10 300   M    M   7 1      14 280
26  71  46  59  -1   6   0 0.00  0.0    0  4.4 14 290   M    M   3 12     19 290
27  77  49  63   3   2   0 0.00  0.0    0  6.2 18 330   M    M   2 1      23 320
================================================================================
SM 1852 1396       130   6  0.82     0.0 124.6          M      182
================================================================================
AV 68.6 51.7                               4.6 FASTST   M    M   7    MAX(MPH)
                                 MISC ---->  # 18 300               # 26  190
================================================================================
NOTES:
# LAST OF SEVERAL OCCURRENCES

COLUMN 17 PEAK WIND IN M.P.H.

PRELIMINARY LOCAL CLIMATOLOGICAL DATA (WS FORM: F-6) , PAGE 2

                                          STATION:  QUILLAYUTE WA AIRPORT
                                          MONTH:    JULY
                                          YEAR:     2014
                                          LATITUDE:   47 57 N
                                          LONGITUDE: 124 33 W

[TEMPERATURE DATA]      [PRECIPITATION DATA]       SYMBOLS USED IN COLUMN 16

AVERAGE MONTHLY: 60.1   TOTAL FOR MONTH:   0.82    1 = FOG OR MIST
DPTR FM NORMAL:   1.3   DPTR FM NORMAL:   -0.95    2 = FOG REDUCING VISIBILITY
HIGHEST:    91 ON  1    GRTST 24HR  0.29 ON 19-19      TO 1/4 MILE OR LESS
LOWEST:     44 ON  4                               3 = THUNDER
                        SNOW, ICE PELLETS, HAIL    4 = ICE PELLETS
                        TOTAL MONTH:   0.0 INCH    5 = HAIL
                        GRTST 24HR     0.0         6 = FREEZING RAIN OR DRIZZLE
                        GRTST DEPTH:   0           7 = DUSTSTORM OR SANDSTORM:
                                                       VSBY 1/2 MILE OR LESS
                                                   8 = SMOKE OR HAZE
[NO. OF DAYS WITH]      [WEATHER - DAYS WITH]      9 = BLOWING SNOW
                                                   X = TORNADO
MAX 32 OR BELOW:   0    0.01 INCH OR MORE:   8
MAX 90 OR ABOVE:   1    0.10 INCH OR MORE:   3
MIN 32 OR BELOW:   0    0.50 INCH OR MORE:   0
MIN  0 OR BELOW:   0    1.00 INCH OR MORE:   0

[HDD (BASE 65) ]
TOTAL THIS MO.   130    CLEAR  (SCALE 0-3)   3
DPTR FM NORMAL   -45    PTCLDY (SCALE 4-7)  16
TOTAL FM JUL 1   130    CLOUDY (SCALE 8-10)  8
DPTR FM NORMAL   -45

[CDD (BASE 65) ]
TOTAL THIS MO.     6
DPTR FM NORMAL     6    [PRESSURE DATA]
TOTAL FM JAN 1    10    HIGHEST SLP M ON M
DPTR FM NORMAL     6    LOWEST  SLP 29.77 ON  1

[REMARKS]
