000
CXUS53 KSGF 310800
CF6UNO
PRELIMINARY LOCAL CLIMATOLOGICAL DATA (WS FORM: F-6)

                                          STATION:   WEST PLAINS MO
                                          MONTH:     JULY
                                          YEAR:      2014
                                          LATITUDE:   36 52 N
                                          LONGITUDE:  91 55 W

  TEMPERATURE IN F:       :PCPN:    SNOW:  WIND      :SUNSHINE: SKY     :PK WND
================================================================================
1   2   3   4   5  6A  6B    7    8   9   10  11  12  13   14  15   16   17  18
                                     12Z  AVG MX 2MIN
DY MAX MIN AVG DEP HDD CDD  WTR  SNW DPTH SPD SPD DIR MIN PSBL S-S WX    SPD DR
================================================================================

 1  86  70  78   1   0  13 0.28    M    M  6.2 21 320   M    M   2 138    27 320
 2  80  61  71  -6   0   6 0.00    M    M  7.0 15 320   M    M   0 1      20 310
 3  79  56  68  -9   0   3 0.00    M    M  4.9 14  20   M    M   3        20 350
 4  79  56  68  -9   0   3 0.00    M    M  2.8  9  50   M    M   3        12  70
 5  79  56  68 -10   0   3 0.00    M    M  4.3 10 170   M    M   1 1      14 210
 6  79  64  72  -6   0   7 0.03    M    M  5.9 12 200   M    M   2 18     17 200
 7  87  72  80   2   0  15 0.02    M    M  9.7 18 260   M    M   1 13     25 270
 8  83  66  75  -3   0  10 0.55    M    M  8.2 32 330   M    M   2 13     45 310
 9  83  62  73  -5   0   8 0.00    M    M  2.2 12 310   M    M   1        16 300
10  78  59  69  -9   0   4 0.00    M    M  3.1  8  60   M    M   1        12  30
11  85  65  75  -3   0  10 0.00    M    M  4.9 12 180   M    M   5 1      15 150
12  90  74  82   4   0  17 0.00    M    M  5.9 13 220   M    M   2 1      17 260
13  88  72  80   2   0  15 0.16    M    M  6.5 21 310   M    M   3 13     30 300
14  88  65  77  -1   0  12 0.50  0.0    0  5.2 21 280   M    M   3 13     32 290
15  76  58  67 -11   0   2 0.00  0.0    0  6.8 16 360   M    M   1        21  10
16  75  53  64 -14   1   0 0.00  0.0    0  2.8 12  20   M    M   3        17  30
17  74  53  64 -14   1   0 0.00    M    M  2.7  9 110   M    M   1        14 170
18  75  58  67 -11   0   2 0.00    M    M  3.1 14  50   M    M   5 1      17 110
19  81  54  68 -10   0   3 0.00    M    M  2.1 10  90   M    M   1        15  80
20  81  58  70  -8   0   5 0.00    M    M  2.4  9 180   M    M   2 1      13 170
21  83  59  71  -7   0   6 0.00  0.0    0  2.6 10 130   M    M   1 18     15 150
22  88  62  75  -3   0  10 0.00  0.0    0  3.2 10 170   M    M   1 18     13 160
23  93  67  80   2   0  15 0.08  0.0    0  5.1 23 110   M    M   3 13     31 120
24  82  60  71  -7   0   6 0.00    M    M  5.7 13  30   M    M   1        16  70
25  85  61  73  -5   0   8 0.00    M    M  6.6 14 150   M    M   1        18 160
26  93  69  81   3   0  16 0.00    M    M  9.0 18 250   M    M   0 18     24 260
27  93  72  83   5   0  18 0.00    M    M  7.9 15 300   M    M   1        20 300
28  84  62  73  -5   0   8 0.00    M    M  7.2 15 320   M    M   1        19 320
29  82  55  69  -9   0   4 0.00    M    M  3.6 10 330   M    M   2        15 340
30  74  58  66 -12   0   1 0.01    M    M  3.1 10 230   M    M   7 1      12 220
================================================================================
SM 2483 1857         2 230  1.63     0.0 150.7          M       60
================================================================================
AV 82.8 61.9                               5.0 FASTST   M    M   2    MAX(MPH)
                                 MISC ---->  # 32 330               # 45  310
================================================================================
NOTES:
# LAST OF SEVERAL OCCURRENCES

COLUMN 17 PEAK WIND IN M.P.H.

PRELIMINARY LOCAL CLIMATOLOGICAL DATA (WS FORM: F-6) , PAGE 2

                                          STATION:  WEST PLAINS MO
                                          MONTH:    JULY
                                          YEAR:     2014
                                          LATITUDE:   36 52 N
                                          LONGITUDE:  91 55 W

[TEMPERATURE DATA]      [PRECIPITATION DATA]       SYMBOLS USED IN COLUMN 16

AVERAGE MONTHLY: 72.3   TOTAL FOR MONTH:   1.63    1 = FOG OR MIST
DPTR FM NORMAL:  -5.5   DPTR FM NORMAL:   -1.83    2 = FOG REDUCING VISIBILITY
HIGHEST:    93 ON 27,26 GRTST 24HR  0.66 ON 13-14      TO 1/4 MILE OR LESS
LOWEST:     53 ON 17,16                            3 = THUNDER
                        SNOW, ICE PELLETS, HAIL    4 = ICE PELLETS
                        TOTAL MONTH:   0.0 INCH    5 = HAIL
                        GRTST 24HR     0.0         6 = FREEZING RAIN OR DRIZZLE
                        GRTST DEPTH:   0           7 = DUSTSTORM OR SANDSTORM:
                                                       VSBY 1/2 MILE OR LESS
                                                   8 = SMOKE OR HAZE
[NO. OF DAYS WITH]      [WEATHER - DAYS WITH]      9 = BLOWING SNOW
                                                   X = TORNADO
MAX 32 OR BELOW:   0    0.01 INCH OR MORE:   8
MAX 90 OR ABOVE:   4    0.10 INCH OR MORE:   4
MIN 32 OR BELOW:   0    0.50 INCH OR MORE:   2
MIN  0 OR BELOW:   0    1.00 INCH OR MORE:   0

[HDD (BASE 65) ]
TOTAL THIS MO.     2    CLEAR  (SCALE 0-3)  27
DPTR FM NORMAL     2    PTCLDY (SCALE 4-7)   3
TOTAL FM JUL 1     2    CLOUDY (SCALE 8-10)  0
DPTR FM NORMAL     2

[CDD (BASE 65) ]
TOTAL THIS MO.   230
DPTR FM NORMAL  -156    [PRESSURE DATA]
TOTAL FM JAN 1   645    HIGHEST SLP M ON M
DPTR FM NORMAL  -129    LOWEST  SLP 29.76 ON  7

[REMARKS]
