000
CXUS53 KSGF 310800
CF6UNO
PRELIMINARY LOCAL CLIMATOLOGICAL DATA (WS FORM: F-6)

                                          STATION:   WEST PLAINS MO
                                          MONTH:     OCTOBER
                                          YEAR:      2014
                                          LATITUDE:   36 52 N
                                          LONGITUDE:  91 55 W

  TEMPERATURE IN F:       :PCPN:    SNOW:  WIND      :SUNSHINE: SKY     :PK WND
================================================================================
1   2   3   4   5  6A  6B    7    8   9   10  11  12  13   14  15   16   17  18
                                     12Z  AVG MX 2MIN
DY MAX MIN AVG DEP HDD CDD  WTR  SNW DPTH SPD SPD DIR MIN PSBL S-S WX    SPD DR
================================================================================

 1  85  54  70   8   0   5 0.00    M    M  7.0 18 170   M    M   2        24 160
 2  85  63  74  12   0   9 1.40    M    M  8.3 29 220   M    M   6 13     48 210
 3  68  39  54  -8  11   0 0.00    M    M 10.5 23 300   M    M   4        33 280
 4  61  37  49 -12  16   0 0.00    M    M  8.6 23 310   M    M   0        35 320
 5  77  41  59  -2   6   0 0.00    M    M  6.2 18 260   M    M   2        25 260
 6  74  53  64   4   1   0 0.00    M    M  6.8 16 230   M    M   2 3      22 220
 7  84  56  70  10   0   5 0.12    M    M  5.8 31  50   M    M   2 13     41  20
 8  78  51  65   5   0   0 0.22    M    M   M   M   M   M    M   2 3       M  M
 9  81  59  70  11   0   5 0.76    M    M  5.5 24 360   M    M   6 123    32 360
10  63  52  58  -1   7   0 3.28    M    M  8.1 16  30   M    M  10 13     22 100
11  53  48  51  -8  14   0 0.21    M    M  8.1 15  30   M    M  10 1      19  20
12  65  52  59   1   6   0 0.02    M    M  7.3 14 180   M    M  10 1      19 170
13  68  54  61   3   4   0 0.94    M    M 11.4 30 220   M    M   8 13     40 230
14  57  52  55  -3  10   0 0.13    M    M 10.1 21 310   M    M  10 1      28 300
15  68  46  57  -1   8   0 0.00    M    M  9.4 18 300   M    M   2        28 280
16  72  41  57   0   8   0 0.00    M    M  5.9 13 180   M    M   0        16 180
17  76  50  63   6   2   0 0.00    M    M  6.1 17 280   M    M   0        23 300
18  65  41  53  -4  12   0 0.00    M    M  5.3 15 340   M    M   0        20 340
19  63  37  50  -6  15   0 0.00    M    M  3.5 12 200   M    M   0        14 150
20  75  50  63   7   2   0    T    M    M  5.3 13 310   M    M   5 18     20 300
21  74  42  58   2   7   0 0.00    M    M  2.3  8  60   M    M   0        13 350
22  66  40  53  -3  12   0 0.00    M    M  3.8 12 110   M    M   0        16 100
23  58  37  48  -7  17   0    T    M    M  2.0  8 150   M    M   3        17 130
24  73  43  58   3   7   0 0.00    M    M  3.8  9 220   M    M   3 1      13 220
25  82  58  70  15   0   5 0.00    M    M  4.1 10 270   M    M   0 18     15 250
26  82  55  69  15   0   4 0.00    M    M  5.8 15 170   M    M   1 12     21 190
27  75  61  68  14   0   3 0.00  0.0    0 10.4 20 190   M    M   1        28 180
28  70  44  57   3   8   0 0.21    M    0  7.2 18  20   M    M   5 138    25 340
29  66  38  52  -1  13   0 0.00  0.0    0  3.7 16 310   M    M   0        21  10
30  62  36  49  -4  16   0    T    M    M  3.5 12 180   M    M   2        16 120
================================================================================
SM 2126 1430       202  36  7.29     0.0 185.8          M       96
================================================================================
AV 70.9 47.7                               6.4 FASTST   M    M   3    MAX(MPH)
                                 MISC ---->  # 31  50               # 48  210
================================================================================
NOTES:
# LAST OF SEVERAL OCCURRENCES

COLUMN 17 PEAK WIND IN M.P.H.

PRELIMINARY LOCAL CLIMATOLOGICAL DATA (WS FORM: F-6) , PAGE 2

                                          STATION:  WEST PLAINS MO
                                          MONTH:    OCTOBER
                                          YEAR:     2014
                                          LATITUDE:   36 52 N
                                          LONGITUDE:  91 55 W

[TEMPERATURE DATA]      [PRECIPITATION DATA]       SYMBOLS USED IN COLUMN 16

AVERAGE MONTHLY: 59.3   TOTAL FOR MONTH:   7.29    1 = FOG OR MIST
DPTR FM NORMAL:   1.8   DPTR FM NORMAL:    3.57    2 = FOG REDUCING VISIBILITY
HIGHEST:    85 ON  2, 1 GRTST 24HR  4.04 ON  9-10      TO 1/4 MILE OR LESS
LOWEST:     36 ON 30                               3 = THUNDER
                        SNOW, ICE PELLETS, HAIL    4 = ICE PELLETS
                        TOTAL MONTH:   0.0 INCH    5 = HAIL
                        GRTST 24HR     0.0         6 = FREEZING RAIN OR DRIZZLE
                        GRTST DEPTH:   0           7 = DUSTSTORM OR SANDSTORM:
                                                       VSBY 1/2 MILE OR LESS
                                                   8 = SMOKE OR HAZE
[NO. OF DAYS WITH]      [WEATHER - DAYS WITH]      9 = BLOWING SNOW
                                                   X = TORNADO
MAX 32 OR BELOW:   0    0.01 INCH OR MORE:  10
MAX 90 OR ABOVE:   0    0.10 INCH OR MORE:   9
MIN 32 OR BELOW:   0    0.50 INCH OR MORE:   4
MIN  0 OR BELOW:   0    1.00 INCH OR MORE:   2

[HDD (BASE 65) ]
TOTAL THIS MO.   202    CLEAR  (SCALE 0-3)  20
DPTR FM NORMAL   -48    PTCLDY (SCALE 4-7)   5
TOTAL FM JUL 1   248    CLOUDY (SCALE 8-10)  5
DPTR FM NORMAL   -44

[CDD (BASE 65) ]
TOTAL THIS MO.    36
DPTR FM NORMAL    16    [PRESSURE DATA]
TOTAL FM JAN 1  1231    HIGHEST SLP M ON M
DPTR FM NORMAL  -117    LOWEST  SLP 29.43 ON 13

[REMARKS]
