000
CXUS53 KUNR 290945
CF6UNR
PRELIMINARY LOCAL CLIMATOLOGICAL DATA (WS FORM: F-6)

                                          STATION:   EAST RAPID CITY SD
                                          MONTH:     APRIL
                                          YEAR:      2016
                                          LATITUDE:   44  4 N
                                          LONGITUDE: 103 13 W

  TEMPERATURE IN F:       :PCPN:    SNOW:  WIND      :SUNSHINE: SKY     :PK WND
================================================================================
1   2   3   4   5  6A  6B    7    8   9   10  11  12  13   14  15   16   17  18
                                     12Z  AVG MX 2MIN
DY MAX MIN AVG DEP HDD CDD  WTR  SNW DPTH SPD SPD DIR MIN PSBL S-S WX    SPD DR
================================================================================

 1  50  24  37  -3  28   0    T    T    1 12.3 23 330   M    M   M        32  10
 2  66  41  54  14  11   0 0.00  0.0    0  8.1 22  10   M    M   M        30  20
 3  67  47  57  16   8   0    T  0.0    0 13.7 33 330   M    M   M        51 340
 4  68  36  52  11  13   0 0.00  0.0    0  9.8 21 140   M    M   M        29 160
 5  61  42  52  11  13   0    T  0.0    0 18.2 49 330   M    M   M        75 330
 6  61  42  52  10  13   0 0.01  0.0    0 19.8 39 320   M    M   M        53 330
 7  55  40  48   6  17   0 0.00  0.0    0 18.8 34 330   M    M   M        55 340
 8  56  35  46   4  19   0 0.00  0.0    0  7.8 20 140   M    M   M        29 160
 9  80  34  57  15   8   0 0.00  0.0    0 14.3 28  10   M    M   M        39 360
10  55  35  45   2  20   0 0.01  0.0    0 14.3 24  10   M    M   M        33 360
11  53  28  41  -2  24   0 0.00  0.0    0  8.2 17 120   M    M   M        29 140
12  76  32  54  10  11   0 0.00  0.0    0  7.0 22  10   M    M   M        29  10
13  80  50  65  21   0   0 0.01  0.0    0 11.0 26 160   M    M   M        39 160
14  76  50  63  19   2   0 0.11  0.0    0 10.2 29 150   M    M   M 3      38 150
15  58  42  50   5  15   0 0.01  0.0    0 12.9 25 330   M    M   M        36 360
16  43  34  39  -6  26   0 0.05    T    0 19.8 29 360   M    M   M        43 340
17  37  31  34 -11  31   0 0.13  1.2    T 15.8 28 350   M    M   M        40 350
18  36  32  34 -12  31   0 0.09    T    0  8.5 17 360   M    M   M        23  10
19  55  34  45  -1  20   0 0.00  0.0    0  6.1 15  10   M    M   M        20 350
20  60  39  50   4  15   0 0.00  0.0    0  7.7 20 360   M    M   M        25 360
21  65  47  56   9   9   0 0.00  0.0    0  9.9 21 360   M    M   M        28  10
22  81  39  60  13   5   0 0.00  0.0    0 14.0 25 150   M    M   M        37 150
23  81  52  67  19   0   2 0.00  0.0    0  9.3 17 280   M    M   M        25 160
24  63  42  53   5  12   0 0.00  0.0    0 13.5 26 360   M    M   M 1      40 360
25  51  37  44  -4  21   0 0.00  0.0    0  9.8 23  10   M    M   M        28  20
26  38  31  35 -14  30   0 0.54  1.8    T  9.7 16 360   M    M   M 1      21 330
27  36  30  33 -16  32   0 0.22  0.8    0 15.4 28 340   M    M   M 1      40 340
28  39  30  35 -15  30   0    T    T    T  9.1 16  10   M    M   M 1      20  10
================================================================================
SM 1647 1056       464   2  1.18     3.8 335.0          M        M
================================================================================
AV 58.8 37.7                              12.0 FASTST   M    M   4    MAX(MPH)
                                 MISC ---->  # 49 330               # 75  330
================================================================================
NOTES:
# LAST OF SEVERAL OCCURRENCES

COLUMN 17 PEAK WIND IN M.P.H.

PRELIMINARY LOCAL CLIMATOLOGICAL DATA (WS FORM: F-6) , PAGE 2

                                          STATION:  EAST RAPID CITY SD
                                          MONTH:    APRIL
                                          YEAR:     2016
                                          LATITUDE:   44  4 N
                                          LONGITUDE: 103 13 W

[TEMPERATURE DATA]      [PRECIPITATION DATA]       SYMBOLS USED IN COLUMN 16

AVERAGE MONTHLY: 48.3   TOTAL FOR MONTH:   1.18    1 = FOG OR MIST
DPTR FM NORMAL:   3.7   DPTR FM NORMAL:   -0.72    2 = FOG REDUCING VISIBILITY
HIGHEST:    81 ON 23,22 GRTST 24HR  0.54 ON 26-26      TO 1/4 MILE OR LESS
LOWEST:     24 ON  1                               3 = THUNDER
                        SNOW, ICE PELLETS, HAIL    4 = ICE PELLETS
                        TOTAL MONTH:   3.8 INCHES  5 = HAIL
                        GRTST 24HR   1.8 ON   M    6 = FREEZING RAIN OR DRIZZLE
                        GRTST DEPTH:   1 ON  1     7 = DUSTSTORM OR SANDSTORM:
                                                       VSBY 1/2 MILE OR LESS
                                                   8 = SMOKE OR HAZE
[NO. OF DAYS WITH]      [WEATHER - DAYS WITH]      9 = BLOWING SNOW
                                                   X = TORNADO
MAX 32 OR BELOW:   0    0.01 INCH OR MORE:  10
MAX 90 OR ABOVE:   0    0.10 INCH OR MORE:   4
MIN 32 OR BELOW:   8    0.50 INCH OR MORE:   1
MIN  0 OR BELOW:   0    1.00 INCH OR MORE:   0

[HDD (BASE 65) ]
TOTAL THIS MO.   464    CLEAR  (SCALE 0-3)   0
DPTR FM NORMAL  -110    PTCLDY (SCALE 4-7)   0
TOTAL FM JUL 1  5398    CLOUDY (SCALE 8-10)  0
DPTR FM NORMAL -1038

[CDD (BASE 65) ]
TOTAL THIS MO.     2
DPTR FM NORMAL     2    [PRESSURE DATA]
TOTAL FM JAN 1     2    HIGHEST SLP M ON M
DPTR FM NORMAL     2    LOWEST  SLP 29.12 ON 24

[REMARKS]
