000
CXUS54 KHGX 301415
CF6UTS
PRELIMINARY LOCAL CLIMATOLOGICAL DATA (WS FORM: F-6)

                                          STATION:   HUNTSVILLE_(ASOS)
                                          MONTH:     AUGUST
                                          YEAR:      2015
                                          LATITUDE:   30 45 N
                                          LONGITUDE:  95 35 W

  TEMPERATURE IN F:       :PCPN:    SNOW:  WIND      :SUNSHINE: SKY     :PK WND
================================================================================
1   2   3   4   5  6A  6B    7    8   9   10  11  12  13   14  15   16   17  18
                                     12Z  AVG MX 2MIN
DY MAX MIN AVG DEP HDD CDD  WTR  SNW DPTH SPD SPD DIR MIN PSBL S-S WX    SPD DR
================================================================================

 1  97  68  83  -2   0  18 0.00  0.0    0  2.6  9  70   M    M   0        17  50
 2  98  68  83  -2   0  18 0.00  0.0    0  1.5  7 190   M    M   0        12 140
 3  98  71  85   0   0  20 0.00  0.0    0  3.6  9 190   M    M   1        14 160
 4  98  76  87   2   0  22 0.00  0.0    0  6.5 15 190   M    M   1        19 190
 5  99  78  89   4   0  24 0.00  0.0    0  8.8 16 190   M    M   2        21 200
 6  99  78  89   4   0  24 0.00  0.0    0  9.2 17 200   M    M   1        25 200
 7  99  79  89   4   0  24 0.00  0.0    0  8.0 16 220   M    M   3        22 200
 8  99  77  88   3   0  23 0.00  0.0    0  7.0 16 240   M    M   1        21 220
 9 102  76  89   4   0  24 0.00  0.0    0  5.5 13 270   M    M   0        16 200
10 105  77  91   6   0  26 0.00  0.0    0  4.7 12 250   M    M   0        14 250
11 104  77  91   6   0  26 0.02  0.0    0  4.9 16 110   M    M   0 3      26 130
12 102  74  88   3   0  23 0.04  0.0    0  2.2 15 230   M    M   1 3      32 210
13  99  77  88   3   0  23 0.00  0.0    0  3.0  8  80   M    M   1        13  80
14  99  74  87   2   0  22 0.00  0.0    0  1.4  9 360   M    M   1        14 330
15  98  70  84  -1   0  19 0.00  0.0    0  2.7  9 360   M    M   1 3      16 170
16  97  72  85   0   0  20 0.00  0.0    0  2.3 10 170   M    M   1 3      14 170
17  94  72  83  -2   0  18    T  0.0    0  2.0 12 230   M    M   1        16 160
18  97  76  87   2   0  22    T  0.0    0  8.7 17 190   M    M   1        23 190
19  94  77  86   1   0  21    T  0.0    0  5.9 14 150   M    M   1 3      23 220
20  80  74  77  -7   0  12    T  0.0    0  3.7 14 190   M    M   4        21 220
21  86  73  80  -4   0  15 0.13  0.0    0  2.6 13 180   M    M   2 13     17 180
22  97  77  87   3   0  22    T  0.0    0  7.1 22 180   M    M   2 3      28 180
23  98  77  88   4   0  23 0.00  0.0    0  5.3 12 190   M    M   3        16 220
24  98  78  88   4   0  23 0.00  0.0    0  4.1  9 220   M    M   2        16 200
25  94  73  84   0   0  19 0.06  0.0    0  3.8 13  70   M    M   1 3      23  70
26  95  69  82  -2   0  17 0.00  0.0    0  1.7  8  30   M    M   2        14 350
27  95  66  81  -2   0  16 0.00  0.0    0  1.4  9 350   M    M   0        14 360
28  96  68  82  -1   0  17 0.00  0.0    0  3.6 12 180   M    M   0        15 180
29  94  72  83   0   0  18 0.00  0.0    0  4.6 10 200   M    M   0        15 200
================================================================================
SM 2811 2144         0 599  0.25     0.0 128.4          M       33
================================================================================
AV 96.9 73.9                               4.4 FASTST   M    M   1    MAX(MPH)
                                 MISC ---->  # 22 180               # 32  210
================================================================================
NOTES:
# LAST OF SEVERAL OCCURRENCES

COLUMN 17 PEAK WIND IN M.P.H.

PRELIMINARY LOCAL CLIMATOLOGICAL DATA (WS FORM: F-6) , PAGE 2

                                          STATION:  HUNTSVILLE_(ASOS)
                                          MONTH:    AUGUST
                                          YEAR:     2015
                                          LATITUDE:   30 45 N
                                          LONGITUDE:  95 35 W

[TEMPERATURE DATA]      [PRECIPITATION DATA]       SYMBOLS USED IN COLUMN 16

AVERAGE MONTHLY: 85.4   TOTAL FOR MONTH:   0.25    1 = FOG OR MIST
DPTR FM NORMAL:   0.9   DPTR FM NORMAL:   -2.75    2 = FOG REDUCING VISIBILITY
HIGHEST:   105 ON 10    GRTST 24HR  0.13 ON 21-21      TO 1/4 MILE OR LESS
LOWEST:     66 ON 27                               3 = THUNDER
                        SNOW, ICE PELLETS, HAIL    4 = ICE PELLETS
                        TOTAL MONTH:   0.0 INCH    5 = HAIL
                        GRTST 24HR     0.0         6 = FREEZING RAIN OR DRIZZLE
                        GRTST DEPTH:   0           7 = DUSTSTORM OR SANDSTORM:
                                                       VSBY 1/2 MILE OR LESS
                                                   8 = SMOKE OR HAZE
[NO. OF DAYS WITH]      [WEATHER - DAYS WITH]      9 = BLOWING SNOW
                                                   X = TORNADO
MAX 32 OR BELOW:   0    0.01 INCH OR MORE:   4
MAX 90 OR ABOVE:  27    0.10 INCH OR MORE:   1
MIN 32 OR BELOW:   0    0.50 INCH OR MORE:   0
MIN  0 OR BELOW:   0    1.00 INCH OR MORE:   0

[HDD (BASE 65) ]
TOTAL THIS MO.     0    CLEAR  (SCALE 0-3)  28
DPTR FM NORMAL     0    PTCLDY (SCALE 4-7)   1
TOTAL FM JUL 1     0    CLOUDY (SCALE 8-10)  0
DPTR FM NORMAL     0

[CDD (BASE 65) ]
TOTAL THIS MO.   599
DPTR FM NORMAL    31    [PRESSURE DATA]
TOTAL FM JAN 1  2323    HIGHEST SLP M ON M
DPTR FM NORMAL    95    LOWEST  SLP 29.76 ON 18

[REMARKS]
