000
CXUS55 KGJT 181000
CF6VEL
PRELIMINARY LOCAL CLIMATOLOGICAL DATA (WS FORM: F-6)

                                          STATION:   VERNAL UT
                                          MONTH:     OCTOBER
                                          YEAR:      2017
                                          LATITUDE:   40 27 N
                                          LONGITUDE: 109 31 W

  TEMPERATURE IN F:       :PCPN:    SNOW:  WIND      :SUNSHINE: SKY     :PK WND
================================================================================
1   2   3   4   5  6A  6B    7    8   9   10  11  12  13   14  15   16   17  18
                                     12Z  AVG MX 2MIN
DY MAX MIN AVG DEP HDD CDD  WTR  SNW DPTH SPD SPD DIR MIN PSBL S-S WX    SPD DR
================================================================================

 1  58  42  50  -4  15   0    T    M    M  5.8 21  60   M    M   6        25  70
 2  48  33  41 -13  24   0 0.10    M    M  3.4 15 350   M    M   7 1      18 350
 3  57  29  43 -10  22   0 0.00    M    M  4.3 10 320   M    M   1        16  90
 4  71  32  52  -1  13   0 0.00    M    M  3.6 13 240   M    M   0 8      15 230
 5  69  36  53   1  12   0 0.00    M    M  4.0 12 290   M    M   0        14 280
 6  65  34  50  -2  15   0 0.00    M    M  2.7 13 230   M    M   0 8      16 110
 7  68  32  50  -2  15   0 0.00    M    M  3.7  9 290   M    M   0 8      12 200
 8  72  37  55   4  10   0    T    M    M  8.2 26  10   M    M   4 8      35  10
 9  53  29  41 -10  24   0 0.00    M    M 14.9 32  20   M    M   2        41  10
10  56  24  40 -10  25   0 0.00    M    M  4.3 12 160   M    M   0 8      15 160
11  66  28  47  -3  18   0 0.00    M    M  4.0 16 220   M    M   0        22 210
12  68  35  52   2  13   0 0.00    M    M  6.5 21 270   M    M   0        26 240
13  65  29  47  -2  18   0 0.00    M    M  4.6 12 180   M    M   0        14 170
14  53  29  41  -8  24   0 0.00    M    M  8.1 23 330   M    M   0        30 340
15  59  23  41  -8  24   0 0.00    M    M  3.0  9 290   M    M   0        10 290
16  64  24  44  -4  21   0 0.00    M    M  3.4 10 280   M    M   0        11 290
17  67  27  47  -1  18   0 0.00    M    M  3.0  8 290   M    M   0        12 160
================================================================================
SM 1059  523       311   0  0.10    M     87.5          M       20
================================================================================
AV 62.3 30.8                               5.1 FASTST   M    M   1    MAX(MPH)
                                 MISC ---->  # 32  20               # 41   10
================================================================================
NOTES:
# LAST OF SEVERAL OCCURRENCES

COLUMN 17 PEAK WIND IN M.P.H.

PRELIMINARY LOCAL CLIMATOLOGICAL DATA (WS FORM: F-6) , PAGE 2

                                          STATION:  VERNAL UT
                                          MONTH:    OCTOBER
                                          YEAR:     2017
                                          LATITUDE:   40 27 N
                                          LONGITUDE: 109 31 W

[TEMPERATURE DATA]      [PRECIPITATION DATA]       SYMBOLS USED IN COLUMN 16

AVERAGE MONTHLY: 46.5   TOTAL FOR MONTH:   0.10    1 = FOG OR MIST
DPTR FM NORMAL:  -4.4   DPTR FM NORMAL:   -0.71    2 = FOG REDUCING VISIBILITY
HIGHEST:    72 ON  8    GRTST 24HR  0.10 ON  2- 2      TO 1/4 MILE OR LESS
LOWEST:     23 ON 15                               3 = THUNDER
                        SNOW, ICE PELLETS, HAIL    4 = ICE PELLETS
                        TOTAL MONTH:    M          5 = HAIL
                        GRTST 24HR    M  ON   M    6 = FREEZING RAIN OR DRIZZLE
                        GRTST DEPTH:  M  ON   M    7 = DUSTSTORM OR SANDSTORM:
                                                       VSBY 1/2 MILE OR LESS
                                                   8 = SMOKE OR HAZE
[NO. OF DAYS WITH]      [WEATHER - DAYS WITH]      9 = BLOWING SNOW
                                                   X = TORNADO
MAX 32 OR BELOW:   0    0.01 INCH OR MORE:   1
MAX 90 OR ABOVE:   0    0.10 INCH OR MORE:   1
MIN 32 OR BELOW:  11    0.50 INCH OR MORE:   0
MIN  0 OR BELOW:   0    1.00 INCH OR MORE:   0

[HDD (BASE 65) ]
TOTAL THIS MO.   311    CLEAR  (SCALE 0-3)  14
DPTR FM NORMAL    71    PTCLDY (SCALE 4-7)   3
TOTAL FM JUL 1   469    CLOUDY (SCALE 8-10)  0
DPTR FM NORMAL    47

[CDD (BASE 65) ]
TOTAL THIS MO.     0
DPTR FM NORMAL     0    [PRESSURE DATA]
TOTAL FM JAN 1   891    HIGHEST SLP M ON M
DPTR FM NORMAL   380    LOWEST  SLP 29.44 ON  8

[REMARKS]
