000
CXUS53 KSGF 290800
CF6VIH
PRELIMINARY LOCAL CLIMATOLOGICAL DATA (WS FORM: F-6)

                                          STATION:   VICHY-ROLLA MO
                                          MONTH:     JUNE
                                          YEAR:      2015
                                          LATITUDE:   38  7 N
                                          LONGITUDE:  91 46 W

  TEMPERATURE IN F:       :PCPN:    SNOW:  WIND      :SUNSHINE: SKY     :PK WND
================================================================================
1   2   3   4   5  6A  6B    7    8   9   10  11  12  13   14  15   16   17  18
                                     12Z  AVG MX 2MIN
DY MAX MIN AVG DEP HDD CDD  WTR  SNW DPTH SPD SPD DIR MIN PSBL S-S WX    SPD DR
================================================================================

 1  60  53  57 -11   8   0 0.00  0.0    0  4.8  9  60   M    M  10 1      15  20
 2  66  55  61  -8   4   0 0.00  0.0    0  4.0 10 130   M    M   8 1      17 230
 3  70  54  62  -7   3   0 0.03  0.0    0  6.5 18 120   M    M   6 12     23 120
 4  80  64  72   3   0   7 0.00  0.0    0  7.2 14 190   M    M   5 13     16 210
 5  81  63  72   2   0   7 0.51    M    M  5.2 33 290   M    M   4 13     55 300
 6  82  62  72   2   0   7 0.00    M    M  3.6 12  80   M    M   4 12     14  80
 7  87  69  78   8   0  13 0.00    M    M 11.3 18 210   M    M   1        24 240
 8  83  65  74   4   0   9 0.17    M    M  7.7 20 220   M    M   3 13     27 220
 9  87  61  74   3   0   9 0.00    M    M  6.0 13 270   M    M   0        15 280
10  89  64  77   6   0  12 0.00    M    M  8.3 14 220   M    M   0        17 220
11  87  69  78   7   0  13 0.01    M    M 10.6 17 170   M    M   0        21 160
12  87  67  77   5   0  12 0.75    M    M 11.1 24 260   M    M   3 13     35 280
13  85  66  76   4   0  11 0.12    M    M  9.7 20 190   M    M   3 13     26 190
14  83  70  77   5   0  12 0.28    M    M  9.2 17 180   M    M   4 13     21 190
15  85  70  78   6   0  13 0.25    M    M  9.5 28 250   M    M   3 13     34 250
16  83  70  77   4   0  12 0.84    M    M  5.0  8 190   M    M   7 13      M  M
17  78  69  74   1   0   9 0.21    M    M  7.2 15 220   M    M   7 1      19 180
18  78  70  74   1   0   9 1.38    M    M  6.6 17 180   M    M   7 13     21 180
19  74  67  71  -3   0   6 1.29    M    M 10.8 18 340   M    M  10 13     25  40
20  88  62  75   1   0  10 0.00    M    M  8.0 20 200   M    M   5 12     25 200
21  86  72  79   5   0  14 0.00    M    M  9.5 20 230   M    M   3        24 230
22  88  71  80   6   0  15 0.00    M    M 11.8 21 220   M    M   2        27 200
23  81  67  74   0   0   9 0.17    M    M  7.0 24 300   M    M   7 123    31 310
24  89  65  77   2   0  12 0.00    M    M  6.8 13 200   M    M   2 1      16 170
25  90  69  80   5   0  15 0.97  0.0    0  9.6 28  10   M    M   2 13     38  10
26  78  65  72  -3   0   7 0.42    M    M  8.1 22 290   M    M   5 13     29 290
27  78  61  70  -5   0   5 0.00    M    M  6.9 13 360   M    M   5 1      18 330
28  82  60  71  -5   0   6 0.03    M    M  9.8 22 220   M    M   1 13     28  20
================================================================================
SM 2285 1820        15 254  7.43     0.0 221.8          M      117
================================================================================
AV 81.6 65.0                               7.9 FASTST   M    M   4    MAX(MPH)
                                 MISC ---->  # 33 290               # 55  300
================================================================================
NOTES:
# LAST OF SEVERAL OCCURRENCES

COLUMN 17 PEAK WIND IN M.P.H.

PRELIMINARY LOCAL CLIMATOLOGICAL DATA (WS FORM: F-6) , PAGE 2

                                          STATION:  VICHY-ROLLA MO
                                          MONTH:    JUNE
                                          YEAR:     2015
                                          LATITUDE:   38  7 N
                                          LONGITUDE:  91 46 W

[TEMPERATURE DATA]      [PRECIPITATION DATA]       SYMBOLS USED IN COLUMN 16

AVERAGE MONTHLY: 73.3   TOTAL FOR MONTH:   7.43    1 = FOG OR MIST
DPTR FM NORMAL:   1.1   DPTR FM NORMAL:    3.07    2 = FOG REDUCING VISIBILITY
HIGHEST:    90 ON 25    GRTST 24HR  2.28 ON 18-19      TO 1/4 MILE OR LESS
LOWEST:     53 ON  1                               3 = THUNDER
                        SNOW, ICE PELLETS, HAIL    4 = ICE PELLETS
                        TOTAL MONTH:   0.0 INCH    5 = HAIL
                        GRTST 24HR     0.0         6 = FREEZING RAIN OR DRIZZLE
                        GRTST DEPTH:   0           7 = DUSTSTORM OR SANDSTORM:
                                                       VSBY 1/2 MILE OR LESS
                                                   8 = SMOKE OR HAZE
[NO. OF DAYS WITH]      [WEATHER - DAYS WITH]      9 = BLOWING SNOW
                                                   X = TORNADO
MAX 32 OR BELOW:   0    0.01 INCH OR MORE:  16
MAX 90 OR ABOVE:   1    0.10 INCH OR MORE:  13
MIN 32 OR BELOW:   0    0.50 INCH OR MORE:   6
MIN  0 OR BELOW:   0    1.00 INCH OR MORE:   2

[HDD (BASE 65) ]
TOTAL THIS MO.    15    CLEAR  (SCALE 0-3)  13
DPTR FM NORMAL     3    PTCLDY (SCALE 4-7)  12
TOTAL FM JUL 1  5058    CLOUDY (SCALE 8-10)  3
DPTR FM NORMAL   212

[CDD (BASE 65) ]
TOTAL THIS MO.   254
DPTR FM NORMAL    41    [PRESSURE DATA]
TOTAL FM JAN 1   361    HIGHEST SLP 30.10 ON 27
DPTR FM NORMAL    41    LOWEST  SLP 29.71 ON 11

[REMARKS]
