556
CXUS53 KSGF 290800
CF6VIH
PRELIMINARY LOCAL CLIMATOLOGICAL DATA (WS FORM: F-6)

                                          STATION:   VICHY-ROLLA MO
                                          MONTH:     JUNE
                                          YEAR:      2017
                                          LATITUDE:   38  7 N
                                          LONGITUDE:  91 46 W

  TEMPERATURE IN F:       :PCPN:    SNOW:  WIND      :SUNSHINE: SKY     :PK WND
================================================================================
1   2   3   4   5  6A  6B    7    8   9   10  11  12  13   14  15   16   17  18
                                     12Z  AVG MX 2MIN
DY MAX MIN AVG DEP HDD CDD  WTR  SNW DPTH SPD SPD DIR MIN PSBL S-S WX    SPD DR
================================================================================

 1  80  54  67  -1   0   2    T    M    M  2.4 10 260   M    M   2 1      13 250
 2  85  57  71   2   0   6 0.00    M    M  3.7  9 150   M    M   1 3      12 160
 3  82  61  72   3   0   7 0.68    M    M  5.7 24 170   M    M   0 13     28 170
 4  83  65  74   5   0   9 0.11    M    M  2.9 17 160   M    M   5 1      21 160
 5  87  65  76   6   0  11 0.05    M    M  2.0 22 340   M    M   5 12     29 350
 6  78  59  69  -1   0   4 0.00    M    M  9.1 15  20   M    M   0        27  10
 7  78  53  66  -4   0   1 0.00    M    M  6.3 14  40   M    M   0        18  20
 8  78  50  64  -6   1   0 0.00    M    M  4.0  9 250   M    M   0        12 150
 9  80  53  67  -4   0   2 0.00    M    M  8.7 14 200   M    M   0        18 210
10  82  60  71   0   0   6 0.00    M    M 12.6 22 170   M    M   0        28 170
11  86  67  77   6   0  12 0.00    M    M 14.0 22 190   M    M   1        28 190
12  90  69  80   8   0  15 0.00    M    M 10.6 17 170   M    M   1        22 170
13  89  72  81   9   0  16 0.00    M    M 11.6 20 190   M    M   1        28 160
14  88  73  81   9   0  16 0.18    M    M 11.2 20 190   M    M   1 13     25 210
15  88  62  75   3   0  10 0.99    M    M  9.0 26 360   M    M   3 13     40 360
16  87  68  78   5   0  13 0.00    M    M  8.1 18 200   M    M   1        25 200
17  86  66  76   3   0  11 0.55    M    M  9.4 32 320   M    M   2 13     42 320
18  78  61  70  -3   0   5 0.19    M    M  6.6 28 330   M    M   3 13     44 310
19  83  58  71  -3   0   6 0.00    M    M  8.0 16 270   M    M   1        21 270
20  87  60  74   0   0   9 0.00    M    M  8.2 14 210   M    M   0        19 250
21  89  65  77   3   0  12 0.00    M    M  8.7 15 160   M    M   0        20 260
22  84  67  76   2   0  11 0.00    M    M  9.9 18 180   M    M   5        24 170
23  81  62  72  -2   0   7    T    M    M  7.3 21 330   M    M   2        26  20
24  77  52  65 -10   0   0 0.00    M    M  7.3 20 310   M    M   0        25 280
25  82  53  68  -7   0   3    T  0.0    0  8.9 16 290   M    M   2        21 320
26  79  50  65 -10   0   0 0.06    M    M  4.6 22  10   M    M   5 1      29 360
27  81  50  66  -9   0   1 0.00    M    M  5.9 15 160   M    M   0 1      22 140
28  87  65  76   0   0  11 0.00    M    M 14.8 25 170   M    M   0        33 170
================================================================================
SM 2335 1697         1 206  2.81     0.0 221.5          M       41
================================================================================
AV 83.4 60.6                               7.9 FASTST   M    M   1    MAX(MPH)
                                 MISC ---->  # 32 320               # 44  310
================================================================================
NOTES:
# LAST OF SEVERAL OCCURRENCES

COLUMN 17 PEAK WIND IN M.P.H.

PRELIMINARY LOCAL CLIMATOLOGICAL DATA (WS FORM: F-6) , PAGE 2

                                          STATION:  VICHY-ROLLA MO
                                          MONTH:    JUNE
                                          YEAR:     2017
                                          LATITUDE:   38  7 N
                                          LONGITUDE:  91 46 W

[TEMPERATURE DATA]      [PRECIPITATION DATA]       SYMBOLS USED IN COLUMN 16

AVERAGE MONTHLY: 72.0   TOTAL FOR MONTH:   2.81    1 = FOG OR MIST
DPTR FM NORMAL:  -0.2   DPTR FM NORMAL:   -1.55    2 = FOG REDUCING VISIBILITY
HIGHEST:    90 ON 12    GRTST 24HR  0.99 ON 15-15      TO 1/4 MILE OR LESS
LOWEST:     50 ON 27,26                            3 = THUNDER
                        SNOW, ICE PELLETS, HAIL    4 = ICE PELLETS
                        TOTAL MONTH:   0.0 INCH    5 = HAIL
                        GRTST 24HR     0.0         6 = FREEZING RAIN OR DRIZZLE
                        GRTST DEPTH:   0           7 = DUSTSTORM OR SANDSTORM:
                                                       VSBY 1/2 MILE OR LESS
                                                   8 = SMOKE OR HAZE
[NO. OF DAYS WITH]      [WEATHER - DAYS WITH]      9 = BLOWING SNOW
                                                   X = TORNADO
MAX 32 OR BELOW:   0    0.01 INCH OR MORE:   8
MAX 90 OR ABOVE:   1    0.10 INCH OR MORE:   6
MIN 32 OR BELOW:   0    0.50 INCH OR MORE:   3
MIN  0 OR BELOW:   0    1.00 INCH OR MORE:   0

[HDD (BASE 65) ]
TOTAL THIS MO.     1    CLEAR  (SCALE 0-3)  24
DPTR FM NORMAL   -11    PTCLDY (SCALE 4-7)   4
TOTAL FM JUL 1  3804    CLOUDY (SCALE 8-10)  0
DPTR FM NORMAL -1042

[CDD (BASE 65) ]
TOTAL THIS MO.   206
DPTR FM NORMAL    -7    [PRESSURE DATA]
TOTAL FM JAN 1   310    HIGHEST SLP M ON M
DPTR FM NORMAL   -10    LOWEST  SLP 29.63 ON 17

[REMARKS]
