000
CXUS52 KTAE 240800
CF6VLD
PRELIMINARY LOCAL CLIMATOLOGICAL DATA (WS FORM: F-6)

                                          STATION:   VALDOSTA
                                          MONTH:     APRIL
                                          YEAR:      2014
                                          LATITUDE:   30 46 N
                                          LONGITUDE:  83 17 W

  TEMPERATURE IN F:       :PCPN:    SNOW:  WIND      :SUNSHINE: SKY     :PK WND
================================================================================
1   2   3   4   5  6A  6B    7    8   9   10  11  12  13   14  15   16   17  18
                                     12Z  AVG MX 2MIN
DY MAX MIN AVG DEP HDD CDD  WTR  SNW DPTH SPD SPD DIR MIN PSBL S-S WX    SPD DR
================================================================================

 1  87  45  66   3   0   1 0.00  0.0    0  2.3 13 180   M    M   1 18     17 180
 2  87  48  68   5   0   3 0.00  0.0    0  2.4 12 190   M    M   1 18     17 200
 3  89  54  72   9   0   7 0.00  0.0    0  5.7 16 180   M    M   1 18     21 190
 4  87  58  73  10   0   8 0.00  0.0    0  3.3 14 190   M    M   5 128    20 180
 5  86  65  76  13   0  11 0.01  0.0    0  1.4 10 210   M    M   8 138    18 220
 6  83  68  76  12   0  11    T  0.0    0  4.2 13 140   M    M   7 128    17 140
 7  81  67  74  10   0   9 1.85  0.0    0  8.2 23 160   M    M   9 138    33 190
 8  78  57  68   4   0   3 0.76  0.0    0  4.2 10 300   M    M   5 1      21 240
 9  77  52  65   1   0   0 0.00  0.0    0  2.9 10 320   M    M   1        20 290
10  81  48  65   1   0   0 0.00  0.0    0  1.4 14 170   M    M   0 18     17 170
11  83  52  68   3   0   3 0.00  0.0    0  2.9 14 170   M    M   3 18     18 180
12  87  55  71   6   0   6 0.00  0.0    0  3.7 14 160   M    M   2 18     16 120
13  87  57  72   7   0   7 0.00  0.0    0  4.1 13 160   M    M   1 8      21 160
14  88  66  77  12   0  12 0.00  0.0    0  6.1 15 180   M    M   4        22 190
15  74  48  61  -5   4   0 2.78  0.0    0  6.7 14 320   M    M   7 123    28 330
16  69  43  56 -10   9   0 0.00  0.0    0  9.3 17  40   M    M   1        22  70
17  72  52  62  -4   3   0 0.00  0.0    0  8.8 16  70   M    M   9        25 100
18  63  60  62  -4   3   0 2.62  0.0    0  9.6 18  50   M    M  10 18     25  40
19  63  58  61  -6   4   0 0.18  0.0    0  9.1 18  20   M    M  10 18     23  10
20  65  55  60  -7   5   0    T  0.0    0  7.0 16  20   M    M   8 18     20  20
21  82  51  67   0   0   2 0.01  0.0    0  2.0 14  10   M    M   0 18     17  20
22  86  54  70   3   0   5 0.00  0.0    0  2.2  8 210   M    M   2 18     14 300
23  87  60  74   6   0   9 0.00  0.0    0  1.4  9 300   M    M   2 18     14 320
================================================================================
SM 1842 1273        28  97  8.21     0.0 108.9          M       97
================================================================================
AV 80.1 55.3                               4.7 FASTST   M    M   4    MAX(MPH)
                                 MISC ---->  # 23 160               # 33  190
================================================================================
NOTES:
# LAST OF SEVERAL OCCURRENCES

COLUMN 17 PEAK WIND IN M.P.H.

PRELIMINARY LOCAL CLIMATOLOGICAL DATA (WS FORM: F-6) , PAGE 2

                                          STATION:  VALDOSTA
                                          MONTH:    APRIL
                                          YEAR:     2014
                                          LATITUDE:   30 46 N
                                          LONGITUDE:  83 17 W

[TEMPERATURE DATA]      [PRECIPITATION DATA]       SYMBOLS USED IN COLUMN 16

AVERAGE MONTHLY: 67.7   TOTAL FOR MONTH:   8.21    1 = FOG OR MIST
DPTR FM NORMAL:   2.7   DPTR FM NORMAL:    5.80    2 = FOG REDUCING VISIBILITY
HIGHEST:    89 ON  3    GRTST 24HR  2.78 ON 15-15      TO 1/4 MILE OR LESS
LOWEST:     43 ON 16                               3 = THUNDER
                        SNOW, ICE PELLETS, HAIL    4 = ICE PELLETS
                        TOTAL MONTH:   0.0 INCH    5 = HAIL
                        GRTST 24HR     0.0         6 = FREEZING RAIN OR DRIZZLE
                        GRTST DEPTH:   0           7 = DUSTSTORM OR SANDSTORM:
                                                       VSBY 1/2 MILE OR LESS
                                                   8 = SMOKE OR HAZE
[NO. OF DAYS WITH]      [WEATHER - DAYS WITH]      9 = BLOWING SNOW
                                                   X = TORNADO
MAX 32 OR BELOW:   0    0.01 INCH OR MORE:   7
MAX 90 OR ABOVE:   0    0.10 INCH OR MORE:   5
MIN 32 OR BELOW:   0    0.50 INCH OR MORE:   4
MIN  0 OR BELOW:   0    1.00 INCH OR MORE:   3

[HDD (BASE 65) ]
TOTAL THIS MO.    28    CLEAR  (SCALE 0-3)  12
DPTR FM NORMAL   -33    PTCLDY (SCALE 4-7)   6
TOTAL FM JUL 1  1238    CLOUDY (SCALE 8-10)  5
DPTR FM NORMAL  -389

[CDD (BASE 65) ]
TOTAL THIS MO.    97
DPTR FM NORMAL    36    [PRESSURE DATA]
TOTAL FM JAN 1   162    HIGHEST SLP M ON M
DPTR FM NORMAL    58    LOWEST  SLP 29.69 ON  7

[REMARKS]
