000
CXUS52 KTAE 300800
CF6VLD
PRELIMINARY LOCAL CLIMATOLOGICAL DATA (WS FORM: F-6)

                                          STATION:   VALDOSTA
                                          MONTH:     SEPTEMBER
                                          YEAR:      2016
                                          LATITUDE:   30 46 N
                                          LONGITUDE:  83 17 W

  TEMPERATURE IN F:       :PCPN:    SNOW:  WIND      :SUNSHINE: SKY     :PK WND
================================================================================
1   2   3   4   5  6A  6B    7    8   9   10  11  12  13   14  15   16   17  18
                                     12Z  AVG MX 2MIN
DY MAX MIN AVG DEP HDD CDD  WTR  SNW DPTH SPD SPD DIR MIN PSBL S-S WX    SPD DR
================================================================================

 1  81  74  78  -2   0  13 2.09  0.0    0  7.3 18  90   M    M  10 1      30  70
 2  89  75  82   2   0  17 2.89  0.0    0  7.7 41 160   M    M   7 1      56 140
 3  85  72  79  -1   0  14 0.00  0.0    0  4.4 12 160   M    M   5        16 140
 4  88  73  81   1   0  16    T  0.0    0  4.8 15 150   M    M   6        19 140
 5  89  68  79  -1   0  14 0.00  0.0    0  5.2 14  90   M    M   5        17  90
 6  89  63  76  -4   0  11 0.00  0.0    0  1.8 12  20   M    M   0        15  40
 7  91  64  78  -1   0  13 0.00  0.0    0  1.3  9 140   M    M   0        11 130
 8  91  66  79   0   0  14 0.00  0.0    0  1.1  9  30   M    M   0        14  60
 9  92  64  78  -1   0  13 0.00  0.0    0  1.4 10 140   M    M   0        13 140
10  93  65  79   0   0  14 0.00  0.0    0  0.9  9  50   M    M   1 1      11  20
11  95  71  83   4   0  18    T  0.0    0  2.2 15 160   M    M   2 13     19 160
12  93  73  83   5   0  18 0.01  0.0    0  4.6 15 120   M    M   2        22 110
13  86  73  80   2   0  15 0.29  0.0    0  6.7 22 110   M    M   5 1      31 110
14  88  72  80   2   0  15 0.04  0.0    0  5.0 14  20   M    M   6        18 350
15  90  69  80   2   0  15 0.00  0.0    0  3.4 12  40   M    M   2        16 120
16  92  69  81   3   0  16 0.00  0.0    0  3.7 14 120   M    M   2 1      19 110
17  92  71  82   5   0  17 0.00  0.0    0  3.7 12  90   M    M   3        14  60
18  91  72  82   5   0  17 0.21  0.0    0  2.0 10 170   M    M   4 13     18 180
19  91  74  83   6   0  18 0.03  0.0    0  1.1  8  30   M    M   6 13     14 320
20  93  71  82   6   0  17 0.00  0.0    0  2.5 10  10   M    M   3 1      13  70
21  89  69  79   3   0  14 0.00  0.0    0  3.6 15  20   M    M   3 1      18 360
22  89  68  79   3   0  14 0.00  0.0    0  3.6 15  10   M    M   4        19 360
23  92  67  80   4   0  15 0.00  0.0    0  2.4 13  20   M    M   2        17  20
24  93  70  82   7   0  17    T  0.0    0  2.0 12  40   M    M   4 1      15  40
25  92  71  82   7   0  17    T  0.0    0  2.1 13 120   M    M   3 13     19 140
26  90  69  80   5   0  15 0.00  0.0    0  4.1 18  60   M    M   3 13     24  60
27  91  66  79   5   0  14    T  0.0    0  1.3  8  10   M    M   1 1      11 360
28  91  67  79   5   0  14 0.05  0.0    0  1.6 12 190   M    M   1 13     16 180
29  92  70  81   7   0  16    T  0.0    0  1.7  8 200   M    M   3 1      14 200
================================================================================
SM 2618 2016         0 441  5.61     0.0  93.2          M       93
================================================================================
AV 90.3 69.5                               3.2 FASTST   M    M   3    MAX(MPH)
                                 MISC ---->  # 41 160               # 56  140
================================================================================
NOTES:
# LAST OF SEVERAL OCCURRENCES

COLUMN 17 PEAK WIND IN M.P.H.

PRELIMINARY LOCAL CLIMATOLOGICAL DATA (WS FORM: F-6) , PAGE 2

                                          STATION:  VALDOSTA
                                          MONTH:    SEPTEMBER
                                          YEAR:     2016
                                          LATITUDE:   30 46 N
                                          LONGITUDE:  83 17 W

[TEMPERATURE DATA]      [PRECIPITATION DATA]       SYMBOLS USED IN COLUMN 16

AVERAGE MONTHLY: 79.9   TOTAL FOR MONTH:   5.61    1 = FOG OR MIST
DPTR FM NORMAL:   2.4   DPTR FM NORMAL:    1.09    2 = FOG REDUCING VISIBILITY
HIGHEST:    95 ON 11    GRTST 24HR  4.98 ON  1- 2      TO 1/4 MILE OR LESS
LOWEST:     63 ON  6                               3 = THUNDER
                        SNOW, ICE PELLETS, HAIL    4 = ICE PELLETS
                        TOTAL MONTH:   0.0 INCH    5 = HAIL
                        GRTST 24HR     0.0         6 = FREEZING RAIN OR DRIZZLE
                        GRTST DEPTH:   0           7 = DUSTSTORM OR SANDSTORM:
                                                       VSBY 1/2 MILE OR LESS
                                                   8 = SMOKE OR HAZE
[NO. OF DAYS WITH]      [WEATHER - DAYS WITH]      9 = BLOWING SNOW
                                                   X = TORNADO
MAX 32 OR BELOW:   0    0.01 INCH OR MORE:   8
MAX 90 OR ABOVE:  19    0.10 INCH OR MORE:   4
MIN 32 OR BELOW:   0    0.50 INCH OR MORE:   2
MIN  0 OR BELOW:   0    1.00 INCH OR MORE:   2

[HDD (BASE 65) ]
TOTAL THIS MO.     0    CLEAR  (SCALE 0-3)  16
DPTR FM NORMAL     0    PTCLDY (SCALE 4-7)  12
TOTAL FM JUL 1     0    CLOUDY (SCALE 8-10)  1
DPTR FM NORMAL     0

[CDD (BASE 65) ]
TOTAL THIS MO.   441
DPTR FM NORMAL    80    [PRESSURE DATA]
TOTAL FM JAN 1  2571    HIGHEST SLP M ON M
DPTR FM NORMAL   356    LOWEST  SLP 29.69 ON  2

[REMARKS]
