000
CXUS52 KTAE 280800
CF6VLD
PRELIMINARY LOCAL CLIMATOLOGICAL DATA (WS FORM: F-6)

                                          STATION:   VALDOSTA
                                          MONTH:     MAY
                                          YEAR:      2016
                                          LATITUDE:   30 46 N
                                          LONGITUDE:  83 17 W

  TEMPERATURE IN F:       :PCPN:    SNOW:  WIND      :SUNSHINE: SKY     :PK WND
================================================================================
1   2   3   4   5  6A  6B    7    8   9   10  11  12  13   14  15   16   17  18
                                     12Z  AVG MX 2MIN
DY MAX MIN AVG DEP HDD CDD  WTR  SNW DPTH SPD SPD DIR MIN PSBL S-S WX    SPD DR
================================================================================

 1  88  68  78   8   0  13 0.00  0.0    0  4.6 16 170   M    M   0 1      21 180
 2  87  66  77   7   0  12 0.26  0.0    0  3.4 16 200   M    M   1 13     26 200
 3  88  68  78   8   0  13 0.97  0.0    0  3.2 17 190   M    M   7 13     23 190
 4  79  58  69  -2   0   4 0.01  0.0    0  3.7 15 360   M    M   4 13     20 360
 5  74  53  64  -7   1   0 0.00  0.0    0  3.6 14 300   M    M   0        24 300
 6  75  45  60 -11   5   0 0.00  0.0    0  3.6 12 360   M    M   0        19 300
 7  81  48  65  -7   0   0 0.00  0.0    0  2.7 14  10   M    M   0        23  10
 8  89  54  72   0   0   7 0.00  0.0    0  1.8  8 200   M    M   0        15 230
 9  87  55  71  -1   0   6 0.00  0.0    0  2.9 14 190   M    M   0 1      18 220
10  83  63  73   1   0   8 0.00  0.0    0  2.8 17 170   M    M   2        19 170
11  89  62  76   3   0  11 0.00  0.0    0  1.8  9 160   M    M   2 1      13 160
12  91  64  78   5   0  13 0.00  0.0    0  2.1 10 170   M    M   2 1      17 180
13  89  67  78   5   0  13 0.00  0.0    0  2.8 13  10   M    M   1        16  10
14  87  59  73   0   0   8 0.00  0.0    0  1.9  8 240   M    M   0 1      15 350
15  85  57  71  -3   0   6 0.00  0.0    0  2.5 16  10   M    M   0        20 360
16  90  56  73  -1   0   8 0.29  0.0    0  5.0 14 140   M    M   2 18     18 130
17  84  70  77   3   0  12 1.08  0.0    0  5.5 15 180   M    M   5 13     19 170
18  87  67  77   3   0  12 0.76  0.0    0  1.3  8  70   M    M   8 12     11 350
19  87  69  78   3   0  13 0.01  0.0    0  4.9 15  10   M    M   6 123    19 360
20  79  68  74  -1   0   9 0.07  0.0    0  2.3  6  99   M    M   7 1       M  M
21  86  65  76   1   0  11 0.00  0.0    0  1.7  8 320   M    M   5 12     14 310
22  83  61  72  -3   0   7 0.00  0.0    0  3.0 14  10   M    M   1 1      19  20
23  86  56  71  -5   0   6 0.00  0.0    0  1.4  9  10   M    M   2 1      13 360
24  88  58  73  -3   0   8 0.00  0.0    0  2.5 10 170   M    M   2        14 180
25  90  62  76   0   0  11 0.00  0.0    0  4.1 12 180   M    M   1        16 160
26  88  63  76   0   0  11 0.00  0.0    0  4.5 10 140   M    M   2        17  90
27  88  59  74  -2   0   9 0.00  0.0    0  5.3 14 100   M    M   1        19 110
================================================================================
SM 2308 1641         6 231  3.45     0.0  84.9          M       61
================================================================================
AV 85.5 60.8                               3.1 FASTST   M    M   2    MAX(MPH)
                                 MISC ---->  # 17 190               # 26  200
================================================================================
NOTES:
# LAST OF SEVERAL OCCURRENCES

COLUMN 17 PEAK WIND IN M.P.H.

PRELIMINARY LOCAL CLIMATOLOGICAL DATA (WS FORM: F-6) , PAGE 2

                                          STATION:  VALDOSTA
                                          MONTH:    MAY
                                          YEAR:     2016
                                          LATITUDE:   30 46 N
                                          LONGITUDE:  83 17 W

[TEMPERATURE DATA]      [PRECIPITATION DATA]       SYMBOLS USED IN COLUMN 16

AVERAGE MONTHLY: 73.1   TOTAL FOR MONTH:   3.45    1 = FOG OR MIST
DPTR FM NORMAL:  -0.2   DPTR FM NORMAL:    1.54    2 = FOG REDUCING VISIBILITY
HIGHEST:    91 ON 12    GRTST 24HR  1.73 ON 17-18      TO 1/4 MILE OR LESS
LOWEST:     45 ON  6                               3 = THUNDER
                        SNOW, ICE PELLETS, HAIL    4 = ICE PELLETS
                        TOTAL MONTH:   0.0 INCH    5 = HAIL
                        GRTST 24HR     0.0         6 = FREEZING RAIN OR DRIZZLE
                        GRTST DEPTH:   0           7 = DUSTSTORM OR SANDSTORM:
                                                       VSBY 1/2 MILE OR LESS
                                                   8 = SMOKE OR HAZE
[NO. OF DAYS WITH]      [WEATHER - DAYS WITH]      9 = BLOWING SNOW
                                                   X = TORNADO
MAX 32 OR BELOW:   0    0.01 INCH OR MORE:   8
MAX 90 OR ABOVE:   3    0.10 INCH OR MORE:   5
MIN 32 OR BELOW:   0    0.50 INCH OR MORE:   3
MIN  0 OR BELOW:   0    1.00 INCH OR MORE:   1

[HDD (BASE 65) ]
TOTAL THIS MO.     6    CLEAR  (SCALE 0-3)  20
DPTR FM NORMAL     4    PTCLDY (SCALE 4-7)   7
TOTAL FM JUL 1  1069    CLOUDY (SCALE 8-10)  0
DPTR FM NORMAL  -565

[CDD (BASE 65) ]
TOTAL THIS MO.   231
DPTR FM NORMAL     1    [PRESSURE DATA]
TOTAL FM JAN 1   454    HIGHEST SLP M ON M
DPTR FM NORMAL    89    LOWEST  SLP 29.77 ON  4

[REMARKS]
