000
CXUS52 KFFC 011110
CF6VPC
PRELIMINARY LOCAL CLIMATOLOGICAL DATA (WS FORM: F-6)

                                          STATION:   CARTERSVILLE
                                          MONTH:     SEPTEMBER
                                          YEAR:      2014
                                          LATITUDE:   34  7 N
                                          LONGITUDE:  84 51 W

  TEMPERATURE IN F:       :PCPN:    SNOW:  WIND      :SUNSHINE: SKY     :PK WND
================================================================================
1   2   3   4   5  6A  6B    7    8   9   10  11  12  13   14  15   16   17  18
                                     12Z  AVG MX 2MIN
DY MAX MIN AVG DEP HDD CDD  WTR  SNW DPTH SPD SPD DIR MIN PSBL S-S WX    SPD DR
================================================================================

 1  93  69  81   5   0  16 0.00    M    M  1.7 12  20   M    M   1 13     22 200
 2  91  67  79   3   0  14 0.00    M    M  2.3 20 180   M    M   1 3      27 140
 3  91  72  82   6   0  17 0.43    M    M  2.3 15 180   M    M   6 13     23 200
 4  87  70  79   4   0  14    T  0.0    M  2.7 10  90   M    M   4        14 120
 5  90  68  79   4   0  14 0.00  0.0    M  2.0  9  90   M    M   3 1      14 130
 6  91  70  81   6   0  16 0.00  0.0    M  1.1  7 200   M    M   4 123    12 140
 7  92  70  81   6   0  16 0.93  0.0    M  1.5 22  10   M    M   5 13     29  10
 8  86  70  78   4   0  13 0.13  0.0    M  2.8  8 110   M    M   5 13     11 140
 9  86  69  78   4   0  13 0.00    M    M  4.7 10  90   M    M   4        18  90
10  87  71  79   5   0  14 0.00    M    M  4.6 12 150   M    M   5        17 180
11  91  69  80   7   0  15 1.43    M    M  2.2 14  50   M    M   4 13     19  50
12  88  71  80   7   0  15 0.45    M    M  0.9  9 210   M    M   5 13     15 200
13  84  66  75   2   0  10 0.00  0.0    M  4.4 12 360   M    M   5 1      18  10
14  76  63  70  -2   0   5 0.00  0.0    M  3.5 12  60   M    M   8 18     15  50
15  77  66  72   0   0   7 0.00  0.0    M  1.8  7 120   M    M   9 1      12 110
16  87  69  78   7   0  13    T  0.0    M  0.4  9 360   M    M   5 1      11 360
17  83  59  71   0   0   6 0.00  0.0    M  1.4 10 350   M    M   1        14 340
18  86  58  72   1   0   7 0.00  0.0    0  1.1  8 360   M    M   2 1      11 360
19  84  61  73   3   0   8 0.00    M    M  4.4 13  60   M    M   2        17 110
20  84  60  72   2   0   7 0.00    M    M  3.7 13  30   M    M   1        18  20
21  88  56  72   3   0   7 0.18    M    M  1.1  8 200   M    M   2 1      12 340
22  78  54  66  -3   0   1 0.00  0.0    0  3.3 15 360   M    M   2 1      22 350
23  79  51  65  -4   0   0 0.00  0.0    0  4.4 13  50   M    M   1        19  70
24  79  51  65  -3   0   0 0.00  0.0    0  2.9 12  80   M    M   0        18 100
25  82  55  69   1   0   4 0.00  0.0    M  2.0 12  30   M    M   6        14  30
26  78  60  69   2   0   4 0.00  0.0    M  3.5 12  90   M    M   5        16 100
27  78  62  70   3   0   5    T  0.0    M  3.1 13 120   M    M   6 18     19 110
28  75  62  69   2   0   4 0.00  0.0    M  2.3  9 140   M    M   8        14 120
29  76  61  69   3   0   4    T  0.0    M  2.1  8  10   M    M   9 18     10 360
30  85  58  72   6   0   7 0.00  0.0    M  1.0 10 360   M    M   5 12     12  10
================================================================================
SM 2532 1908         0 276  3.55     0.0  75.2          M      124
================================================================================
AV 84.4 63.6                               2.5 FASTST   M    M   4    MAX(MPH)
                                 MISC ---->  # 22  10               # 29   10
================================================================================
NOTES:
# LAST OF SEVERAL OCCURRENCES

COLUMN 17 PEAK WIND IN M.P.H.

PRELIMINARY LOCAL CLIMATOLOGICAL DATA (WS FORM: F-6) , PAGE 2

                                          STATION:  CARTERSVILLE
                                          MONTH:    SEPTEMBER
                                          YEAR:     2014
                                          LATITUDE:   34  7 N
                                          LONGITUDE:  84 51 W

[TEMPERATURE DATA]      [PRECIPITATION DATA]       SYMBOLS USED IN COLUMN 16

AVERAGE MONTHLY: 74.0   TOTAL FOR MONTH:   3.55    1 = FOG OR MIST
DPTR FM NORMAL:   2.6   DPTR FM NORMAL:   -0.07    2 = FOG REDUCING VISIBILITY
HIGHEST:    93 ON  1    GRTST 24HR  1.85 ON 11-12      TO 1/4 MILE OR LESS
LOWEST:     51 ON 24,23                            3 = THUNDER
                        SNOW, ICE PELLETS, HAIL    4 = ICE PELLETS
                        TOTAL MONTH:   0.0 INCH    5 = HAIL
                        GRTST 24HR     0.0         6 = FREEZING RAIN OR DRIZZLE
                        GRTST DEPTH:   0           7 = DUSTSTORM OR SANDSTORM:
                                                       VSBY 1/2 MILE OR LESS
                                                   8 = SMOKE OR HAZE
[NO. OF DAYS WITH]      [WEATHER - DAYS WITH]      9 = BLOWING SNOW
                                                   X = TORNADO
MAX 32 OR BELOW:   0    0.01 INCH OR MORE:   6
MAX 90 OR ABOVE:   7    0.10 INCH OR MORE:   6
MIN 32 OR BELOW:   0    0.50 INCH OR MORE:   2
MIN  0 OR BELOW:   0    1.00 INCH OR MORE:   1

[HDD (BASE 65) ]
TOTAL THIS MO.     0    CLEAR  (SCALE 0-3)  11
DPTR FM NORMAL   -18    PTCLDY (SCALE 4-7)  17
TOTAL FM JUL 1     0    CLOUDY (SCALE 8-10)  2
DPTR FM NORMAL   -18

[CDD (BASE 65) ]
TOTAL THIS MO.   276
DPTR FM NORMAL    69    [PRESSURE DATA]
TOTAL FM JAN 1  1556    HIGHEST SLP 30.30 ON 24
DPTR FM NORMAL    84    LOWEST  SLP 29.85 ON 30

[REMARKS]
#FINAL-09-14#
