000
CXUS52 KFFC 291110
CF6VPC
PRELIMINARY LOCAL CLIMATOLOGICAL DATA (WS FORM: F-6)

                                          STATION:   CARTERSVILLE
                                          MONTH:     MARCH
                                          YEAR:      2017
                                          LATITUDE:   34  7 N
                                          LONGITUDE:  84 51 W

  TEMPERATURE IN F:       :PCPN:    SNOW:  WIND      :SUNSHINE: SKY     :PK WND
================================================================================
1   2   3   4   5  6A  6B    7    8   9   10  11  12  13   14  15   16   17  18
                                     12Z  AVG MX 2MIN
DY MAX MIN AVG DEP HDD CDD  WTR  SNW DPTH SPD SPD DIR MIN PSBL S-S WX    SPD DR
================================================================================

 1  78  56  67  19   0   2 0.16  0.0    0  6.3 18 190   M    M   7 13     30 170
 2  57  34  46  -2  19   0 0.00  0.0    0  6.0 17 360   M    M   0        24 360
 3  57  27  42  -7  23   0 0.00  0.0    0  2.3 17 360   M    M   0 8      23  10
 4  64  26  45  -4  20   0 0.00  0.0    0  1.1  8  10   M    M   0        11  30
 5  68  31  50   1  15   0 0.00  0.0    0  3.3 13 170   M    M   2        19 200
 6  71  51  61  12   4   0 0.00  0.0    0  6.6 20 160   M    M   6        25 170
 7  64  56  60  10   5   0 0.54  0.0    0  7.3 18 140   M    M   7 13     26 140
 8  67  38  53   3  12   0 0.06    M    0  1.3  6  10   M    M   2 1      11 340
 9  74  30  52   2  13   0 0.00  0.0    0   M   M   M   M    M   0         M  M
10  69  44  57   7   8   0 0.54    M    0   M   M   M   M    M   3 13      M  M
11  50  34  42  -9  23   0 0.01    M    0   M   M   M   M    M   6 1       M  M
12  48  33  41 -10  24   0 0.33    M    0   M   M   M   M    M   7 1       M  M
13  44  35  40 -11  25   0 0.26    M    0   M   M   M   M    M   9 1       M  M
14   M  29   M   M   M   M 0.01    M    0   M   M   M   M    M   9 1       M  M
15  43  27  35 -17  30   0    T    M    0   M   M   M   M    M   2         M  M
16  52  23  38 -14  27   0 0.00  0.0    0  2.2 10 350   M    M   0        17 240
17  69  29  49  -3  16   0 0.00  0.0    0  2.8 13 190   M    M   8        19 240
18  72  51  62  10   3   0 0.20  0.0    0  3.0 15 360   M    M   6 1      22 330
19  62  39  51  -2  14   0 0.00  0.0    0  5.5 16 360   M    M   0        22 360
20  78  34  56   3   9   0 0.00  0.0    0  1.2  7 200   M    M   2        11 220
21  85  50  68  15   0   3 0.00  0.0    0  1.6 17 330   M    M   1 13     36 340
22  63  42  53   0  12   0 0.00  0.0    0  3.5 13 350   M    M   1 12     19  20
23  66  40  53   0  12   0 0.00  0.0    0  7.7 17 130   M    M   4        27  90
24  74  57  66  12   0   1 0.00  0.0    0  7.2 15 170   M    M   9        21 180
25  77  58  68  14   0   3 0.05  0.0    0  7.6 18 170   M    M   2 1      25 110
26  78  55  67  13   0   2 0.20  0.0    0  4.7 17 170   M    M   6 1      25 190
27  77  51  64  10   1   0 0.65  0.0    M  2.6 16 170   M    M   5 13     21 170
28  78  57  68  13   0   3 0.27  0.0    0  1.4 10 340   M    M   5 13     17 340
================================================================================
SM 1785 1137       315  14  3.28     0.0  85.2          M      109
================================================================================
AV 66.1 40.6                               4.1 FASTST   M    M   4    MAX(MPH)
                                 MISC ---->  # 20 160               # 36  340
================================================================================
NOTES:
# LAST OF SEVERAL OCCURRENCES

COLUMN 17 PEAK WIND IN M.P.H.

PRELIMINARY LOCAL CLIMATOLOGICAL DATA (WS FORM: F-6) , PAGE 2

                                          STATION:  CARTERSVILLE
                                          MONTH:    MARCH
                                          YEAR:     2017
                                          LATITUDE:   34  7 N
                                          LONGITUDE:  84 51 W

[TEMPERATURE DATA]      [PRECIPITATION DATA]       SYMBOLS USED IN COLUMN 16

AVERAGE MONTHLY: 53.4   TOTAL FOR MONTH:   3.28    1 = FOG OR MIST
DPTR FM NORMAL:   1.9   DPTR FM NORMAL:   -1.01    2 = FOG REDUCING VISIBILITY
HIGHEST:    85 ON 21    GRTST 24HR  0.65 ON 27-27      TO 1/4 MILE OR LESS
LOWEST:     23 ON 16                               3 = THUNDER
                        SNOW, ICE PELLETS, HAIL    4 = ICE PELLETS
                        TOTAL MONTH:   0.0 INCH    5 = HAIL
                        GRTST 24HR     0.0         6 = FREEZING RAIN OR DRIZZLE
                        GRTST DEPTH:   0           7 = DUSTSTORM OR SANDSTORM:
                                                       VSBY 1/2 MILE OR LESS
                                                   8 = SMOKE OR HAZE
[NO. OF DAYS WITH]      [WEATHER - DAYS WITH]      9 = BLOWING SNOW
                                                   X = TORNADO
MAX 32 OR BELOW:   0    0.01 INCH OR MORE:  13
MAX 90 OR ABOVE:   0    0.10 INCH OR MORE:   9
MIN 32 OR BELOW:   8    0.50 INCH OR MORE:   3
MIN  0 OR BELOW:   0    1.00 INCH OR MORE:   0

[HDD (BASE 65) ]
TOTAL THIS MO.   315    CLEAR  (SCALE 0-3)  13
DPTR FM NORMAL   -71    PTCLDY (SCALE 4-7)  12
TOTAL FM JUL 1  2145    CLOUDY (SCALE 8-10)  3
DPTR FM NORMAL  -853

[CDD (BASE 65) ]
TOTAL THIS MO.    14
DPTR FM NORMAL    14    [PRESSURE DATA]
TOTAL FM JAN 1    14    HIGHEST SLP M ON M
DPTR FM NORMAL    14    LOWEST  SLP 29.79 ON 14

[REMARKS]
