000
CXUS52 KFFC 271110
CF6VPC
PRELIMINARY LOCAL CLIMATOLOGICAL DATA (WS FORM: F-6)

                                          STATION:   CARTERSVILLE
                                          MONTH:     DECEMBER
                                          YEAR:      2014
                                          LATITUDE:   34  7 N
                                          LONGITUDE:  84 51 W

  TEMPERATURE IN F:       :PCPN:    SNOW:  WIND      :SUNSHINE: SKY     :PK WND
================================================================================
1   2   3   4   5  6A  6B    7    8   9   10  11  12  13   14  15   16   17  18
                                     12Z  AVG MX 2MIN
DY MAX MIN AVG DEP HDD CDD  WTR  SNW DPTH SPD SPD DIR MIN PSBL S-S WX    SPD DR
================================================================================

 1  72  44  58  12   7   0 0.00    M    M  0.9  8 200   M    M   3 1      13 210
 2  72  41  57  11   8   0 0.00  0.0    M  1.2  8 180   M    M   4 18     11  30
 3  67  48  58  13   7   0 0.00  0.0    M  1.4  8 100   M    M   5 8      12 110
 4  64  46  55  10  10   0    T    M    M  2.3  6  90   M    M   6 1       M  M
 5  60  53  57  12   8   0 0.00  0.0    M  6.7 12 120   M    M   8 1      17 100
 6  64  47  56  12   9   0 0.93  0.0    M  6.0 16 350   M    M  10 1      24 360
 7  57  35  46   2  19   0 0.00    M    M  5.9 14 360   M    M   2        22 360
 8  47  30  39  -5  26   0 0.00    M    M  4.6 15  90   M    M   5        24  90
 9  52  29  41  -3  24   0 0.00    M    M  4.2 17 360   M    M   7 1      25 340
10  48  30  39  -4  26   0 0.00    M    M  5.9 18 360   M    M   4        26 360
11  50  28  39  -4  26   0 0.00    M    M  2.3  9 350   M    M   0        16 320
12  58  27  43   0  22   0 0.00    M    M  1.5  9 360   M    M   0        13 360
13  59  28  44   1  21   0 0.00    M    M  2.3 13 360   M    M   0        18 340
14  49  28  39  -4  26   0 0.00  0.0    M  3.0 13 360   M    M   0 18     19 330
15  57  27  42   0  23   0 0.03  0.0    M  1.2  8 100   M    M   5 128    13 110
16  60  38  49   7  16   0 0.11  0.0    M  2.2 10 190   M    M   5 1      16 220
17  45  32  39  -3  26   0 0.00  0.0    M  0.7 10 350   M    M   4        15 350
18  49  32  41  -1  24   0 0.00    M    M  0.0  5 350   M    M   6         8 210
19  50  29  40  -2  25   0 0.01  0.0    M  0.8  9 360   M    M   1 18     14 350
20  48  39  44   2  21   0 0.11    M    M  0.6  7  10   M    M  10 18     10 350
21  52  42  47   5  18   0 0.00  0.0    M  3.4  9  90   M    M  10 18     17 100
22  49  43  46   5  19   0 0.16  0.0    M  8.0 14 110   M    M  10 18     22 100
23  52  43  48   7  17   0 1.29  0.0    M  7.6 15 100   M    M  10 13     24 110
24  60  46  53  12  12   0 0.31    M    M  4.1 12 120   M    M   9 1      18 120
25  51  28  40  -1  25   0 0.00  0.0    0  1.4  7 340   M    M   4        11 210
26  56  26  41   0  24   0 0.00  0.0    0  0.7  6 140   M    M   0 1      10 280
================================================================================
SM 1448  939       489   0  2.95     0.0  78.9          M      128
================================================================================
AV 55.7 36.1                               3.0 FASTST   M    M   5    MAX(MPH)
                                 MISC ---->  # 18 360               # 26  360
================================================================================
NOTES:
# LAST OF SEVERAL OCCURRENCES

COLUMN 17 PEAK WIND IN M.P.H.

PRELIMINARY LOCAL CLIMATOLOGICAL DATA (WS FORM: F-6) , PAGE 2

                                          STATION:  CARTERSVILLE
                                          MONTH:    DECEMBER
                                          YEAR:     2014
                                          LATITUDE:   34  7 N
                                          LONGITUDE:  84 51 W

[TEMPERATURE DATA]      [PRECIPITATION DATA]       SYMBOLS USED IN COLUMN 16

AVERAGE MONTHLY: 45.9   TOTAL FOR MONTH:   2.95    1 = FOG OR MIST
DPTR FM NORMAL:   2.9   DPTR FM NORMAL:   -0.80    2 = FOG REDUCING VISIBILITY
HIGHEST:    72 ON  2, 1 GRTST 24HR  1.48 ON 23-24      TO 1/4 MILE OR LESS
LOWEST:     26 ON 26                               3 = THUNDER
                        SNOW, ICE PELLETS, HAIL    4 = ICE PELLETS
                        TOTAL MONTH:   0.0 INCH    5 = HAIL
                        GRTST 24HR     0.0         6 = FREEZING RAIN OR DRIZZLE
                        GRTST DEPTH:   0           7 = DUSTSTORM OR SANDSTORM:
                                                       VSBY 1/2 MILE OR LESS
                                                   8 = SMOKE OR HAZE
[NO. OF DAYS WITH]      [WEATHER - DAYS WITH]      9 = BLOWING SNOW
                                                   X = TORNADO
MAX 32 OR BELOW:   0    0.01 INCH OR MORE:   8
MAX 90 OR ABOVE:   0    0.10 INCH OR MORE:   6
MIN 32 OR BELOW:  13    0.50 INCH OR MORE:   2
MIN  0 OR BELOW:   0    1.00 INCH OR MORE:   1

[HDD (BASE 65) ]
TOTAL THIS MO.   489    CLEAR  (SCALE 0-3)   7
DPTR FM NORMAL   -84    PTCLDY (SCALE 4-7)  13
TOTAL FM JUL 1  1208    CLOUDY (SCALE 8-10)  6
DPTR FM NORMAL    26

[CDD (BASE 65) ]
TOTAL THIS MO.     0
DPTR FM NORMAL     0    [PRESSURE DATA]
TOTAL FM JAN 1  1625    HIGHEST SLP  0.00 ON  4
DPTR FM NORMAL   111    LOWEST  SLP 29.65 ON 24

[REMARKS]
