000
CXUS51 KBTV 210700
CF6VSF
PRELIMINARY LOCAL CLIMATOLOGICAL DATA (WS FORM: F-6)

                                          STATION:   SPRINGFIELD VT
                                          MONTH:     APRIL
                                          YEAR:      2014
                                          LATITUDE:   43 19 N
                                          LONGITUDE:  72 31 W

  TEMPERATURE IN F:       :PCPN:    SNOW:  WIND      :SUNSHINE: SKY     :PK WND
================================================================================
1   2   3   4   5  6A  6B    7    8   9   10  11  12  13   14  15   16   17  18
                                     12Z  AVG MX 2MIN
DY MAX MIN AVG DEP HDD CDD  WTR  SNW DPTH SPD SPD DIR MIN PSBL S-S WX    SPD DR
================================================================================

 1  53  30  42   4  23   0 0.00  0.0    0  3.3 14  10   M    M   1        22 330
 2  54  26  40   2  25   0 0.00  0.0    0  2.7 13 250   M    M   0        17 260
 3  47  23  35  -3  30   0 0.00  0.0    0  4.6 16 280   M    M   0        21 280
 4  47  28  38  -1  27   0 0.29    M    0  4.6 18 110   M    M   5 1      25 120
 5  45  33  39   0  26   0 0.06    M    0  7.2 23 270   M    M  10 12     35 280
 6  52  27  40   0  25   0 0.00  0.0    0  6.8 18 270   M    M   1        29 280
 7  54  25  40   0  25   0 0.02    M    0  2.5 23 150   M    M   3 1      32 130
 8  51  38  45   4  20   0 0.47    M    0  4.9 26 280   M    M   9 1238   39 280
 9  48  27  38  -3  27   0 0.00  0.0    0  7.6 22 280   M    M   5        31 270
10  63  22  43   1  22   0 0.00  0.0    0  5.9 21 170   M    M   0        33 170
11  67  37  52  10  13   0 0.14    M    0  3.9 21 250   M    M   5 12     28 250
12  64  32  48   5  17   0 0.00  0.0    0  3.5 18 280   M    M   5 12     27 270
13  60  35  48   5  17   0 0.26    M    0  3.2 13  90   M    M   5 1      17 110
14  79  35  57  13   8   0 0.00  0.0    0  8.6 23 170   M    M   1 1      31 150
15  62  32  47   3  18   0 0.70    M    0  9.0 20 180   M    M   9 1      29 180
16  36  24  30 -15  35   0    T    M    0  9.3 22 280   M    M   3 1      30 260
17  48  19  34 -11  31   0 0.00  0.0    0  4.3 14 130   M    M   0        19 140
18  49  20  35 -11  30   0 0.00  0.0    0  3.0 13 160   M    M   0        16 130
19  55  27  41  -5  24   0 0.00  0.0    0  5.5 21 290   M    M   1        30 290
20  60  25  43  -3  22   0 0.00  0.0    0  2.6 13 140   M    M   0        17 140
================================================================================
SM 1094  565       465   0  1.94     0.0 103.0          M       63
================================================================================
AV 54.7 28.2                               5.2 FASTST   M    M   3    MAX(MPH)
                                 MISC ---->  # 26 280               # 39  280
================================================================================
NOTES:
# LAST OF SEVERAL OCCURRENCES

COLUMN 17 PEAK WIND IN M.P.H.

PRELIMINARY LOCAL CLIMATOLOGICAL DATA (WS FORM: F-6) , PAGE 2

                                          STATION:  SPRINGFIELD VT
                                          MONTH:    APRIL
                                          YEAR:     2014
                                          LATITUDE:   43 19 N
                                          LONGITUDE:  72 31 W

[TEMPERATURE DATA]      [PRECIPITATION DATA]       SYMBOLS USED IN COLUMN 16

AVERAGE MONTHLY: 41.5   TOTAL FOR MONTH:   1.94    1 = FOG OR MIST
DPTR FM NORMAL:  -0.5   DPTR FM NORMAL:   -0.67    2 = FOG REDUCING VISIBILITY
HIGHEST:    79 ON 14    GRTST 24HR  0.70 ON 15-15      TO 1/4 MILE OR LESS
LOWEST:     19 ON 17                               3 = THUNDER
                        SNOW, ICE PELLETS, HAIL    4 = ICE PELLETS
                        TOTAL MONTH:   0.0 INCH    5 = HAIL
                        GRTST 24HR     0.0         6 = FREEZING RAIN OR DRIZZLE
                        GRTST DEPTH:   0           7 = DUSTSTORM OR SANDSTORM:
                                                       VSBY 1/2 MILE OR LESS
                                                   8 = SMOKE OR HAZE
[NO. OF DAYS WITH]      [WEATHER - DAYS WITH]      9 = BLOWING SNOW
                                                   X = TORNADO
MAX 32 OR BELOW:   0    0.01 INCH OR MORE:   7
MAX 90 OR ABOVE:   0    0.10 INCH OR MORE:   5
MIN 32 OR BELOW:  15    0.50 INCH OR MORE:   1
MIN  0 OR BELOW:   0    1.00 INCH OR MORE:   0

[HDD (BASE 65) ]
TOTAL THIS MO.   465    CLEAR  (SCALE 0-3)  11
DPTR FM NORMAL     5    PTCLDY (SCALE 4-7)   6
TOTAL FM JUL 1  7448    CLOUDY (SCALE 8-10)  3
DPTR FM NORMAL   508

[CDD (BASE 65) ]
TOTAL THIS MO.     0
DPTR FM NORMAL     0    [PRESSURE DATA]
TOTAL FM JAN 1     0    HIGHEST SLP M ON M
DPTR FM NORMAL     0    LOWEST  SLP 29.30 ON  8

[REMARKS]
