000
CXUS55 KLBF 311200
CF6VTN
PRELIMINARY LOCAL CLIMATOLOGICAL DATA (WS FORM: F-6)

                                          STATION:   VALENTINE NE
                                          MONTH:     MAY
                                          YEAR:      2016
                                          LATITUDE:   42 52 N
                                          LONGITUDE: 100 33 W

  TEMPERATURE IN F:       :PCPN:    SNOW:  WIND      :SUNSHINE: SKY     :PK WND
================================================================================
1   2   3   4   5  6A  6B    7    8   9   10  11  12  13   14  15   16   17  18
                                     12Z  AVG MX 2MIN
DY MAX MIN AVG DEP HDD CDD  WTR  SNW DPTH SPD SPD DIR MIN PSBL S-S WX    SPD DR
================================================================================

 1  57  32  45  -8  20   0 0.04  0.0    0 11.2 23  10   M    M   4        29  20
 2  64  27  46  -7  19   0 0.17  0.0    0  6.8 16  40   M    M   4 1      20  20
 3  72  32  52  -1  13   0 0.00  0.0    0  9.4 21 350   M    M   0        27 350
 4  75  37  56   2   9   0 0.00  0.0    0  4.9 13  40   M    M   0        16 350
 5  87  42  65  11   0   0 0.00  0.0    0 10.7 24 180   M    M   0        29 170
 6  88  58  73  19   0   8 0.00  0.0    0 14.9 28  50   M    M   0        34  40
 7  70  52  61   6   4   0    T  0.0    0 16.3 28  90   M    M   3        35  50
 8  72  47  60   5   5   0 0.45  0.0    0 11.9 36  80   M    M   8 1      43  90
 9  67  49  58   3   7   0 0.48  0.0    0  6.7 25 290   M    M   5 1      31 290
10  67  43  55  -1  10   0 0.00  0.0    0  8.9 29 290   M    M   3 1      35 270
11  60  40  50  -6  15   0 0.00  0.0    0 13.2 30 270   M    M   4        35 270
12  70  34  52  -4  13   0 0.00  0.0    0 10.4 24 290   M    M   1        32 320
13  54  29  42 -15  23   0 0.00  0.0    0 16.3 29 340   M    M   6        41 330
14  58  28  43 -14  22   0 0.00  0.0    0  8.3 17 340   M    M   0        22 350
15  59  29  44 -13  21   0    T  0.0    0  7.9 22 200   M    M   5        25 190
16  55  39  47 -11  18   0 0.32  0.0    0  4.9 14 120   M    M   6        18 100
17  67  36  52  -6  13   0 0.00  0.0    0  5.6 13  20   M    M   3        16  80
18  72  34  53  -5  12   0 0.00  0.0    0  7.2 21 200   M    M   2        26 190
19  73  48  61   2   4   0 0.00  0.0    0 19.7 33 190   M    M   2        44 160
20  68  50  59   0   6   0 0.00  0.0    0 18.7 28 160   M    M   7        35 160
21  68  57  63   4   2   0 0.00  0.0    0 21.5 35 150   M    M   9        42 150
22  81  55  68   8   0   3 3.87  0.0    0 18.8 46 320   M    M   7 138    60 360
23  79  49  64   4   1   0    T  0.0    0 10.2 20 270   M    M   2        25 270
24  82  43  63   3   2   0 0.48  0.0    0  8.9 43 290   M    M   1 13     53 280
25  79  49  64   4   1   0    T  0.0    0  9.8 38 280   M    M   3 3      49 280
26  80  46  63   2   2   0 0.31  0.0    0  7.4 23 110   M    M   1 3      29  10
27  70  54  62   1   3   0 0.26  0.0    0  8.5 20  10   M    M   6 1      25  30
28  75  52  64   3   1   0 0.08  0.0    0  9.6 31 290   M    M   5 3      38 290
29  80  48  64   2   1   0 0.00  0.0    0  7.2 15 120   M    M   1 3      20 130
30  83  54  69   7   0   4 0.63  0.0    0 11.0 30 230   M    M   1 3      38 230
================================================================================
SM 2132 1293       247  15  7.09     0.0 326.8          M       99
================================================================================
AV 71.1 43.1                              10.9 FASTST   M    M   3    MAX(MPH)
                                 MISC ---->  # 46 320               # 60  360
================================================================================
NOTES:
# LAST OF SEVERAL OCCURRENCES

COLUMN 17 PEAK WIND IN M.P.H.

PRELIMINARY LOCAL CLIMATOLOGICAL DATA (WS FORM: F-6) , PAGE 2

                                          STATION:  VALENTINE NE
                                          MONTH:    MAY
                                          YEAR:     2016
                                          LATITUDE:   42 52 N
                                          LONGITUDE: 100 33 W

[TEMPERATURE DATA]      [PRECIPITATION DATA]       SYMBOLS USED IN COLUMN 16

AVERAGE MONTHLY: 57.1   TOTAL FOR MONTH:   7.09    1 = FOG OR MIST
DPTR FM NORMAL:  -0.4   DPTR FM NORMAL:    4.09    2 = FOG REDUCING VISIBILITY
HIGHEST:    88 ON  6    GRTST 24HR  3.87 ON 21-22      TO 1/4 MILE OR LESS
LOWEST:     27 ON  2                               3 = THUNDER
                        SNOW, ICE PELLETS, HAIL    4 = ICE PELLETS
                        TOTAL MONTH:   0.0 INCH    5 = HAIL
                        GRTST 24HR     0.0         6 = FREEZING RAIN OR DRIZZLE
                        GRTST DEPTH:   0           7 = DUSTSTORM OR SANDSTORM:
                                                       VSBY 1/2 MILE OR LESS
                                                   8 = SMOKE OR HAZE
[NO. OF DAYS WITH]      [WEATHER - DAYS WITH]      9 = BLOWING SNOW
                                                   X = TORNADO
MAX 32 OR BELOW:   0    0.01 INCH OR MORE:  11
MAX 90 OR ABOVE:   0    0.10 INCH OR MORE:   9
MIN 32 OR BELOW:   6    0.50 INCH OR MORE:   2
MIN  0 OR BELOW:   0    1.00 INCH OR MORE:   1

[HDD (BASE 65) ]
TOTAL THIS MO.   247    CLEAR  (SCALE 0-3)  16
DPTR FM NORMAL   -10    PTCLDY (SCALE 4-7)  12
TOTAL FM JUL 1  6145    CLOUDY (SCALE 8-10)  2
DPTR FM NORMAL  -795

[CDD (BASE 65) ]
TOTAL THIS MO.    15
DPTR FM NORMAL   -14    [PRESSURE DATA]
TOTAL FM JAN 1    18    HIGHEST SLP M ON M
DPTR FM NORMAL   -15    LOWEST  SLP 29.49 ON  9

[REMARKS]
