000
CXUS55 KLBF 201200
CF6VTN
PRELIMINARY LOCAL CLIMATOLOGICAL DATA (WS FORM: F-6)

                                          STATION:   VALENTINE
                                          MONTH:     SEPTEMBER
                                          YEAR:      2017
                                          LATITUDE:   42 52 N
                                          LONGITUDE: 100 33 W

  TEMPERATURE IN F:       :PCPN:    SNOW:  WIND      :SUNSHINE: SKY     :PK WND
================================================================================
1   2   3   4   5  6A  6B    7    8   9   10  11  12  13   14  15   16   17  18
                                     12Z  AVG MX 2MIN
DY MAX MIN AVG DEP HDD CDD  WTR  SNW DPTH SPD SPD DIR MIN PSBL S-S WX    SPD DR
================================================================================

 1  91  63  77   8   0  12 0.04  0.0    0  9.8 23 170   M    M   4 8      27 170
 2  89  57  73   4   0   8 0.00  0.0    0  6.3 13 160   M    M   0 18     17 180
 3 101  59  80  12   0  15 0.00  0.0    0  9.1 21 230   M    M   3 8      26 360
 4  76  48  62  -6   3   0 0.00  0.0    0 10.3 23 330   M    M   0 8      31 340
 5  74  42  58  -9   7   0 0.00  0.0    0 11.5 23 330   M    M   0        30 340
 6  79  37  58  -9   7   0 0.00  0.0    0  5.6 13  60   M    M   0        15  70
 7  91  39  65  -1   0   0 0.00  0.0    0  5.2 12 180   M    M   0        16 200
 8  91  47  69   3   0   4 0.00  0.0    0  7.8 18 100   M    M   0        24 120
 9  89  63  76  10   0  11 0.03  0.0    0 13.0 29 180   M    M   2 3      34 180
10  93  56  75  10   0  10 0.00  0.0    0  8.0 18 180   M    M   0        23 200
11  94  62  78  13   0  13 0.05  0.0    0  6.9 24  80   M    M   1 3      30  80
12 100  56  78  14   0  13 0.02  0.0    0  8.4 26 300   M    M   1 38     36 290
13  96  59  78  14   0  13 0.00  0.0    0  4.8 17 240   M    M   0        22 240
14  89  60  75  12   0  10 0.00  0.0    0  8.5 17 320   M    M   0 8      22 360
15  69  56  63   0   2   0 0.35  0.0    0 10.4 24 360   M    M   8 13     31 340
16  61  43  52 -10  13   0 0.29  0.0    0  8.8 22 330   M    M   7 13     29 330
17  68  38  53  -9  12   0 0.01  0.0    0  9.8 23 160   M    M   2        30 170
18  86  46  66   5   0   1 0.00  0.0    0  7.5 21 190   M    M   0 1      26 190
19  86  57  72  11   0   7 0.00  0.0    0 14.0 29 320   M    M   1        39 320
================================================================================
SM 1623  988        44 117  0.79     0.0 165.7          M       29
================================================================================
AV 85.4 52.0                               8.7 FASTST   M    M   2    MAX(MPH)
                                 MISC ---->  # 29 180               # 39  320
================================================================================
NOTES:
# LAST OF SEVERAL OCCURRENCES

COLUMN 17 PEAK WIND IN M.P.H.

PRELIMINARY LOCAL CLIMATOLOGICAL DATA (WS FORM: F-6) , PAGE 2

                                          STATION:  VALENTINE
                                          MONTH:    SEPTEMBER
                                          YEAR:     2017
                                          LATITUDE:   42 52 N
                                          LONGITUDE: 100 33 W

[TEMPERATURE DATA]      [PRECIPITATION DATA]       SYMBOLS USED IN COLUMN 16

AVERAGE MONTHLY: 68.7   TOTAL FOR MONTH:   0.79    1 = FOG OR MIST
DPTR FM NORMAL:   3.7   DPTR FM NORMAL:   -0.24    2 = FOG REDUCING VISIBILITY
HIGHEST:   101 ON  3    GRTST 24HR  0.35 ON 15-15      TO 1/4 MILE OR LESS
LOWEST:     37 ON  6                               3 = THUNDER
                        SNOW, ICE PELLETS, HAIL    4 = ICE PELLETS
                        TOTAL MONTH:   0.0 INCH    5 = HAIL
                        GRTST 24HR     0.0         6 = FREEZING RAIN OR DRIZZLE
                        GRTST DEPTH:   0           7 = DUSTSTORM OR SANDSTORM:
                                                       VSBY 1/2 MILE OR LESS
                                                   8 = SMOKE OR HAZE
[NO. OF DAYS WITH]      [WEATHER - DAYS WITH]      9 = BLOWING SNOW
                                                   X = TORNADO
MAX 32 OR BELOW:   0    0.01 INCH OR MORE:   7
MAX 90 OR ABOVE:   8    0.10 INCH OR MORE:   2
MIN 32 OR BELOW:   0    0.50 INCH OR MORE:   0
MIN  0 OR BELOW:   0    1.00 INCH OR MORE:   0

[HDD (BASE 65) ]
TOTAL THIS MO.    44    CLEAR  (SCALE 0-3)  16
DPTR FM NORMAL   -25    PTCLDY (SCALE 4-7)   3
TOTAL FM JUL 1    51    CLOUDY (SCALE 8-10)  0
DPTR FM NORMAL   -43

[CDD (BASE 65) ]
TOTAL THIS MO.   117
DPTR FM NORMAL    47    [PRESSURE DATA]
TOTAL FM JAN 1  1051    HIGHEST SLP M ON M
DPTR FM NORMAL   245    LOWEST  SLP 29.37 ON 19

[REMARKS]
