000
CXUS56 KLKN 231009
CF6WMC
PRELIMINARY LOCAL CLIMATOLOGICAL DATA (WS FORM: F-6)

                                          STATION:   WINNEMUCCA AIRPORT NV
                                          MONTH:     MAY
                                          YEAR:      2017
                                          LATITUDE:   40 54 N
                                          LONGITUDE: 117 48 W

  TEMPERATURE IN F:       :PCPN:    SNOW:  WIND      :SUNSHINE: SKY     :PK WND
================================================================================
1   2   3   4   5  6A  6B    7    8   9   10  11  12  13   14  15   16   17  18
                                     12Z  AVG MX 2MIN
DY MAX MIN AVG DEP HDD CDD  WTR  SNW DPTH SPD SPD DIR MIN PSBL S-S WX    SPD DR
================================================================================

 1  69  38  54   3  11   0 0.00  0.0    0  6.8 15 340   M    M   2        22 300
 2  71  40  56   5   9   0 0.00  0.0    0  5.0 13 340   M    M   1        16 320
 3  77  35  56   5   9   0 0.00  0.0    0  7.6 15  50   M    M   0        19  50
 4  85  41  63  11   2   0 0.00  0.0    0  6.7 14  70   M    M   1        17 150
 5  79  49  64  12   1   0 0.05  0.0    0  8.1 32 170   M    M   3 3      40 170
 6  65  44  55   3  10   0 0.13  0.0    0 17.8 32 340   M    M   8 13     43 330
 7  66  38  52  -1  13   0 0.00  0.0    0 12.6 22 310   M    M   2        29 320
 8  68  33  51  -2  14   0 0.00  0.0    0  8.1 15  20   M    M   0        22  20
 9  76  28  52  -1  13   0 0.00  0.0    0  4.5 15  50   M    M   0        19  20
10  83  36  60   7   5   0 0.00  0.0    0  4.8 15 280   M    M   0        21 240
11  84  39  62   8   3   0 0.00  0.0    0 13.2 32 230   M    M   0        40 230
12  59  32  46  -8  19   0 0.01  0.0    0 10.1 30 270   M    M   4        38 280
13  56  28  42 -12  23   0 0.04  0.2    T  6.5 21 250   M    M   6 1      27 200
14  63  26  45 -10  20   0 0.00  0.0    0 10.6 23  30   M    M   2        28  40
15  66  35  51  -4  14   0 0.00  0.0    0  6.1 16  30   M    M   4        22  20
16  51  31  41 -14  24   0 0.11  0.0    0 10.2 25 300   M    M   8 1      33 300
17  48  28  38 -17  27   0    T    T    0  7.8 20 320   M    M   9 18     25 310
18  61  34  48  -8  17   0 0.06  0.0    0  6.1 17 320   M    M   8 1      23 320
19  72  28  50  -6  15   0 0.00  0.0    0  4.9 10 330   M    M   0        15 310
20  80  34  57   1   8   0 0.00  0.0    0  6.8 20  40   M    M   1        26  40
21  77  42  60   4   5   0 0.00  0.0    0 10.7 20  30   M    M   0        25  10
22  82  40  61   4   4   0 0.00  0.0    0  6.1 15  50   M    M   0        20  50
================================================================================
SM 1538  779       266   0  0.40     0.2 181.1          M       59
================================================================================
AV 69.9 35.4                               8.2 FASTST   M    M   3    MAX(MPH)
                                 MISC ---->  # 32 170               # 43  330
================================================================================
NOTES:
# LAST OF SEVERAL OCCURRENCES

COLUMN 17 PEAK WIND IN M.P.H.

PRELIMINARY LOCAL CLIMATOLOGICAL DATA (WS FORM: F-6) , PAGE 2

                                          STATION:  WINNEMUCCA AIRPORT NV
                                          MONTH:    MAY
                                          YEAR:     2017
                                          LATITUDE:   40 54 N
                                          LONGITUDE: 117 48 W

[TEMPERATURE DATA]      [PRECIPITATION DATA]       SYMBOLS USED IN COLUMN 16

AVERAGE MONTHLY: 52.7   TOTAL FOR MONTH:   0.40    1 = FOG OR MIST
DPTR FM NORMAL:  -1.2   DPTR FM NORMAL:   -0.42    2 = FOG REDUCING VISIBILITY
HIGHEST:    85 ON  4    GRTST 24HR  0.13 ON  6- 6      TO 1/4 MILE OR LESS
LOWEST:     26 ON 14                               3 = THUNDER
                        SNOW, ICE PELLETS, HAIL    4 = ICE PELLETS
                        TOTAL MONTH:   0.2 INCH    5 = HAIL
                        GRTST 24HR   0.2 ON 13-13  6 = FREEZING RAIN OR DRIZZLE
                        GRTST DEPTH:   T           7 = DUSTSTORM OR SANDSTORM:
                                                       VSBY 1/2 MILE OR LESS
                                                   8 = SMOKE OR HAZE
[NO. OF DAYS WITH]      [WEATHER - DAYS WITH]      9 = BLOWING SNOW
                                                   X = TORNADO
MAX 32 OR BELOW:   0    0.01 INCH OR MORE:   6
MAX 90 OR ABOVE:   0    0.10 INCH OR MORE:   2
MIN 32 OR BELOW:   7    0.50 INCH OR MORE:   0
MIN  0 OR BELOW:   0    1.00 INCH OR MORE:   0

[HDD (BASE 65) ]
TOTAL THIS MO.   266    CLEAR  (SCALE 0-3)  14
DPTR FM NORMAL    15    PTCLDY (SCALE 4-7)   7
TOTAL FM JUL 1  5896    CLOUDY (SCALE 8-10)  1
DPTR FM NORMAL  -235

[CDD (BASE 65) ]
TOTAL THIS MO.     0
DPTR FM NORMAL     0    [PRESSURE DATA]
TOTAL FM JAN 1     0    HIGHEST SLP M ON M
DPTR FM NORMAL     0    LOWEST  SLP 29.42 ON  6

[REMARKS]
