000
CXUS55 KRIW 010902
CF6WRL
PRELIMINARY LOCAL CLIMATOLOGICAL DATA (WS FORM: F-6)

                                          STATION:   WORLAND WY
                                          MONTH:     JULY
                                          YEAR:      2015
                                          LATITUDE:   43 58 N
                                          LONGITUDE: 107 57 W

  TEMPERATURE IN F:       :PCPN:    SNOW:  WIND      :SUNSHINE: SKY     :PK WND
================================================================================
1   2   3   4   5  6A  6B    7    8   9   10  11  12  13   14  15   16   17  18
                                     12Z  AVG MX 2MIN
DY MAX MIN AVG DEP HDD CDD  WTR  SNW DPTH SPD SPD DIR MIN PSBL S-S WX    SPD DR
================================================================================

 1  95  58  77   8   0  12 0.07  0.0    0  5.4 30 220   M    M   1 3      38 230
 2  90  61  76   6   0  11    M  0.0    0  4.9 16 130   M    M   2        21 360
 3  95  58  77   7   0  12    M  0.0    0  6.0 22 320   M    M   0 3      28 330
 4  98  60  79   9   0  14    M  0.0    0  4.8 13 170   M    M   0        16 140
 5  74  57  66  -4   0   1    M  0.0    0  8.1 22 320   M    M   5 18     29 320
 6  75  55  65  -6   0   0    M  0.0    0  4.3 12 120   M    M   6 18     12 120
 7  84  57  71   0   0   6 0.08  0.0    0  6.4 30 330   M    M   4 138    37 340
 8  76  53  65  -6   0   0 0.02  0.0    0  5.9 24 130   M    M   5 13     32 130
 9  84  58  71   0   0   6 0.00  0.0    0  4.8 14 300   M    M   2 1      20 290
10  86  54  70  -2   0   5 0.00  0.0    0  7.2 25 240   M    M   0        34 250
11  90  54  72   0   0   7 0.00  0.0    0  7.7 25 220   M    M   1        32 220
12  92  58  75   3   0  10    T  0.0    0  7.3 25 260   M    M   1        39 260
13  93  53  73   1   0   8 0.00  0.0    0  6.9 25 320   M    M   0 3      33 330
14  92  56  74   2   0   9 0.02  0.0    0  6.5 38 300   M    M   1 38     49 290
15  80  56  68  -4   0   3 0.19  0.0    0  6.0 28 330   M    M   2 3      36 330
16  90  51  71  -1   0   6 0.00  0.0    0  4.5 24 340   M    M   0        28 340
17  80  56  68  -5   0   3    T  0.0    0  5.1 13 360   M    M   1        18  10
18  74  55  65  -8   0   0    T  0.0    0  5.1 14 320   M    M   2        19 320
19  85  49  67  -6   0   2 0.00  0.0    0  4.3 12  50   M    M   0        14 320
20  89  55  72  -1   0   7 0.00  0.0    0  6.5 22 230   M    M   3        28 220
21  90  55  73   0   0   8 0.00  0.0    0  5.6 21 360   M    M   1        26 360
22  95  56  76   3   0  11    T  0.0    0  5.6 20 310   M    M   1 3      26 320
23  92  59  76   3   0  11 0.00  0.0    0  8.2 23 230   M    M   2        30 240
24  92  54  73   0   0   8    T  0.0    0  6.2 22 320   M    M   1 3      28 330
25  91  57  74   1   0   9 0.00  0.0    0  5.7 10 360   M    M   0        17  20
26  99  53  76   3   0  11 0.00  0.0    0  7.5 23 230   M    M   0        30 160
27  94  47  71  -2   0   6 0.03  0.0    0  9.3 43 240   M    M   0 38     53 240
28  76  43  60 -13   5   0 0.00  0.0    0  6.2 18 300   M    M   0        23 320
29  83  42  63 -10   2   0 0.00  0.0    0  5.3 12  50   M    M   0        16 340
30  90  48  69  -4   0   4 0.00  0.0    0  4.7 10 170   M    M   0        14  50
31  96  50  73   0   0   8 0.00  0.0    0  4.5 12 330   M    M   0        15 340
================================================================================
SM 2720 1678         7 198  0.41     0.0 186.5          M       41
================================================================================
AV 87.7 54.1                               6.0 FASTST   M    M   1    MAX(MPH)
                                 MISC ---->  # 43 240               # 53  240
================================================================================
NOTES:
# LAST OF SEVERAL OCCURRENCES

COLUMN 17 PEAK WIND IN M.P.H.

PRELIMINARY LOCAL CLIMATOLOGICAL DATA (WS FORM: F-6) , PAGE 2

                                          STATION:  WORLAND WY
                                          MONTH:    JULY
                                          YEAR:     2015
                                          LATITUDE:   43 58 N
                                          LONGITUDE: 107 57 W

[TEMPERATURE DATA]      [PRECIPITATION DATA]       SYMBOLS USED IN COLUMN 16

AVERAGE MONTHLY: 70.9   TOTAL FOR MONTH:   0.41    1 = FOG OR MIST
DPTR FM NORMAL:  -1.1   DPTR FM NORMAL:   -0.30    2 = FOG REDUCING VISIBILITY
HIGHEST:    99 ON 26    GRTST 24HR  0.19 ON 14-15      TO 1/4 MILE OR LESS
LOWEST:     42 ON 29                               3 = THUNDER
                        SNOW, ICE PELLETS, HAIL    4 = ICE PELLETS
                        TOTAL MONTH:   0.0 INCH    5 = HAIL
                        GRTST 24HR     0.0         6 = FREEZING RAIN OR DRIZZLE
                        GRTST DEPTH:   0           7 = DUSTSTORM OR SANDSTORM:
                                                       VSBY 1/2 MILE OR LESS
                                                   8 = SMOKE OR HAZE
[NO. OF DAYS WITH]      [WEATHER - DAYS WITH]      9 = BLOWING SNOW
                                                   X = TORNADO
MAX 32 OR BELOW:   0    0.01 INCH OR MORE:   6
MAX 90 OR ABOVE:  18    0.10 INCH OR MORE:   1
MIN 32 OR BELOW:   0    0.50 INCH OR MORE:   0
MIN  0 OR BELOW:   0    1.00 INCH OR MORE:   0

[HDD (BASE 65) ]
TOTAL THIS MO.     7    CLEAR  (SCALE 0-3)  27
DPTR FM NORMAL    -6    PTCLDY (SCALE 4-7)   4
TOTAL FM JUL 1     7    CLOUDY (SCALE 8-10)  0
DPTR FM NORMAL    -6

[CDD (BASE 65) ]
TOTAL THIS MO.   198
DPTR FM NORMAL   -31    [PRESSURE DATA]
TOTAL FM JAN 1   379    HIGHEST SLP M ON M
DPTR FM NORMAL    54    LOWEST  SLP 29.74 ON 27

[REMARKS]
#FINAL-07-15#
