000
CXUS54 KTSA 280840
CF6XNA
PRELIMINARY LOCAL CLIMATOLOGICAL DATA (WS FORM: F-6)

                                          STATION:   HIGHFILL ARKANSAS
                                          MONTH:     JULY
                                          YEAR:      2016
                                          LATITUDE:   36 16 N
                                          LONGITUDE:  94 19 W

  TEMPERATURE IN F:       :PCPN:    SNOW:  WIND      :SUNSHINE: SKY     :PK WND
================================================================================
1   2   3   4   5  6A  6B    7    8   9   10  11  12  13   14  15   16   17  18
                                     12Z  AVG MX 2MIN
DY MAX MIN AVG DEP HDD CDD  WTR  SNW DPTH SPD SPD DIR MIN PSBL S-S WX    SPD DR
================================================================================

 1  87  68  78   2   0  13 0.05  0.0    0  3.8 14 160   M    M   5 13     16 160
 2  91  72  82   6   0  17 0.02  0.0    0  7.1 18 180   M    M   4        24 180
 3  86  68  77   1   0  12 2.64  0.0    0  8.9 20 360   M    M   5 123    23  10
 4  87  70  79   3   0  14 0.20  0.0    0  6.5 17 260   M    M   7 13     24 260
 5  92  72  82   5   0  17 0.00  0.0    0  8.6 18 170   M    M   1 1      23 180
 6   M   M   M   M   M   M 0.00  0.0    0  9.6 16 210   M    M   1 13     31 220
 7  90  79  85   8   0  20 0.00  0.0    0 13.4 22 180   M    M   1        31 180
 8   M   M   M   M   M   M 0.00  0.0    0  8.5 12 220   M    M   0 1       M  M
 9  88  70  79   2   0  14 0.00  0.0    M  6.4 12 180   M    M   2         M  M
10  90  72  81   4   0  16 0.00  0.0    M 10.1 15 160   M    M   1         M  M
11  81  72  77   0   0  12 0.00  0.0    0  9.5 16 190   M    M   0        22 190
12  88  75  82   5   0  17 0.00  0.0    M 15.5 24 120   M    M   2        31 150
13  91  79  85   8   0  20 0.00  0.0    M 14.6 27 180   M    M   1        37 180
14  84  68  76  -1   0  11 0.00  0.0    0 10.4 20 340   M    M   3        32  90
15  86  70  78   1   0  13 0.00  0.0    M  6.1 16 150   M    M   3 13      M  M
16  90  79  85   7   0  20 0.00  0.0    M  7.2 10 110   M    M   2         M  M
17  90  75  83   5   0  18 0.00  0.0    0 10.6 15 190   M    M   1        21 200
18  90  73  82   4   0  17 0.00  0.0    0  4.8 10 210   M    M   0         M  M
19  91  73  82   4   0  17 0.00  0.0    M  4.2  8 190   M    M   1         M  M
20  93  75  84   6   0  19 0.00  0.0    M  5.8 12 190   M    M   1        15 190
21  94  75  85   7   0  20 0.00  0.0    0  5.4 14 220   M    M   1        18 240
22  95  74  85   7   0  20 0.00  0.0    0  4.3 12 220   M    M   0        15 240
23  97  74  86   8   0  21 0.00  0.0    0  4.2 10 210   M    M   0        13 220
24  98  74  86   8   0  21 0.00  0.0    0  4.6 12 240   M    M   0        16 230
25  88  74  81   3   0  16 0.12  0.0    0  6.7 18  80   M    M   1 13     21  70
26  91  73  82   4   0  17 0.10  0.0    0  4.5 16  40   M    M   2 13     22  50
27  88  71  80   2   0  15 0.42  0.0    0  5.3 28  30   M    M   2 13     37  40
================================================================================
SM 2246 1825         0 417  3.55     0.0 206.6          M       47
================================================================================
AV 89.8 73.0                               7.7 FASTST   M    M   2    MAX(MPH)
                                 MISC ---->  # 28  30               # 37   40
================================================================================
NOTES:
# LAST OF SEVERAL OCCURRENCES

COLUMN 17 PEAK WIND IN M.P.H.

PRELIMINARY LOCAL CLIMATOLOGICAL DATA (WS FORM: F-6) , PAGE 2

                                          STATION:  HIGHFILL ARKANSAS
                                          MONTH:    JULY
                                          YEAR:     2016
                                          LATITUDE:   36 16 N
                                          LONGITUDE:  94 19 W

[TEMPERATURE DATA]      [PRECIPITATION DATA]       SYMBOLS USED IN COLUMN 16

AVERAGE MONTHLY: 81.4   TOTAL FOR MONTH:   3.55    1 = FOG OR MIST
DPTR FM NORMAL:   4.1   DPTR FM NORMAL:    0.57    2 = FOG REDUCING VISIBILITY
HIGHEST:    98 ON 24    GRTST 24HR  2.80 ON  3- 4      TO 1/4 MILE OR LESS
LOWEST:     68 ON 14, 3                            3 = THUNDER
                        SNOW, ICE PELLETS, HAIL    4 = ICE PELLETS
                        TOTAL MONTH:   0.0 INCH    5 = HAIL
                        GRTST 24HR     0.0         6 = FREEZING RAIN OR DRIZZLE
                        GRTST DEPTH:   0           7 = DUSTSTORM OR SANDSTORM:
                                                       VSBY 1/2 MILE OR LESS
                                                   8 = SMOKE OR HAZE
[NO. OF DAYS WITH]      [WEATHER - DAYS WITH]      9 = BLOWING SNOW
                                                   X = TORNADO
MAX 32 OR BELOW:   0    0.01 INCH OR MORE:   7
MAX 90 OR ABOVE:  15    0.10 INCH OR MORE:   5
MIN 32 OR BELOW:   0    0.50 INCH OR MORE:   1
MIN  0 OR BELOW:   0    1.00 INCH OR MORE:   1

[HDD (BASE 65) ]
TOTAL THIS MO.     0    CLEAR  (SCALE 0-3)  21
DPTR FM NORMAL     0    PTCLDY (SCALE 4-7)   6
TOTAL FM JUL 1     0    CLOUDY (SCALE 8-10)  0
DPTR FM NORMAL     0

[CDD (BASE 65) ]
TOTAL THIS MO.   417
DPTR FM NORMAL    85    [PRESSURE DATA]
TOTAL FM JAN 1   921    HIGHEST SLP M ON M
DPTR FM NORMAL   261    LOWEST  SLP 29.79 ON  3

[REMARKS]
