000
CXUS56 KPDT 300532
CF6YKM
PRELIMINARY LOCAL CLIMATOLOGICAL DATA (WS FORM: F-6)

                                          STATION:   YAKIMA WA
                                          MONTH:     SEPTEMBER
                                          YEAR:      2016
                                          LATITUDE:   46 34 N
                                          LONGITUDE: 120 32 W

  TEMPERATURE IN F:       :PCPN:    SNOW:  WIND      :SUNSHINE: SKY     :PK WND
================================================================================
1   2   3   4   5  6A  6B    7    8   9   10  11  12  13   14  15   16   17  18
                                     12Z  AVG MX 2MIN
DY MAX MIN AVG DEP HDD CDD  WTR  SNW DPTH SPD SPD DIR MIN PSBL S-S WX    SPD DR
================================================================================

 1  74  52  63  -2   2   0 0.10  0.0    0  3.3 16 300   M    M   4        21 300
 2  76  47  62  -3   3   0 0.00  0.0    0  6.1 25 290   M    M   4        32 290
 3  77  40  59  -6   6   0 0.00  0.0    0  4.5 12 330   M    M   2        16 330
 4  77  45  61  -3   4   0 0.00  0.0    0  8.1 23 310   M    M   2        28 320
 5  78  42  60  -4   5   0 0.00  0.0    0  4.9 13 350   M    M   0        16 350
 6  74  53  64   0   1   0 0.06  0.0    0  4.6 12 320   M    M   5 1      16 130
 7  81  46  64   0   1   0 0.00  0.0    0  4.1 14 330   M    M   1        18  30
 8  81  51  66   3   0   1 0.00  0.0    0  7.6 24 340   M    M   0        31 340
 9  79  42  61  -2   4   0 0.00  0.0    0  4.8 10 290   M    M   0        13 290
10  90  43  67   4   0   2 0.00  0.0    0  6.3 22 300   M    M   0        29 290
11  80  52  66   4   0   1 0.00  0.0    0  8.6 24 320   M    M   2        30 310
12  77  42  60  -2   5   0 0.00  0.0    0  8.4 22  20   M    M   0        28  20
13  77  40  59  -3   6   0 0.00  0.0    0  6.4 13  20   M    M   0        17  20
14  83  40  62   1   3   0 0.00  0.0    0  5.3 12 170   M    M   0 8      14 160
15  84  47  66   5   0   1 0.00  0.0    0  4.7 10 280   M    M   0        13 170
16  86  47  67   6   0   2 0.00  0.0    0  4.0 10 260   M    M   0        12 160
17  83  56  70  10   0   5    T  0.0    0  5.6 24 300   M    M   5        33 300
18  79  48  64   4   1   0 0.00  0.0    0  5.8 21 290   M    M   2        26 290
19  72  45  59  -1   6   0 0.00  0.0    0  5.9 23 300   M    M   1        31 300
20  73  39  56  -3   9   0 0.00  0.0    0  4.8 10 260   M    M   1        12 270
21  75  40  58  -1   7   0 0.00  0.0    0  5.6 13  80   M    M   3        19  10
22  78  47  63   4   2   0 0.00  0.0    0  5.2 14 260   M    M   2        17 260
23  71  43  57  -1   8   0    T  0.0    0  5.2 20 270   M    M   4        26 270
24  74  40  57  -1   8   0 0.00  0.0    0  3.8 12 160   M    M   0        14 170
25  83  44  64   6   1   0 0.00  0.0    0  3.9  9 280   M    M   0        12 170
26  86  49  68  11   0   3 0.00  0.0    0  5.8 10 270   M    M   0        16 150
27  86  52  69  12   0   4 0.00  0.0    0  6.7 13 270   M    M   0        16 320
28  84  47  66  10   0   1 0.00  0.0    0  5.5 12 260   M    M   0        13 260
================================================================================
SM 2218 1279        82  20  0.16     0.0 155.5          M       38
================================================================================
AV 79.2 45.7                               5.6 FASTST   M    M   1    MAX(MPH)
                                 MISC ---->  # 25 290               # 33  300
================================================================================
NOTES:
# LAST OF SEVERAL OCCURRENCES

COLUMN 17 PEAK WIND IN M.P.H.

PRELIMINARY LOCAL CLIMATOLOGICAL DATA (WS FORM: F-6) , PAGE 2

                                          STATION:  YAKIMA WA
                                          MONTH:    SEPTEMBER
                                          YEAR:     2016
                                          LATITUDE:   46 34 N
                                          LONGITUDE: 120 32 W

[TEMPERATURE DATA]      [PRECIPITATION DATA]       SYMBOLS USED IN COLUMN 16

AVERAGE MONTHLY: 62.4   TOTAL FOR MONTH:   0.16    1 = FOG OR MIST
DPTR FM NORMAL:   1.4   DPTR FM NORMAL:   -0.17    2 = FOG REDUCING VISIBILITY
HIGHEST:    90 ON 10    GRTST 24HR  0.12 ON 27-28      TO 1/4 MILE OR LESS
LOWEST:     39 ON 20                               3 = THUNDER
                        SNOW, ICE PELLETS, HAIL    4 = ICE PELLETS
                        TOTAL MONTH:   0.0 INCH    5 = HAIL
                        GRTST 24HR     0.0         6 = FREEZING RAIN OR DRIZZLE
                        GRTST DEPTH:   0           7 = DUSTSTORM OR SANDSTORM:
                                                       VSBY 1/2 MILE OR LESS
                                                   8 = SMOKE OR HAZE
[NO. OF DAYS WITH]      [WEATHER - DAYS WITH]      9 = BLOWING SNOW
                                                   X = TORNADO
MAX 32 OR BELOW:   0    0.01 INCH OR MORE:   2
MAX 90 OR ABOVE:   1    0.10 INCH OR MORE:   1
MIN 32 OR BELOW:   0    0.50 INCH OR MORE:   0
MIN  0 OR BELOW:   0    1.00 INCH OR MORE:   0

[HDD (BASE 65) ]
TOTAL THIS MO.    82    CLEAR  (SCALE 0-3)  22
DPTR FM NORMAL   -59    PTCLDY (SCALE 4-7)   6
TOTAL FM JUL 1    85    CLOUDY (SCALE 8-10)  0
DPTR FM NORMAL  -104

[CDD (BASE 65) ]
TOTAL THIS MO.    20
DPTR FM NORMAL   -11    [PRESSURE DATA]
TOTAL FM JAN 1   773    HIGHEST SLP 30.00 ON  3
DPTR FM NORMAL   302    LOWEST  SLP 29.80 ON 17

[REMARKS]
