120
CXUS51 KCLE 190800
CF6YNG
PRELIMINARY LOCAL CLIMATOLOGICAL DATA (WS FORM: F-6)

                                          STATION:   YOUNGSTOWN OH
                                          MONTH:     JANUARY
                                          YEAR:      2017
                                          LATITUDE:   41 16 N
                                          LONGITUDE:  80 40 W

  TEMPERATURE IN F:       :PCPN:    SNOW:  WIND      :SUNSHINE: SKY     :PK WND
================================================================================
1   2   3   4   5  6A  6B    7    8   9   10  11  12  13   14  15   16   17  18
                                     12Z  AVG MX 2MIN
DY MAX MIN AVG DEP HDD CDD  WTR  SNW DPTH SPD SPD DIR MIN PSBL S-S WX    SPD DR
================================================================================

 1  40  24  32   6  33   0 0.00  0.0    1  5.3 15 290   M    M   3        19 280
 2  44  29  37  11  28   0 0.05  0.0    T  9.9 16 130   M    M  10 1      22 130
 3  45  40  43  17  22   0 0.92  0.0    0  8.2 17 260   M    M  10 12     23 280
 4  40  19  30   4  35   0 0.05    T    0 17.4 29 250   M    M  10 1      37 260
 5  20  10  15 -11  50   0 0.12  2.4    0 11.0 21 240   M    M   9 1      27 240
 6  16   0   8 -18  57   0    T    T    2  6.7 13 250   M    M   5        16 260
 7  17   1   9 -17  56   0    T    T    2  8.6 18 240   M    M   7        23 240
 8  16   7  12 -14  53   0 0.03  1.1    3 11.3 18 270   M    M   8 189    25 290
 9  26   7  17  -9  48   0 0.01  0.3    3  8.8 16 190   M    M  10        22 150
10  47  25  36  10  29   0 0.55  1.9    3 15.5 35 220   M    M  10 16     45 250
11  56  34  45  19  20   0 0.17  0.0    0 12.3 31 230   M    M   8 1      39 250
12  61  33  47  21  18   0 1.49  0.0    0 12.5 47 330   M    M  10 1      57 340
13  33  24  29   3  36   0 0.00  0.0    0  8.6 15 320   M    M   9        17 310
14  34  24  29   3  36   0 0.00  0.0    0  4.0  9 330   M    M  10        11 320
15  33  19  26   0  39   0 0.00  0.0    0  1.9  8 230   M    M   6 1      10 230
16  38  17  28   2  37   0 0.07  0.0    0  5.5 10 110   M    M   9 1      12 140
17  59  38  49  23  16   0 0.52  0.0    0 10.6 17 270   M    M  10 1      23 270
18  46  37  42  16  23   0 0.03  0.0    0  9.5 16 250   M    M   5 1      21 250
================================================================================
SM  671  388       636   0  4.01     5.7 167.6          M      149
================================================================================
AV 37.3 21.6                               9.3 FASTST   M    M   8    MAX(MPH)
                                 MISC ---->  # 47 330               # 57  340
================================================================================
NOTES:
# LAST OF SEVERAL OCCURRENCES

COLUMN 17 PEAK WIND IN M.P.H.

PRELIMINARY LOCAL CLIMATOLOGICAL DATA (WS FORM: F-6) , PAGE 2

                                          STATION:  YOUNGSTOWN OH
                                          MONTH:    JANUARY
                                          YEAR:     2017
                                          LATITUDE:   41 16 N
                                          LONGITUDE:  80 40 W

[TEMPERATURE DATA]      [PRECIPITATION DATA]       SYMBOLS USED IN COLUMN 16

AVERAGE MONTHLY: 29.4   TOTAL FOR MONTH:   4.01    1 = FOG OR MIST
DPTR FM NORMAL:   3.4   DPTR FM NORMAL:    2.46    2 = FOG REDUCING VISIBILITY
HIGHEST:    61 ON 12    GRTST 24HR  1.66 ON 11-12      TO 1/4 MILE OR LESS
LOWEST:      0 ON  6                               3 = THUNDER
                        SNOW, ICE PELLETS, HAIL    4 = ICE PELLETS
                        TOTAL MONTH:   5.7 INCHES  5 = HAIL
                        GRTST 24HR   2.4 ON   M    6 = FREEZING RAIN OR DRIZZLE
                        GRTST DEPTH:   3 ON 10, 9  7 = DUSTSTORM OR SANDSTORM:
                                                       VSBY 1/2 MILE OR LESS
                                                   8 = SMOKE OR HAZE
[NO. OF DAYS WITH]      [WEATHER - DAYS WITH]      9 = BLOWING SNOW
                                                   X = TORNADO
MAX 32 OR BELOW:   5    0.01 INCH OR MORE:  12
MAX 90 OR ABOVE:   0    0.10 INCH OR MORE:   6
MIN 32 OR BELOW:  13    0.50 INCH OR MORE:   4
MIN  0 OR BELOW:   1    1.00 INCH OR MORE:   1

[HDD (BASE 65) ]
TOTAL THIS MO.   636    CLEAR  (SCALE 0-3)   0
DPTR FM NORMAL   -71    PTCLDY (SCALE 4-7)   6
TOTAL FM JUL 1  2687    CLOUDY (SCALE 8-10) 12
DPTR FM NORMAL  -426

[CDD (BASE 65) ]
TOTAL THIS MO.     0
DPTR FM NORMAL     0    [PRESSURE DATA]
TOTAL FM JAN 1     0    HIGHEST SLP M ON M
DPTR FM NORMAL     0    LOWEST  SLP 29.55 ON  3

[REMARKS]
