000
CXUS56 KOTX 042304 CCA
CLAEAT

CLIMATE REPORT
NATIONAL WEATHER SERVICE SPOKANE, WA
1210 PM PST TUE JAN 3 2017

...................................

...THE WENATCHEE WA PANGBORN FIELD CLIMATE SUMMARY FOR THE YEAR OF 2016...

CLIMATE NORMAL PERIOD 1981 TO 2010
CLIMATE RECORD PERIOD 1959 TO 2017

WEATHER         OBSERVED          NORMAL  DEPART
                 VALUE   DATE(S)  VALUE   FROM
                                          NORMAL
................................................
TEMPERATURE (F)
RECORD
 HIGH             109   06/28/2015
                        08/04/1961
                        08/04/1961
 LOW              -21   12/30/1968
HIGHEST           101   07/29
                        06/06
LOWEST              2   12/18
                        12/17
AVG. MAXIMUM     62.7              61.0     1.7
AVG. MINIMUM     43.7              40.8     2.9
MEAN             53.2              29.5    23.7
DAYS MAX >= 90     28              28.1    -0.1
DAYS MAX <= 32     26              31.9    -5.9
DAYS MIN <= 32     77              99.1   -22.1
DAYS MIN <= 0       0               1.1    -1.1

PRECIPITATION (INCHES)
RECORD
 MAXIMUM        14.28   1983
 MINIMUM         4.49   1976
TOTALS          10.17              8.01    2.16
DAILY AVG.          T              0.02   -0.02
DAYS >= .01        81              67.9    13.1
DAYS >= .10        27              25.1     1.9
DAYS >= .50         6               1.8     4.2
DAYS >= 1.00        0               0.1    -0.1
GREATEST
 24 HR. TOTAL    0.98   MM

DEGREE_DAYS
HEATING TOTAL    5003              5772    -769
COOLING TOTAL     801               790      11

FREEZE DATES
RECORD
 EARLIEST     09/29/1985
 LATEST       05/27/2011
EARLIEST                        10/26
LATEST                          04/08
.................................................

WIND (MPH)
AVERAGE WIND SPEED              7.0
HIGHEST WIND SPEED/DIRECTION    38/300    DATE  09/08
HIGHEST GUST SPEED/DIRECTION    51/270    DATE  02/28

SKY COVER
AVERAGE SKY COVER           0.30

AVERAGE RH (PERCENT)     59

WEATHER CONDITIONS. NUMBER OF DAYS WITH
THUNDERSTORM              6     MIXED PRECIP               0
HEAVY RAIN                3     RAIN                      17
LIGHT RAIN               90     FREEZING RAIN              0
LT FREEZING RAIN          1     HAIL                       0
SLEET                     0     FOG                      101
FOG W/VIS <= 1/4 MILE    45     HAZE                      33

-  INDICATES NEGATIVE NUMBERS.
R  INDICATES RECORD WAS SET OR TIED.
MM INDICATES DATA IS MISSING.
T  INDICATES TRACE AMOUNT.

$$
