000
CXUS56 KEKA 111941
CLAEKA

CLIMATE REPORT
NATIONAL WEATHER SERVICE EUREKA CA
1135 AM PST WED JAN 11 2017

...................................

...THE EUREKA CA CLIMATE SUMMARY FOR THE YEAR OF 2016...

CLIMATE NORMAL PERIOD 1981 TO 2010
CLIMATE RECORD PERIOD 1886 TO 2017

WEATHER         OBSERVED          NORMAL  DEPART  LAST YEAR`S
                 VALUE   DATE(S)  VALUE   FROM    VALUE  DATE(S)
                                          NORMAL
................................................................
TEMPERATURE (F)
RECORD
 HIGH              87   10/26/1993
 LOW               20   01/14/1888
HIGHEST            78   04/06        79      -1       77  07/28
LOWEST             29   12/26        30      -1       30  12/26
                        12/17                             11/28
                        12/18
AVG. MAXIMUM     60.6              59.6     1.0     61.0
AVG. MINIMUM     47.6              46.1     1.5     48.0
MEAN             54.1              52.9     1.2     54.5
DAYS MAX >= 90      0               0.0     0.0        0
DAYS MAX <= 32      0               0.0     0.0        0
DAYS MIN <= 32      7               6.1     0.9        8
DAYS MIN <= 0       0               0.0     0.0        0

PRECIPITATION (INCHES)
RECORD
 MAXIMUM        67.21   1983
 MINIMUM        16.60   2013
TOTALS          53.13             40.33   12.80    33.84
DAILY AVG.       0.14              0.11    0.03     0.09
DAYS >= .01       138             127.5    10.5      101
DAYS >= .10        87              77.3     9.7       60
DAYS >= .50        38              27.9    10.1       23
DAYS >= 1.00       14               8.8     5.2       10
GREATEST
 24 HR. TOTAL    2.74   12/14 TO 12/15
                                                                                                           12/13 TO 12/13

SNOWFALL (INCHES)
RECORDS
 TOTAL            6.9   1907
 24 HR TOTAL      3.4   01/13/1907 TO 01/13/1907
 SNOW DEPTH        MM   MM
TOTALS              T               0.2    -0.2        T
 LIQUID EQUIV      MM                MM      MM       MM
SINCE 7/1           T                 T     0.0        T
 LIQUID 7/1        MM                MM      MM       MM
SNOWDEPTH AVG.      0                MM      MM        0
DAYS >= TRACE       1               0.2     0.8        7
DAYS >= 1.0         0               0.1    -0.1        0
GREATEST
 SNOW DEPTH         0   11/19
 24 HR TOTAL        T   11/19 TO 11/19

DEGREE_DAYS
HEATING TOTAL    3893              4434    -541     3759
 SINCE 7/1       1847              1955    -108     1581
COOLING TOTAL       6                 2       4        6
 SINCE 1/1          6                 0       6        6


....................................................

WIND (MPH)
AVERAGE WIND SPEED              4.9
RESULTANT WIND SPEED/DIRECTION   1/293
HIGHEST WIND SPEED/DIRECTION    23/180    DATE  11/22
HIGHEST GUST SPEED/DIRECTION    41/160    DATE  03/09

SKY COVER
AVERAGE SKY COVER           0.70


WEATHER CONDITIONS. NUMBER OF DAYS WITH
THUNDERSTORM              0     HEAVY RAIN                 9
RAIN                     36     LIGHT RAIN               170
HAIL                      1     SNOW                       0
SLEET                     0     FOG                      172
FOG W/VIS <= 1/4 MILE    47     HAZE                      31

-  INDICATES NEGATIVE NUMBERS.
R  INDICATES RECORD WAS SET OR TIED.
MM INDICATES DATA IS MISSING.
T  INDICATES TRACE AMOUNT.

$$
