000
CXUS55 KCYS 050642
CLATOR
CLIMATE REPORT
NATIONAL WEATHER SERVICE CHEYENNE WY
1142 PM MST THU JAN 04 2024
...................................
...THE TORRINGTON WY AIRPORT CLIMATE SUMMARY FOR THE YEAR OF 2023...
CLIMATE NORMAL PERIOD 1991 TO 2020
CLIMATE RECORD PERIOD 1998 TO 2024
WEATHER OBSERVED NORMAL DEPART LAST YEAR`S
VALUE DATE(S) VALUE FROM VALUE DATE(S)
NORMAL
................................................................
TEMPERATURE (F)
RECORD
HIGH 107 07/16/2006
07/15/2006
LOW -30 02/18/2006
HIGHEST 103 08/22 MM MM 107 07/18
LOWEST -23 01/31 MM MM -19 12/22
02/23
AVG. MAXIMUM 63.9 63.9 0.0 64.4
AVG. MINIMUM 35.5 34.3 1.2 33.4
MEAN 49.7 49.1 0.6 48.9
DAYS MAX >= 90 38 52.5 -14.5 69
DAYS MAX <= 32 23 25.8 -2.8 36
DAYS MIN <= 32 158 171.8 -13.8 181
DAYS MIN <= 0 6 10.9 -4.9 21
PRECIPITATION (INCHES)
RECORD
MAXIMUM 18.77 2014
MINIMUM 5.74 2022
TOTALS MM 12.82 MM MM
DAILY AVG. T 0.04 -0.04 T
DAYS >= .01 78 80.8 -2.8 41
DAYS >= .10 40 31.2 8.8 17
DAYS >= .50 8 6.2 1.8 1
DAYS >= 1.00 1 1.5 -0.5 0
GREATEST
24 HR. TOTAL 1.54 05/11 TO 05/12 0.90 05/08 TO 05/08
STORM TOTAL 1.24 0.90
(MM/DD(HH)) 05/11
DEGREE DAYS
HEATING TOTAL 6076 6480 -404 6708
SINCE 7/1 2266 2675 -409 MM
COOLING TOTAL 651 725 -74 1004
SINCE 1/1 651 725 -74 MM
................................................................
WIND (MPH)
AVERAGE WIND SPEED 9.0
HIGHEST WIND SPEED/DIRECTION 52/360 DATE 07/27
HIGHEST GUST SPEED/DIRECTION 67/010 DATE 07/27
SKY COVER
POSSIBLE SUNSHINE (PERCENT) MM
AVERAGE SKY COVER 0.25
NUMBER OF DAYS FAIR 257
NUMBER OF DAYS PC 67
NUMBER OF DAYS CLOUDY 37
AVERAGE RH (PERCENT) 61
WEATHER CONDITIONS. NUMBER OF DAYS WITH
THUNDERSTORM 73 MIXED PRECIP 0
HEAVY RAIN 19 RAIN 33
LIGHT RAIN 99 FREEZING RAIN 0
LT FREEZING RAIN 1 HAIL 0
HEAVY SNOW 2 SNOW 11
LIGHT SNOW 47 SLEET 0
FOG 102 FOG W/VIS <= 1/4 MILE 17
HAZE 46
- INDICATES NEGATIVE NUMBERS.
R INDICATES RECORD WAS SET OR TIED.
MM INDICATES DATA IS MISSING.
T INDICATES TRACE AMOUNT.
$$