676
CDUS41 KBTV 200537
CLI1V4


CLIMATE REPORT
NATIONAL WEATHER SERVICE BURLINGTON VT
1235 AM EST MON NOV 20 2017


...................................

...THE ST. JOHNSBURY VT CLIMATE SUMMARY FOR NOVEMBER 19 2017...

CLIMATE NORMAL PERIOD 1981 TO 2010
CLIMATE RECORD PERIOD 1894 TO 2017


WEATHER ITEM   OBSERVED TIME   RECORD YEAR NORMAL DEPARTURE LAST
                VALUE   (LST)  VALUE       VALUE  FROM      YEAR
                                                  NORMAL
..................................................................
TEMPERATURE (F)
 YESTERDAY
  MAXIMUM         35        MM  66    1941  43     -8       58
  MINIMUM         30        MM   1    1936  27      3       32
  AVERAGE         33                        35     -2       45

PRECIPITATION (IN)
  YESTERDAY        0.00          1.51 1932   0.11  -0.11     0.00
  MONTH TO DATE    1.40                      2.18  -0.78     1.54
  SINCE SEP 1      9.88                      9.44   0.44     6.38
  SINCE JAN 1     39.42                     35.20   4.22    34.32

DEGREE DAYS
 HEATING
  YESTERDAY       32                        30      2       20
  MONTH TO DATE  568                       507     61      447
  SINCE SEP 1   1038                      1244   -206     1079
  SINCE JUL 1   1129                      1294   -165     1106

 COOLING
  YESTERDAY        0                         0      0        0
  MONTH TO DATE    0                         0      0        0
  SINCE SEP 1     69                        35     34       49
  SINCE JAN 1    331                       433   -102      457
..................................................................


WIND (MPH)
  HIGHEST WIND SPEED    MM   HIGHEST WIND DIRECTION    MM
  HIGHEST GUST SPEED    MM   HIGHEST GUST DIRECTION    MM
  AVERAGE WIND SPEED    MM


SKY COVER
  AVERAGE SKY COVER 0.0


WEATHER CONDITIONS
 THE FOLLOWING WEATHER WAS RECORDED YESTERDAY.
  NO SIGNIFICANT WEATHER WAS OBSERVED.


RELATIVE HUMIDITY (PERCENT)
 HIGHEST    72           700 PM
 LOWEST     69           900 PM
 AVERAGE    71

..........................................................


THE ST. JOHNSBURY VT CLIMATE NORMALS FOR TODAY
                         NORMAL    RECORD    YEAR
 MAXIMUM TEMPERATURE (F)   42        68      1991
 MINIMUM TEMPERATURE (F)   27         4      1894


SUNRISE AND SUNSET
NOVEMBER 20 2017......SUNRISE   651 AM EST   SUNSET   416 PM EST
NOVEMBER 21 2017......SUNRISE   652 AM EST   SUNSET   415 PM EST


-  INDICATES NEGATIVE NUMBERS.
R  INDICATES RECORD WAS SET OR TIED.
MM INDICATES DATA IS MISSING.
T  INDICATES TRACE AMOUNT.




$$
