000
CDUS41 KBTV 080650
CLI1V4


CLIMATE REPORT
NATIONAL WEATHER SERVICE BURLINGTON VT
249 AM EDT WED JUL 8 2015


...................................

...THE ST. JOHNSBURY VT CLIMATE SUMMARY FOR JULY 7 2015...

CLIMATE NORMAL PERIOD 1981 TO 2010
CLIMATE RECORD PERIOD 1894 TO 2015


WEATHER ITEM   OBSERVED TIME   RECORD YEAR NORMAL DEPARTURE LAST
                VALUE   (LST)  VALUE       VALUE  FROM      YEAR
                                                  NORMAL
..................................................................
TEMPERATURE (F)
 YESTERDAY
  MAXIMUM         82        MM  96    1921  81      1       78
  MINIMUM         58        MM  38    1965  59     -1       54
  AVERAGE         70                        70      0       66

PRECIPITATION (IN)
  YESTERDAY        0.00          1.75 1984   0.13  -0.13     0.90
  MONTH TO DATE    0.62                      0.88  -0.26     2.00
  SINCE JUN 1      8.32                      4.89   3.43     5.27
  SINCE JAN 1     19.69                     18.30   1.39    20.97

DEGREE DAYS
 HEATING
  YESTERDAY        0                         1     -1        0
  MONTH TO DATE   11                         7      4        1
  SINCE JUN 1    120                        79     41       70
  SINCE JUL 1     11                         7      4        1

 COOLING
  YESTERDAY        5                         6     -1        1
  MONTH TO DATE   15                        36    -21       48
  SINCE JUN 1     48                       126    -78       95
  SINCE JAN 1     86                       144    -58       99
..................................................................


WIND (MPH)
  HIGHEST WIND SPEED    MM   HIGHEST WIND DIRECTION    MM
  HIGHEST GUST SPEED    MM   HIGHEST GUST DIRECTION    MM
  AVERAGE WIND SPEED    MM


SKY COVER
  AVERAGE SKY COVER 0.0


WEATHER CONDITIONS
 THE FOLLOWING WEATHER WAS RECORDED YESTERDAY.
  NO SIGNIFICANT WEATHER WAS OBSERVED.


RELATIVE HUMIDITY (PERCENT)
 HIGHEST    87           100 AM
 LOWEST     58           200 PM
 AVERAGE    73

..........................................................


THE ST. JOHNSBURY VT CLIMATE NORMALS FOR TODAY
                         NORMAL    RECORD    YEAR
 MAXIMUM TEMPERATURE (F)   81        99      1921
 MINIMUM TEMPERATURE (F)   59        36      1969


SUNRISE AND SUNSET
JULY  8 2015..........SUNRISE   512 AM EDT   SUNSET   834 PM EDT
JULY  9 2015..........SUNRISE   513 AM EDT   SUNSET   834 PM EDT


-  INDICATES NEGATIVE NUMBERS.
R  INDICATES RECORD WAS SET OR TIED.
MM INDICATES DATA IS MISSING.
T  INDICATES TRACE AMOUNT.




$$
