783
CDUS41 KBTV 290543
CLI1V4


CLIMATE REPORT
NATIONAL WEATHER SERVICE BURLINGTON VT
140 AM EDT SUN MAY 29 2016


...................................

...THE ST. JOHNSBURY VT CLIMATE SUMMARY FOR MAY 28 2016...

CLIMATE NORMAL PERIOD 1981 TO 2010
CLIMATE RECORD PERIOD 1894 TO 2016


WEATHER ITEM   OBSERVED TIME   RECORD YEAR NORMAL DEPARTURE LAST
                VALUE   (LST)  VALUE       VALUE  FROM      YEAR
                                                  NORMAL
..................................................................
TEMPERATURE (F)
 YESTERDAY
  MAXIMUM         90    209 PM  93    1978  72     18       MM
  MINIMUM         64    520 AM  30    1994  48     16       MM
  AVERAGE         77                        60     17       MM

PRECIPITATION (IN)
  YESTERDAY        0.00          1.50 1951   0.12  -0.12    MM
  MONTH TO DATE    3.03                      3.01   0.02     1.71
  SINCE MAR 1      7.83                      8.38  -0.55     5.50
  SINCE JAN 1     12.57                     13.06  -0.49    10.06

DEGREE DAYS
 HEATING
  YESTERDAY        0                         6     -6       MM
  MONTH TO DATE  288                       269     19      178
  SINCE MAR 1   1952                      1964    -12     2155
  SINCE JUL 1   6837                      7688   -851     8220

 COOLING
  YESTERDAY       12                         1     11       MM
  MONTH TO DATE   27                        11     16       27
  SINCE MAR 1     27                        12     15       27
  SINCE JAN 1     27                        12     15       27
..................................................................


WIND (MPH)
  HIGHEST WIND SPEED    MM   HIGHEST WIND DIRECTION    MM
  HIGHEST GUST SPEED    MM   HIGHEST GUST DIRECTION    MM
  AVERAGE WIND SPEED    MM


SKY COVER
  AVERAGE SKY COVER 0.0


WEATHER CONDITIONS
 THE FOLLOWING WEATHER WAS RECORDED YESTERDAY.
  NO SIGNIFICANT WEATHER WAS OBSERVED.


RELATIVE HUMIDITY (PERCENT)
 HIGHEST    87           100 AM
 LOWEST     31           200 PM
 AVERAGE    59

..........................................................


THE ST. JOHNSBURY VT CLIMATE NORMALS FOR TODAY
                         NORMAL    RECORD    YEAR
 MAXIMUM TEMPERATURE (F)   73        92      1978
 MINIMUM TEMPERATURE (F)   49        29      1970


SUNRISE AND SUNSET
MAY 29 2016...........SUNRISE   508 AM EDT   SUNSET   823 PM EDT
MAY 30 2016...........SUNRISE   508 AM EDT   SUNSET   824 PM EDT


-  INDICATES NEGATIVE NUMBERS.
R  INDICATES RECORD WAS SET OR TIED.
MM INDICATES DATA IS MISSING.
T  INDICATES TRACE AMOUNT.




$$
