000
CDUS41 KBTV 020727
CLI1V4


CLIMATE REPORT
NATIONAL WEATHER SERVICE BURLINGTON VT
326 AM EDT THU OCT 2 2014


...................................

...THE ST. JOHNSBURY VT CLIMATE SUMMARY FOR OCTOBER 1 2014...

CLIMATE NORMAL PERIOD 1981 TO 2010
CLIMATE RECORD PERIOD 1894 TO 2014


WEATHER ITEM   OBSERVED TIME   RECORD YEAR NORMAL DEPARTURE LAST
                VALUE   (LST)  VALUE       VALUE  FROM      YEAR
                                                  NORMAL
..................................................................
TEMPERATURE (F)
 YESTERDAY
  MAXIMUM         67    354 PM  87    1922  64      3       75
  MINIMUM         51    154 AM  24    1925  42      9       42
  AVERAGE         59                        53      6       59

PRECIPITATION (IN)
  YESTERDAY        0.00          2.93 2010   0.13  -0.13     0.00
  MONTH TO DATE    0.00                      0.13  -0.13     0.00
  SINCE SEP 1      1.43                      3.52  -2.09     3.65
  SINCE JAN 1     28.87                     29.28  -0.41    28.62

DEGREE DAYS
 HEATING
  YESTERDAY        6                        12     -6        6
  MONTH TO DATE    6                        12     -6        6
  SINCE SEP 1    233                       196     37      254
  SINCE JUL 1    290                       246     44      314

 COOLING
  YESTERDAY        0                         0      0        0
  MONTH TO DATE    0                         0      0        0
  SINCE SEP 1     28                        34     -6       40
  SINCE JAN 1    247                       432   -185      407
..................................................................


WIND (MPH)
  HIGHEST WIND SPEED    MM   HIGHEST WIND DIRECTION    MM
  HIGHEST GUST SPEED    MM   HIGHEST GUST DIRECTION    MM
  AVERAGE WIND SPEED    MM


SKY COVER
  AVERAGE SKY COVER 0.0


WEATHER CONDITIONS
 THE FOLLOWING WEATHER WAS RECORDED YESTERDAY.
  NO SIGNIFICANT WEATHER WAS OBSERVED.


RELATIVE HUMIDITY (PERCENT)
 HIGHEST   100           200 AM
 LOWEST     58           300 PM
 AVERAGE    79

..........................................................


THE ST. JOHNSBURY VT CLIMATE NORMALS FOR TODAY
                         NORMAL    RECORD    YEAR
 MAXIMUM TEMPERATURE (F)   64        84      1950
 MINIMUM TEMPERATURE (F)   42        27      1992


SUNRISE AND SUNSET
OCTOBER  2 2014.......SUNRISE   647 AM EDT   SUNSET   627 PM EDT
OCTOBER  3 2014.......SUNRISE   648 AM EDT   SUNSET   625 PM EDT


-  INDICATES NEGATIVE NUMBERS.
R  INDICATES RECORD WAS SET OR TIED.
MM INDICATES DATA IS MISSING.
T  INDICATES TRACE AMOUNT.




$$
