000
CDUS41 KBTV 290531
CLI1V4


CLIMATE REPORT
NATIONAL WEATHER SERVICE BURLINGTON VT
129 AM EDT FRI MAY 29 2015


...................................

...THE ST. JOHNSBURY VT CLIMATE SUMMARY FOR MAY 28 2015...

CLIMATE NORMAL PERIOD 1981 TO 2010
CLIMATE RECORD PERIOD 1894 TO 2015


WEATHER ITEM   OBSERVED TIME   RECORD YEAR NORMAL DEPARTURE LAST
                VALUE   (LST)  VALUE       VALUE  FROM      YEAR
                                                  NORMAL
..................................................................
TEMPERATURE (F)
 YESTERDAY
  MAXIMUM         MM        MM  93    1978  72     MM       58
  MINIMUM         MM        MM  30    1994  48     MM       44
  AVERAGE         MM                        60     MM       51

PRECIPITATION (IN)
  YESTERDAY       MM             1.50 1951   0.12  MM        0.02
  MONTH TO DATE    1.71                      3.01  -1.30     4.29
  SINCE MAR 1      5.50                      8.38  -2.88    10.24
  SINCE JAN 1     10.06                     13.06  -3.00    15.37

DEGREE DAYS
 HEATING
  YESTERDAY       MM                         6     MM       14
  MONTH TO DATE  178                       269    -91      269
  SINCE MAR 1   2155                      1964    191     2366
  SINCE JUL 1   8220                      7688    532     8398

 COOLING
  YESTERDAY       MM                         1     MM        0
  MONTH TO DATE   27                        11     16        4
  SINCE MAR 1     27                        12     15        4
  SINCE JAN 1     27                        12     15        4
..................................................................


WIND (MPH)
  HIGHEST WIND SPEED    MM   HIGHEST WIND DIRECTION    MM
  HIGHEST GUST SPEED    MM   HIGHEST GUST DIRECTION    MM
  AVERAGE WIND SPEED    MM


SKY COVER
  AVERAGE SKY COVER  MM


WEATHER CONDITIONS
 THE FOLLOWING WEATHER WAS RECORDED YESTERDAY.
  NO SIGNIFICANT WEATHER WAS OBSERVED.


RELATIVE HUMIDITY (PERCENT)
 HIGHEST    MM
 LOWEST     MM
 AVERAGE    MM

..........................................................


THE ST. JOHNSBURY VT CLIMATE NORMALS FOR TODAY
                         NORMAL    RECORD    YEAR
 MAXIMUM TEMPERATURE (F)   73        92      1978
 MINIMUM TEMPERATURE (F)   49        29      1970


SUNRISE AND SUNSET
MAY 29 2015...........SUNRISE   509 AM EDT   SUNSET   823 PM EDT
MAY 30 2015...........SUNRISE   508 AM EDT   SUNSET   824 PM EDT


-  INDICATES NEGATIVE NUMBERS.
R  INDICATES RECORD WAS SET OR TIED.
MM INDICATES DATA IS MISSING.
T  INDICATES TRACE AMOUNT.




$$
