000
CDUS41 KBTV 260537
CLI1V4


CLIMATE REPORT
NATIONAL WEATHER SERVICE BURLINGTON VT
1235 AM EST MON JAN 26 2015


...................................

...THE ST. JOHNSBURY VT CLIMATE SUMMARY FOR JANUARY 25 2015...

CLIMATE NORMAL PERIOD 1981 TO 2010
CLIMATE RECORD PERIOD 1894 TO 2015


WEATHER ITEM   OBSERVED TIME   RECORD YEAR NORMAL DEPARTURE LAST
                VALUE   (LST)  VALUE       VALUE  FROM      YEAR
                                                  NORMAL
..................................................................
TEMPERATURE (F)
 YESTERDAY
  MAXIMUM         30    627 AM  57    1938  27      3       22
  MINIMUM         -4   1159 PM -30    1922   6    -10       11
  AVERAGE         13                        16     -3       17

PRECIPITATION (IN)
  YESTERDAY        0.03          0.79 1928   0.08  -0.05     0.03
  MONTH TO DATE    2.32                      2.02   0.30     1.90
  SINCE DEC 1      6.21                      5.10   1.11     5.34
  SINCE JAN 1      2.32                      2.02   0.30     1.90

DEGREE DAYS
 HEATING
  YESTERDAY       52                        49      3       48
  MONTH TO DATE 1288                      1208     80     1203
  SINCE DEC 1   2436                      2505    -69     2559
  SINCE JUL 1   4088                      4161    -73     4358

 COOLING
  YESTERDAY        0                         0      0        0
  MONTH TO DATE    0                         0      0        0
  SINCE DEC 1      0                         0      0        0
  SINCE JAN 1      0                         0      0        0
..................................................................


WIND (MPH)
  HIGHEST WIND SPEED    MM   HIGHEST WIND DIRECTION    MM
  HIGHEST GUST SPEED    MM   HIGHEST GUST DIRECTION    MM
  AVERAGE WIND SPEED    MM


SKY COVER
  AVERAGE SKY COVER 0.0


WEATHER CONDITIONS
 THE FOLLOWING WEATHER WAS RECORDED YESTERDAY.
  NO SIGNIFICANT WEATHER WAS OBSERVED.


RELATIVE HUMIDITY (PERCENT)
 HIGHEST    92           500 AM
 LOWEST     55           200 PM
 AVERAGE    74

..........................................................


THE ST. JOHNSBURY VT CLIMATE NORMALS FOR TODAY
                         NORMAL    RECORD    YEAR
 MAXIMUM TEMPERATURE (F)   27        54      1978
 MINIMUM TEMPERATURE (F)    6       -34      1912


SUNRISE AND SUNSET
JANUARY 26 2015.......SUNRISE   713 AM EST   SUNSET   449 PM EST
JANUARY 27 2015.......SUNRISE   712 AM EST   SUNSET   450 PM EST


-  INDICATES NEGATIVE NUMBERS.
R  INDICATES RECORD WAS SET OR TIED.
MM INDICATES DATA IS MISSING.
T  INDICATES TRACE AMOUNT.




$$
