000
CDUS41 KBTV 240534
CLI1V4


CLIMATE REPORT
NATIONAL WEATHER SERVICE BURLINGTON VT
1232 AM EST WED JAN 24 2018


...................................

...THE ST. JOHNSBURY VT CLIMATE SUMMARY FOR JANUARY 23 2018...

CLIMATE NORMAL PERIOD 1981 TO 2010
CLIMATE RECORD PERIOD 1894 TO 2018


WEATHER ITEM   OBSERVED TIME   RECORD YEAR NORMAL DEPARTURE LAST
                VALUE   (LST)  VALUE       VALUE  FROM      YEAR
                                                  NORMAL
..................................................................
TEMPERATURE (F)
 YESTERDAY
  MAXIMUM         36        MM  55    1906  27      9       35
  MINIMUM         30        MM -25    2000   6     24       30
  AVERAGE         33                        16     17       33

PRECIPITATION (IN)
  YESTERDAY        0.50          0.96 1958   0.09   0.41     0.00
  MONTH TO DATE    3.27                      1.86   1.41     0.94
  SINCE DEC 1      6.20                      4.94   1.26     4.51
  SINCE JAN 1      3.27                      1.86   1.41     0.94

DEGREE DAYS
 HEATING
  YESTERDAY       32                        49    -17       32
  MONTH TO DATE 1118                      1110      8      927
  SINCE DEC 1   2600                      2407    193     2188
  SINCE JUL 1   4073                      4063     10     3648

 COOLING
  YESTERDAY        0                         0      0        0
  MONTH TO DATE    0                         0      0        0
  SINCE DEC 1      0                         0      0        0
  SINCE JAN 1      0                         0      0        0
..................................................................


WIND (MPH)
  HIGHEST WIND SPEED    MM   HIGHEST WIND DIRECTION    MM
  HIGHEST GUST SPEED    MM   HIGHEST GUST DIRECTION    MM
  AVERAGE WIND SPEED    MM


SKY COVER
  AVERAGE SKY COVER 0.0


WEATHER CONDITIONS
 THE FOLLOWING WEATHER WAS RECORDED YESTERDAY.
  NO SIGNIFICANT WEATHER WAS OBSERVED.


RELATIVE HUMIDITY (PERCENT)
 HIGHEST   100           200 AM
 LOWEST     92          1200 AM
 AVERAGE    96

..........................................................


THE ST. JOHNSBURY VT CLIMATE NORMALS FOR TODAY
                         NORMAL    RECORD    YEAR
 MAXIMUM TEMPERATURE (F)   27        54      1906
 MINIMUM TEMPERATURE (F)    6       -34      1907


SUNRISE AND SUNSET
JANUARY 24 2018.......SUNRISE   714 AM EST   SUNSET   446 PM EST
JANUARY 25 2018.......SUNRISE   714 AM EST   SUNSET   448 PM EST


-  INDICATES NEGATIVE NUMBERS.
R  INDICATES RECORD WAS SET OR TIED.
MM INDICATES DATA IS MISSING.
T  INDICATES TRACE AMOUNT.




$$
