000
CDUS41 KBTV 260657
CLI1V4


CLIMATE REPORT
NATIONAL WEATHER SERVICE BURLINGTON VT
155 AM EST WED NOV 26 2014


...................................

...THE ST. JOHNSBURY VT CLIMATE SUMMARY FOR NOVEMBER 25 2014...

CLIMATE NORMAL PERIOD 1981 TO 2010
CLIMATE RECORD PERIOD 1894 TO 2014


WEATHER ITEM   OBSERVED TIME   RECORD YEAR NORMAL DEPARTURE LAST
                VALUE   (LST)  VALUE       VALUE  FROM      YEAR
                                                  NORMAL
..................................................................
TEMPERATURE (F)
 YESTERDAY
  MAXIMUM         59    110 AM  63    2004  40     19       27
                                      1999
  MINIMUM         33   1041 PM   0    1956  25      8        9
  AVERAGE         46                        32     14       18

PRECIPITATION (IN)
  YESTERDAY        0.00          1.77 1983   0.11  -0.11     0.00
  MONTH TO DATE    1.82                      2.85  -1.03     1.53
  SINCE SEP 1      8.12                     10.11  -1.99     7.42
  SINCE JAN 1     35.56                     35.87  -0.31    32.39

DEGREE DAYS
 HEATING
  YESTERDAY       19                        33    -14       47
  MONTH TO DATE  731                       698     33      766
  SINCE SEP 1   1409                      1435    -26     1525
  SINCE JUL 1   1466                      1485    -19     1585

 COOLING
  YESTERDAY        0                         0      0        0
  MONTH TO DATE    0                         0      0        0
  SINCE SEP 1     33                        35     -2       40
  SINCE JAN 1    252                       433   -181      407
..................................................................


WIND (MPH)
  HIGHEST WIND SPEED    MM   HIGHEST WIND DIRECTION    MM
  HIGHEST GUST SPEED    MM   HIGHEST GUST DIRECTION    MM
  AVERAGE WIND SPEED    MM


SKY COVER
  AVERAGE SKY COVER 0.0


WEATHER CONDITIONS
 THE FOLLOWING WEATHER WAS RECORDED YESTERDAY.
  NO SIGNIFICANT WEATHER WAS OBSERVED.


RELATIVE HUMIDITY (PERCENT)
 HIGHEST    93           400 AM
 LOWEST     39           200 PM
 AVERAGE    66

..........................................................


THE ST. JOHNSBURY VT CLIMATE NORMALS FOR TODAY
                         NORMAL    RECORD    YEAR
 MAXIMUM TEMPERATURE (F)   39        61      1979
 MINIMUM TEMPERATURE (F)   24       -13      1938


SUNRISE AND SUNSET
NOVEMBER 26 2014......SUNRISE   658 AM EST   SUNSET   412 PM EST
NOVEMBER 27 2014......SUNRISE   659 AM EST   SUNSET   412 PM EST


-  INDICATES NEGATIVE NUMBERS.
R  INDICATES RECORD WAS SET OR TIED.
MM INDICATES DATA IS MISSING.
T  INDICATES TRACE AMOUNT.




$$
