000
CDUS43 KUNR 040842
CLI2WX


CLIMATE REPORT
NATIONAL WEATHER SERVICE RAPID CITY SD
140 AM MST WED MAR 4 2015


...................................

...THE BUFFALO SD CLIMATE SUMMARY FOR MARCH 3 2015...

CLIMATE NORMAL PERIOD 1981 TO 2010
CLIMATE RECORD PERIOD 9999 TO 9999


WEATHER ITEM   OBSERVED TIME   NORMAL DEPARTURE LAST
                VALUE   (LST)  VALUE  FROM      YEAR
                                      NORMAL
......................................................
TEMPERATURE (F)
 YESTERDAY
  MAXIMUM         18   1230 AM  39    -21       12
  MINIMUM          1   1011 PM  18    -17      -10
  AVERAGE         10            28    -18        1

PRECIPITATION (IN)
  YESTERDAY        0.00          0.01  -0.01     0.00
  MONTH TO DATE    0.00          0.03  -0.03     0.11
  SINCE MAR 1      0.00          0.03  -0.03     0.11
  SINCE JAN 1      0.47          0.60  -0.13     0.69

DEGREE DAYS
 HEATING
  YESTERDAY       55            37     18       64
  MONTH TO DATE  141           112     29      217
  SINCE MAR 1    141           112     29      217
  SINCE JUL 1   5599          5909   -310     6274

 COOLING
  YESTERDAY        0             0      0        0
  MONTH TO DATE    0             0      0        0
  SINCE MAR 1      0             0      0        0
  SINCE JAN 1      0             0      0        0
......................................................


WIND (MPH)
  HIGHEST WIND SPEED    38   HIGHEST WIND DIRECTION    NW (310)
  HIGHEST GUST SPEED    44   HIGHEST GUST DIRECTION    NW (310)
  AVERAGE WIND SPEED    22.9




RELATIVE HUMIDITY (PERCENT)
 HIGHEST    80           100 AM
 LOWEST     42           400 PM
 AVERAGE    61

..........................................................




SUNRISE AND SUNSET
MARCH  4 2015.........SUNRISE   628 AM MST   SUNSET   545 PM MST
MARCH  5 2015.........SUNRISE   626 AM MST   SUNSET   546 PM MST


-  INDICATES NEGATIVE NUMBERS.
R  INDICATES RECORD WAS SET OR TIED.
MM INDICATES DATA IS MISSING.
T  INDICATES TRACE AMOUNT.




$$
