000
CDUS43 KUNR 200831
CLI2WX


CLIMATE REPORT
NATIONAL WEATHER SERVICE RAPID CITY SD
131 AM MST SAT DEC 20 2014


...................................

...THE BUFFALO SD CLIMATE SUMMARY FOR DECEMBER 19 2014...

CLIMATE NORMAL PERIOD 1981 TO 2010
CLIMATE RECORD PERIOD 9999 TO 9999


WEATHER ITEM   OBSERVED TIME   NORMAL DEPARTURE LAST
                VALUE   (LST)  VALUE  FROM      YEAR
                                      NORMAL
......................................................
TEMPERATURE (F)
 YESTERDAY
  MAXIMUM         45    322 PM  31     14       23
  MINIMUM         26    800 PM  10     16       -9
  AVERAGE         36            20     16        7

PRECIPITATION (IN)
  YESTERDAY        0.00          0.01  -0.01     0.10
  MONTH TO DATE    0.00          0.15  -0.15     0.69
  SINCE DEC 1      0.00          0.15  -0.15     0.69
  SINCE JAN 1     16.91         14.38   2.53    12.84

DEGREE DAYS
 HEATING
  YESTERDAY       29            45    -16       58
  MONTH TO DATE  650           823   -173      971
  SINCE DEC 1    650           823   -173      971
  SINCE JUL 1   2571          2721   -150     2761

 COOLING
  YESTERDAY        0             0      0        0
  MONTH TO DATE    0             0      0        0
  SINCE DEC 1      0             0      0        0
  SINCE JAN 1    420           513    -93      587
......................................................


WIND (MPH)
  HIGHEST WIND SPEED    14   HIGHEST WIND DIRECTION     W (250)
  HIGHEST GUST SPEED    17   HIGHEST GUST DIRECTION     W (250)
  AVERAGE WIND SPEED     6.9




RELATIVE HUMIDITY (PERCENT)
 HIGHEST    75          1200 AM
 LOWEST     41           200 PM
 AVERAGE    58

..........................................................




SUNRISE AND SUNSET
DECEMBER 20 2014......SUNRISE   731 AM MST   SUNSET   413 PM MST
DECEMBER 21 2014......SUNRISE   732 AM MST   SUNSET   413 PM MST


-  INDICATES NEGATIVE NUMBERS.
R  INDICATES RECORD WAS SET OR TIED.
MM INDICATES DATA IS MISSING.
T  INDICATES TRACE AMOUNT.




$$
