000
CDUS43 KUNR 300841
CLI2WX


CLIMATE REPORT
NATIONAL WEATHER SERVICE RAPID CITY SD
238 AM MDT THU MAR 30 2017


...................................

...THE BUFFALO SD CLIMATE SUMMARY FOR MARCH 29 2017...

CLIMATE NORMAL PERIOD 1981 TO 2010
CLIMATE RECORD PERIOD 9999 TO 9999


WEATHER ITEM   OBSERVED TIME   NORMAL DEPARTURE LAST
                VALUE   (LST)  VALUE  FROM      YEAR
                                      NORMAL
......................................................
TEMPERATURE (F)
 YESTERDAY
  MAXIMUM         64    354 PM  48     16       58
  MINIMUM         41    635 AM  26     15       39
  AVERAGE         53            37     16       49

PRECIPITATION (IN)
  YESTERDAY        0.00          0.02  -0.02     0.00
  MONTH TO DATE    1.51          0.72   0.79     0.22
  SINCE MAR 1      1.51          0.72   0.79     0.22
  SINCE JAN 1      1.81          1.29   0.52     0.88

DEGREE DAYS
 HEATING
  YESTERDAY       12            28    -16       16
  MONTH TO DATE  805           952   -147      690
  SINCE MAR 1    805           952   -147      690
  SINCE JUL 1   6156          6749   -593     5468

 COOLING
  YESTERDAY        0             0      0        0
  MONTH TO DATE    0             0      0        0
  SINCE MAR 1      0             0      0        0
  SINCE JAN 1      0             0      0        0
......................................................


WIND (MPH)
  HIGHEST WIND SPEED    22   HIGHEST WIND DIRECTION     S (160)
  HIGHEST GUST SPEED    28   HIGHEST GUST DIRECTION     S (160)
  AVERAGE WIND SPEED     8.9




RELATIVE HUMIDITY (PERCENT)
 HIGHEST   100          1200 AM
 LOWEST     25           200 PM
 AVERAGE    63

..........................................................




SUNRISE AND SUNSET
MARCH 30 2017.........SUNRISE   638 AM MDT   SUNSET   720 PM MDT
MARCH 31 2017.........SUNRISE   636 AM MDT   SUNSET   722 PM MDT


-  INDICATES NEGATIVE NUMBERS.
R  INDICATES RECORD WAS SET OR TIED.
MM INDICATES DATA IS MISSING.
T  INDICATES TRACE AMOUNT.




$$
