000
CDUS43 KUNR 010834
CLI2WX


CLIMATE REPORT
NATIONAL WEATHER SERVICE RAPID CITY SD
234 AM MDT WED JUL 1 2015


...................................

...THE BUFFALO SD CLIMATE SUMMARY FOR JUNE 30 2015...

CLIMATE NORMAL PERIOD 1981 TO 2010
CLIMATE RECORD PERIOD 9999 TO 9999


WEATHER ITEM   OBSERVED TIME   NORMAL DEPARTURE LAST
                VALUE   (LST)  VALUE  FROM      YEAR
                                      NORMAL
......................................................
TEMPERATURE (F)
 YESTERDAY
  MAXIMUM         85    433 PM  81      4       68
  MINIMUM         63    345 AM  55      8       56
  AVERAGE         74            68      6       62

PRECIPITATION (IN)
  YESTERDAY        0.00          0.06  -0.06     0.07
  MONTH TO DATE    2.73          2.63   0.10     5.54
  SINCE JUN 1      2.73          2.63   0.10     5.54
  SINCE JAN 1      7.29          8.67  -1.38     9.88

DEGREE DAYS
 HEATING
  YESTERDAY        0             1     -1        3
  MONTH TO DATE   43           116    -73      135
  SINCE JUN 1     43           114    -71      135
  SINCE JUL 1   7217          7928   -711     8339

 COOLING
  YESTERDAY        9             4      5        0
  MONTH TO DATE   91            62     29       16
  SINCE JUN 1     91            62     29       16
  SINCE JAN 1     91            68     23       46
......................................................


WIND (MPH)
  HIGHEST WIND SPEED    24   HIGHEST WIND DIRECTION     E (70)
  HIGHEST GUST SPEED    31   HIGHEST GUST DIRECTION    NE (60)
  AVERAGE WIND SPEED     8.9




RELATIVE HUMIDITY (PERCENT)
 HIGHEST    87           600 AM
 LOWEST     55           300 PM
 AVERAGE    71

..........................................................




SUNRISE AND SUNSET
JULY  1 2015..........SUNRISE   509 AM MDT   SUNSET   847 PM MDT
JULY  2 2015..........SUNRISE   509 AM MDT   SUNSET   847 PM MDT


-  INDICATES NEGATIVE NUMBERS.
R  INDICATES RECORD WAS SET OR TIED.
MM INDICATES DATA IS MISSING.
T  INDICATES TRACE AMOUNT.




$$
