000
CDUS43 KUNR 310831
CLI2WX


CLIMATE REPORT
NATIONAL WEATHER SERVICE RAPID CITY SD
230 AM MDT FRI JUL 31 2015


...................................

...THE BUFFALO SD CLIMATE SUMMARY FOR JULY 30 2015...

CLIMATE NORMAL PERIOD 1981 TO 2010
CLIMATE RECORD PERIOD 9999 TO 9999


WEATHER ITEM   OBSERVED TIME   NORMAL DEPARTURE LAST
                VALUE   (LST)  VALUE  FROM      YEAR
                                      NORMAL
......................................................
TEMPERATURE (F)
 YESTERDAY
  MAXIMUM         89    359 PM  87      2       83
  MINIMUM         51    528 AM  59     -8       52
  AVERAGE         70            72     -2       68

PRECIPITATION (IN)
  YESTERDAY        0.00          0.05  -0.05     0.00
  MONTH TO DATE    0.21          2.00  -1.79     0.91
  SINCE JUN 1      2.94          4.63  -1.69     6.45
  SINCE JAN 1      7.50         10.67  -3.17    10.79

DEGREE DAYS
 HEATING
  YESTERDAY        0             0      0        0
  MONTH TO DATE    6            21    -15       16
  SINCE JUN 1     49           135    -86      151
  SINCE JUL 1      6            21    -15       16

 COOLING
  YESTERDAY        5             8     -3        3
  MONTH TO DATE  226           201     25      152
  SINCE JUN 1    317           263     54      168
  SINCE JAN 1    317           269     48      198
......................................................


WIND (MPH)
  HIGHEST WIND SPEED    24   HIGHEST WIND DIRECTION    NW (310)
  HIGHEST GUST SPEED    33   HIGHEST GUST DIRECTION     N (340)
  AVERAGE WIND SPEED     9.2




RELATIVE HUMIDITY (PERCENT)
 HIGHEST    60          1100 PM
 LOWEST     16           200 PM
 AVERAGE    38

..........................................................




SUNRISE AND SUNSET
JULY 31 2015..........SUNRISE   536 AM MDT   SUNSET   824 PM MDT
AUGUST  1 2015........SUNRISE   538 AM MDT   SUNSET   823 PM MDT


-  INDICATES NEGATIVE NUMBERS.
R  INDICATES RECORD WAS SET OR TIED.
MM INDICATES DATA IS MISSING.
T  INDICATES TRACE AMOUNT.




$$
