235
CDUS43 KUNR 180832
CLI2WX


CLIMATE REPORT
NATIONAL WEATHER SERVICE RAPID CITY SD
132 AM MST MON DEC 18 2017


...................................

...THE BUFFALO SD CLIMATE SUMMARY FOR DECEMBER 17 2017...

CLIMATE NORMAL PERIOD 1981 TO 2010
CLIMATE RECORD PERIOD 9999 TO 9999


WEATHER ITEM   OBSERVED TIME   NORMAL DEPARTURE LAST
                VALUE   (LST)  VALUE  FROM      YEAR
                                      NORMAL
......................................................
TEMPERATURE (F)
 YESTERDAY
  MAXIMUM         42    203 PM  31     11       -5
  MINIMUM         24    753 AM  10     14      -22
  AVERAGE         33            20     13      -13

PRECIPITATION (IN)
  YESTERDAY        0.00          0.02  -0.02     0.00
  MONTH TO DATE    0.05          0.13  -0.08     0.26
  SINCE DEC 1      0.05          0.13  -0.08     0.26
  SINCE JAN 1     14.56         14.36   0.20    10.24

DEGREE DAYS
 HEATING
  YESTERDAY       32            45    -13       78
  MONTH TO DATE  531           733   -202      937
  SINCE DEC 1    531           733   -202      937
  SINCE JUL 1   2199          2631   -432     2227

 COOLING
  YESTERDAY        0             0      0        0
  MONTH TO DATE    0             0      0        0
  SINCE DEC 1      0             0      0        0
  SINCE JAN 1    743           513    230      734
......................................................


WIND (MPH)
  HIGHEST WIND SPEED    22   HIGHEST WIND DIRECTION     S (200)
  HIGHEST GUST SPEED    25   HIGHEST GUST DIRECTION    SW (220)
  AVERAGE WIND SPEED    10.0




RELATIVE HUMIDITY (PERCENT)
 HIGHEST    88           200 AM
 LOWEST     51           200 PM
 AVERAGE    70

..........................................................




SUNRISE AND SUNSET
DECEMBER 18 2017......SUNRISE   730 AM MST   SUNSET   412 PM MST
DECEMBER 19 2017......SUNRISE   731 AM MST   SUNSET   412 PM MST


-  INDICATES NEGATIVE NUMBERS.
R  INDICATES RECORD WAS SET OR TIED.
MM INDICATES DATA IS MISSING.
T  INDICATES TRACE AMOUNT.




$$
