000
CDUS43 KUNR 170831
CLI2WX


CLIMATE REPORT
NATIONAL WEATHER SERVICE RAPID CITY SD
231 AM MDT THU AUG 17 2017


...................................

...THE BUFFALO SD CLIMATE SUMMARY FOR AUGUST 16 2017...

CLIMATE NORMAL PERIOD 1981 TO 2010
CLIMATE RECORD PERIOD 9999 TO 9999


WEATHER ITEM   OBSERVED TIME   NORMAL DEPARTURE LAST
                VALUE   (LST)  VALUE  FROM      YEAR
                                      NORMAL
......................................................
TEMPERATURE (F)
 YESTERDAY
  MAXIMUM         82    421 PM  85     -3       88
  MINIMUM         53    617 AM  56     -3       59
  AVERAGE         68            71     -3       74

PRECIPITATION (IN)
  YESTERDAY        0.00          0.05  -0.05     0.00
  MONTH TO DATE    0.38          0.85  -0.47     0.21
  SINCE JUN 1      4.81          5.54  -0.73     3.06
  SINCE JAN 1     11.48         11.58  -0.10     6.82

DEGREE DAYS
 HEATING
  YESTERDAY        0             1     -1        0
  MONTH TO DATE   11            11      0        0
  SINCE JUN 1     44           145   -101        9
  SINCE JUL 1     11            31    -20        0

 COOLING
  YESTERDAY        3             7     -4        9
  MONTH TO DATE   33           121    -88      134
  SINCE JUN 1    535           390    145      616
  SINCE JAN 1    548           396    152      618
......................................................


WIND (MPH)
  HIGHEST WIND SPEED    14   HIGHEST WIND DIRECTION     S (160)
  HIGHEST GUST SPEED    22   HIGHEST GUST DIRECTION    SE (150)
  AVERAGE WIND SPEED     6.1




RELATIVE HUMIDITY (PERCENT)
 HIGHEST    93          1200 AM
 LOWEST     28           400 PM
 AVERAGE    61

..........................................................




SUNRISE AND SUNSET
AUGUST 17 2017........SUNRISE   557 AM MDT   SUNSET   758 PM MDT
AUGUST 18 2017........SUNRISE   559 AM MDT   SUNSET   756 PM MDT


-  INDICATES NEGATIVE NUMBERS.
R  INDICATES RECORD WAS SET OR TIED.
MM INDICATES DATA IS MISSING.
T  INDICATES TRACE AMOUNT.




$$
