000
CDUS43 KUNR 230835
CLI2WX


CLIMATE REPORT
NATIONAL WEATHER SERVICE RAPID CITY SD
234 AM MDT FRI JUN 23 2017


...................................

...THE BUFFALO SD CLIMATE SUMMARY FOR JUNE 22 2017...

CLIMATE NORMAL PERIOD 1981 TO 2010
CLIMATE RECORD PERIOD 9999 TO 9999


WEATHER ITEM   OBSERVED TIME   NORMAL DEPARTURE LAST
                VALUE   (LST)  VALUE  FROM      YEAR
                                      NORMAL
......................................................
TEMPERATURE (F)
 YESTERDAY
  MAXIMUM         76    122 PM  78     -2       82
  MINIMUM         52   1025 PM  53     -1       52
  AVERAGE         64            66     -2       67

PRECIPITATION (IN)
  YESTERDAY        0.00          0.08  -0.08     0.00
  MONTH TO DATE    0.73          2.09  -1.36     0.64
  SINCE JUN 1      0.73          2.09  -1.36     0.64
  SINCE JAN 1      7.40          8.13  -0.73     4.40

DEGREE DAYS
 HEATING
  YESTERDAY        1             2     -1        0
  MONTH TO DATE   12           101    -89        9
  SINCE JUN 1     12           101    -89        9
  SINCE JUL 1   7078          7915   -837     6385

 COOLING
  YESTERDAY        0             3     -3        2
  MONTH TO DATE   83            34     49      133
  SINCE JUN 1     83            34     49      133
  SINCE JAN 1     96            40     56      135
......................................................


WIND (MPH)
  HIGHEST WIND SPEED    37   HIGHEST WIND DIRECTION    NW (310)
  HIGHEST GUST SPEED    44   HIGHEST GUST DIRECTION    NW (330)
  AVERAGE WIND SPEED    20.2




RELATIVE HUMIDITY (PERCENT)
 HIGHEST    72           300 AM
 LOWEST     20           600 PM
 AVERAGE    46

..........................................................




SUNRISE AND SUNSET
JUNE 23 2017..........SUNRISE   506 AM MDT   SUNSET   847 PM MDT
JUNE 24 2017..........SUNRISE   506 AM MDT   SUNSET   847 PM MDT


-  INDICATES NEGATIVE NUMBERS.
R  INDICATES RECORD WAS SET OR TIED.
MM INDICATES DATA IS MISSING.
T  INDICATES TRACE AMOUNT.




$$
