000
CDUS43 KUNR 200850
CLI2WX


CLIMATE REPORT
NATIONAL WEATHER SERVICE RAPID CITY SD
148 AM MST FRI JAN 20 2017


...................................

...THE BUFFALO SD CLIMATE SUMMARY FOR JANUARY 19 2017...

CLIMATE NORMAL PERIOD 1981 TO 2010
CLIMATE RECORD PERIOD 9999 TO 9999


WEATHER ITEM   OBSERVED TIME   NORMAL DEPARTURE LAST
                VALUE   (LST)  VALUE  FROM      YEAR
                                      NORMAL
......................................................
TEMPERATURE (F)
 YESTERDAY
  MAXIMUM         37    407 PM  31      6       41
  MINIMUM         21    541 AM  10     11       17
  AVERAGE         29            21      8       29

PRECIPITATION (IN)
  YESTERDAY        0.00          0.00   0.00     0.00
  MONTH TO DATE    0.00          0.17  -0.17     0.12
  SINCE DEC 1      1.17          0.46   0.71     0.58
  SINCE JAN 1      0.00          0.17  -0.17     0.12

DEGREE DAYS
 HEATING
  YESTERDAY       36            44     -8       36
  MONTH TO DATE 1063           853    210      870
  SINCE DEC 1   2618          2215    403     2059
  SINCE JUL 1   3908          4113   -205     3521

 COOLING
  YESTERDAY        0             0      0        0
  MONTH TO DATE    0             0      0        0
  SINCE DEC 1      0             0      0        0
  SINCE JAN 1      0             0      0        0
......................................................


WIND (MPH)
  HIGHEST WIND SPEED    17   HIGHEST WIND DIRECTION    NW (300)
  HIGHEST GUST SPEED    18   HIGHEST GUST DIRECTION    NW (300)
  AVERAGE WIND SPEED     7.4




RELATIVE HUMIDITY (PERCENT)
 HIGHEST    74           300 AM
 LOWEST     56          1200 PM
 AVERAGE    65

..........................................................




SUNRISE AND SUNSET
JANUARY 20 2017.......SUNRISE   727 AM MST   SUNSET   444 PM MST
JANUARY 21 2017.......SUNRISE   726 AM MST   SUNSET   445 PM MST


-  INDICATES NEGATIVE NUMBERS.
R  INDICATES RECORD WAS SET OR TIED.
MM INDICATES DATA IS MISSING.
T  INDICATES TRACE AMOUNT.




$$
