000
CDUS43 KABR 282236
CLI8D3


CLIMATE REPORT
NATIONAL WEATHER SERVICE ABERDEEN SD
534 PM CDT SUN MAY 28 2017


...................................

...THE SISSETON SD CLIMATE SUMMARY FOR MAY 28 2017...
VALID TODAY AS OF 0500 PM LOCAL TIME.

CLIMATE NORMAL PERIOD 1981 TO 2010
CLIMATE RECORD PERIOD 1900 TO 2017


WEATHER ITEM   OBSERVED TIME   RECORD YEAR NORMAL DEPARTURE LAST
                VALUE   (LST)  VALUE       VALUE  FROM      YEAR
                                                  NORMAL
..................................................................
TEMPERATURE (F)
 TODAY
  MAXIMUM         75    303 PM 110    1934  73      2       70
  MINIMUM         49    516 AM  32    1965  49              57
  AVERAGE         62                        61      1       64

PRECIPITATION (IN)
  TODAY            0.02          1.25 1981   0.08  -0.06     0.00
  MONTH TO DATE    1.13                      2.44  -1.31     0.50
  SINCE MAR 1      2.96                      5.84  -2.88     3.50
  SINCE JAN 1      4.16                      6.70  -2.54     4.67

DEGREE DAYS
 COOLING
  TODAY            0                         1     -1        0
  MONTH TO DATE   16                        19     -3       30
  SINCE MAR 1     16                        20     -4       30
  SINCE JAN 1     16                        20     -4       30
..................................................................


WIND (MPH)
  HIGHEST WIND SPEED    47   HIGHEST WIND DIRECTION     N (340)
  HIGHEST GUST SPEED    56   HIGHEST GUST DIRECTION     N (340)
  AVERAGE WIND SPEED    16.1


SKY COVER
  POSSIBLE SUNSHINE  MM
  AVERAGE SKY COVER 0.0


WEATHER CONDITIONS
 THE FOLLOWING WEATHER WAS RECORDED TODAY.
  LIGHT RAIN


RELATIVE HUMIDITY (PERCENT)
 HIGHEST    86           400 AM
 LOWEST     27           300 PM
 AVERAGE    57

..........................................................


THE SISSETON SD CLIMATE NORMALS FOR TOMORROW
                         NORMAL    RECORD    YEAR
 MAXIMUM TEMPERATURE (F)   73       100      1934
 MINIMUM TEMPERATURE (F)   50        32      1947


SUNRISE AND SUNSET
MAY 28 2017...........SUNRISE   544 AM CDT   SUNSET   907 PM CDT
MAY 29 2017...........SUNRISE   544 AM CDT   SUNSET   908 PM CDT


-  INDICATES NEGATIVE NUMBERS.
R  INDICATES RECORD WAS SET OR TIED.
MM INDICATES DATA IS MISSING.
T  INDICATES TRACE AMOUNT.




$$
