000
CDUS43 KABR 281443
CLI8D3


CLIMATE REPORT
NATIONAL WEATHER SERVICE ABERDEEN SD
842 AM CST WED JAN 28 2015


...................................

...THE SISSETON SD CLIMATE SUMMARY FOR JANUARY 27 2015...

CLIMATE NORMAL PERIOD 1981 TO 2010
CLIMATE RECORD PERIOD 1900 TO 2015


WEATHER ITEM   OBSERVED TIME   RECORD YEAR NORMAL DEPARTURE LAST
                VALUE   (LST)  VALUE       VALUE  FROM      YEAR
                                                  NORMAL
..................................................................
TEMPERATURE (F)
 YESTERDAY
  MAXIMUM         32   1159 PM  57    1989  24      8       -5
  MINIMUM         26    227 AM -24    1902   3     23      -14
  AVERAGE         29                        14     15       -9

PRECIPITATION (IN)
  YESTERDAY        0.00          0.62 1944   0.01  -0.01     0.00
  MONTH TO DATE    0.47                      0.39   0.08     0.41
  SINCE DEC 1      1.07                      0.78   0.29     1.55
  SINCE JAN 1      0.47                      0.39   0.08     0.41

SNOWFALL (IN)
  YESTERDAY        0.0
  MONTH TO DATE    4.4
  SINCE OCT 1     17.5
  SINCE JUL 1     17.5
  SNOW DEPTH       1

DEGREE DAYS
 HEATING
  YESTERDAY       36                        51    -15       74
  MONTH TO DATE 1268                      1403   -135     1453
  SINCE DEC 1   2598                      2891   -293     3200
  SINCE JUL 1   4578                      4742   -164     5032

 COOLING
  YESTERDAY        0                         0      0        0
  MONTH TO DATE    0                         0      0        0
  SINCE DEC 1      0                         0      0        0
  SINCE JAN 1      0                         0      0        0
..................................................................


WIND (MPH)
  HIGHEST WIND SPEED    22   HIGHEST WIND DIRECTION     S (170)
  HIGHEST GUST SPEED    26   HIGHEST GUST DIRECTION     S (180)
  AVERAGE WIND SPEED    12.0


SKY COVER
  POSSIBLE SUNSHINE  MM
  AVERAGE SKY COVER 0.0


WEATHER CONDITIONS
 THE FOLLOWING WEATHER WAS RECORDED YESTERDAY.
  NO SIGNIFICANT WEATHER WAS OBSERVED.


RELATIVE HUMIDITY (PERCENT)
 HIGHEST   100          1200 AM
 LOWEST     92           100 AM
 AVERAGE    96

..........................................................


THE SISSETON SD CLIMATE NORMALS FOR TODAY
                         NORMAL    RECORD    YEAR
 MAXIMUM TEMPERATURE (F)   24        51      2008
 MINIMUM TEMPERATURE (F)    4       -31      1951


SUNRISE AND SUNSET
JANUARY 28 2015.......SUNRISE   754 AM CST   SUNSET   528 PM CST
JANUARY 29 2015.......SUNRISE   753 AM CST   SUNSET   530 PM CST


-  INDICATES NEGATIVE NUMBERS.
R  INDICATES RECORD WAS SET OR TIED.
MM INDICATES DATA IS MISSING.
T  INDICATES TRACE AMOUNT.




$$
