000
CDUS43 KABR 240916
CLI8D3


CLIMATE REPORT
NATIONAL WEATHER SERVICE ABERDEEN SD
415 AM CDT SUN JUL 24 2016


...................................

...THE SISSETON SD CLIMATE SUMMARY FOR JULY 23 2016...

CLIMATE NORMAL PERIOD 1981 TO 2010
CLIMATE RECORD PERIOD 1900 TO 2016


WEATHER ITEM   OBSERVED TIME   RECORD YEAR NORMAL DEPARTURE LAST
                VALUE   (LST)  VALUE       VALUE  FROM      YEAR
                                                  NORMAL
..................................................................
TEMPERATURE (F)
 YESTERDAY
  MAXIMUM         86    447 PM 101    1934  84      2       87
  MINIMUM         69   1159 PM  43    1992  60      9       62
  AVERAGE         78                        72      6       75

PRECIPITATION (IN)
  YESTERDAY        0.04          2.70 1912   0.11  -0.07     0.42
  MONTH TO DATE    4.74                      2.76   1.98     1.95
  SINCE JUN 1      5.86                      6.50  -0.64     3.33
  SINCE JAN 1     10.90                     13.48  -2.58    10.98

DEGREE DAYS
 HEATING
  YESTERDAY        0                         0      0        0
  MONTH TO DATE   13                         3     10       13
  SINCE JUN 1     40                        65    -25       27
  SINCE JUL 1     13                         3     10       13

 COOLING
  YESTERDAY       13                         7      6       10
  MONTH TO DATE  149                       150     -1      151
  SINCE JUN 1    316                       244     72      275
  SINCE JAN 1    353                       267     86      292
..................................................................


WIND (MPH)
  HIGHEST WIND SPEED    20   HIGHEST WIND DIRECTION     N (340)
  HIGHEST GUST SPEED    26   HIGHEST GUST DIRECTION     N (350)
  AVERAGE WIND SPEED     8.0


SKY COVER
  POSSIBLE SUNSHINE  MM
  AVERAGE SKY COVER 0.0


WEATHER CONDITIONS
 THE FOLLOWING WEATHER WAS RECORDED YESTERDAY.
  NO SIGNIFICANT WEATHER WAS OBSERVED.


RELATIVE HUMIDITY (PERCENT)
 HIGHEST   100           100 AM
 LOWEST     74          1100 AM
 AVERAGE    87

..........................................................


THE SISSETON SD CLIMATE NORMALS FOR TODAY
                         NORMAL    RECORD    YEAR
 MAXIMUM TEMPERATURE (F)   84       105      1940
 MINIMUM TEMPERATURE (F)   60        47      1955


SUNRISE AND SUNSET
JULY 24 2016..........SUNRISE   603 AM CDT   SUNSET   905 PM CDT
JULY 25 2016..........SUNRISE   604 AM CDT   SUNSET   904 PM CDT


-  INDICATES NEGATIVE NUMBERS.
R  INDICATES RECORD WAS SET OR TIED.
MM INDICATES DATA IS MISSING.
T  INDICATES TRACE AMOUNT.




$$
