000
CDUS43 KABR 172227
CLI8D3


CLIMATE REPORT
NATIONAL WEATHER SERVICE ABERDEEN SD
526 PM CDT WED SEP 17 2014


...................................

...THE SISSETON SD CLIMATE SUMMARY FOR SEPTEMBER 17 2014...
VALID TODAY AS OF 0500 PM LOCAL TIME.

CLIMATE NORMAL PERIOD 1981 TO 2010
CLIMATE RECORD PERIOD 1900 TO 2014


WEATHER ITEM   OBSERVED TIME   RECORD YEAR NORMAL DEPARTURE LAST
                VALUE   (LST)  VALUE       VALUE  FROM      YEAR
                                                  NORMAL
..................................................................
TEMPERATURE (F)
 TODAY
  MAXIMUM         76    358 PM  96    1955  72      4       68
  MINIMUM         44    629 AM  28    1900  47              49
  AVERAGE         60                        59      1       59

PRECIPITATION (IN)
  TODAY            0.00          0.65 1942   0.10  -0.10     0.00
  MONTH TO DATE    0.07                      1.37  -1.30     0.85
  SINCE SEP 1      0.07                      1.37  -1.30     0.85
  SINCE JAN 1     21.03                     18.11   2.92    19.52

DEGREE DAYS
 HEATING
  TODAY            5                         7     -2        6
  MONTH TO DATE  119                        80     39       55
  SINCE SEP 1    119                        80     39       55
  SINCE JUL 1    156                       123     33      104

 COOLING
  TODAY            0                         1     -1        0
  MONTH TO DATE   23                        36    -13       65
  SINCE SEP 1     23                        36    -13       65
  SINCE JAN 1    423                       515    -92      600
..................................................................


WIND (MPH)
  HIGHEST WIND SPEED    14   HIGHEST WIND DIRECTION     N (360)
  HIGHEST GUST SPEED    18   HIGHEST GUST DIRECTION     E (70)
  AVERAGE WIND SPEED     5.4


SKY COVER
  POSSIBLE SUNSHINE  MM
  AVERAGE SKY COVER 0.0


WEATHER CONDITIONS
 THE FOLLOWING WEATHER WAS RECORDED TODAY.
  NO SIGNIFICANT WEATHER WAS OBSERVED.


RELATIVE HUMIDITY (PERCENT)
 HIGHEST   100           200 AM
 LOWEST     46           100 PM
 AVERAGE    73

..........................................................


THE SISSETON SD CLIMATE NORMALS FOR TOMORROW
                         NORMAL    RECORD    YEAR
 MAXIMUM TEMPERATURE (F)   72        94      1998
 MINIMUM TEMPERATURE (F)   46        31      2012


SUNRISE AND SUNSET
SEPTEMBER 17 2014.....SUNRISE   709 AM CDT   SUNSET   735 PM CDT
SEPTEMBER 18 2014.....SUNRISE   710 AM CDT   SUNSET   733 PM CDT


-  INDICATES NEGATIVE NUMBERS.
R  INDICATES RECORD WAS SET OR TIED.
MM INDICATES DATA IS MISSING.
T  INDICATES TRACE AMOUNT.




$$
