000
CDUS43 KABR 291355
CLI8D3


CLIMATE REPORT
NATIONAL WEATHER SERVICE ABERDEEN SD
855 AM CDT SAT AUG 29 2015


...................................

...THE SISSETON SD CLIMATE SUMMARY FOR AUGUST 28 2015...

CLIMATE NORMAL PERIOD 1981 TO 2010
CLIMATE RECORD PERIOD 1900 TO 2015


WEATHER ITEM   OBSERVED TIME   RECORD YEAR NORMAL DEPARTURE LAST
                VALUE   (LST)  VALUE       VALUE  FROM      YEAR
                                                  NORMAL
..................................................................
TEMPERATURE (F)
 YESTERDAY
  MAXIMUM         81    318 PM 101    1973  79      2       67
  MINIMUM         60    334 AM  36    1965  55      5       61
  AVERAGE         71                        67      4       64

PRECIPITATION (IN)
  YESTERDAY        0.00          1.03 1999   0.08  -0.08     0.03
  MONTH TO DATE    2.19                      2.18   0.01     2.03
  SINCE JUN 1      6.74                      9.50  -2.76    12.44
  SINCE JAN 1     14.39                     16.48  -2.09    20.81

DEGREE DAYS
 HEATING
  YESTERDAY        0                         2     -2        1
  MONTH TO DATE   45                        22     23       17
  SINCE JUN 1     72                        97    -25       72
  SINCE JUL 1     58                        35     23       37

 COOLING
  YESTERDAY        6                         4      2        0
  MONTH TO DATE  126                       147    -21      112
  SINCE JUN 1    458                       446     12      330
  SINCE JAN 1    475                       469      6      391
..................................................................


WIND (MPH)
  HIGHEST WIND SPEED    15   HIGHEST WIND DIRECTION     S (180)
  HIGHEST GUST SPEED    21   HIGHEST GUST DIRECTION     S (190)
  AVERAGE WIND SPEED     8.1


SKY COVER
  POSSIBLE SUNSHINE  MM
  AVERAGE SKY COVER 0.0


WEATHER CONDITIONS
 THE FOLLOWING WEATHER WAS RECORDED YESTERDAY.
  NO SIGNIFICANT WEATHER WAS OBSERVED.


RELATIVE HUMIDITY (PERCENT)
 HIGHEST   100          1200 AM
 LOWEST     58           300 PM
 AVERAGE    79

..........................................................


THE SISSETON SD CLIMATE NORMALS FOR TODAY
                         NORMAL    RECORD    YEAR
 MAXIMUM TEMPERATURE (F)   78        99      1961
 MINIMUM TEMPERATURE (F)   55        40      1988


SUNRISE AND SUNSET
AUGUST 29 2015........SUNRISE   645 AM CDT   SUNSET   812 PM CDT
AUGUST 30 2015........SUNRISE   646 AM CDT   SUNSET   810 PM CDT


-  INDICATES NEGATIVE NUMBERS.
R  INDICATES RECORD WAS SET OR TIED.
MM INDICATES DATA IS MISSING.
T  INDICATES TRACE AMOUNT.




$$
