000
CDUS46 KMFR 210836
CLIAAT


CLIMATE REPORT
NATIONAL WEATHER SERVICE MEDFORD, OR
136 AM PDT SUN SEP 21 2014


...................................

...THE ALTURAS CA CLIMATE SUMMARY FOR SEPTEMBER 20 2014...

CLIMATE NORMAL PERIOD 1981 TO 2010
CLIMATE RECORD PERIOD 1905 TO 2014


WEATHER ITEM   OBSERVED TIME   RECORD YEAR NORMAL DEPARTURE LAST
                VALUE   (LST)  VALUE       VALUE  FROM      YEAR
                                                  NORMAL
..................................................................
TEMPERATURE (F)
 YESTERDAY
  MAXIMUM         91    220 PM  97    1953  76     15       80
  MINIMUM         42    555 AM  20    1978  34      8       29
  AVERAGE         67                        55     12       55

PRECIPITATION (IN)
  YESTERDAY        0.00          0.60 1988   0.02  -0.02     0.00
  MONTH TO DATE    0.00                      0.31  -0.31     0.14
  SINCE SEP 1      0.00                      0.31  -0.31     0.14
  SINCE JAN 1      6.28                      9.45  -3.17     5.29

SNOWFALL (IN)
  YESTERDAY       MM                        MM     MM       MM
  MONTH TO DATE   MM                        MM     MM       MM
  SINCE JUL 1     MM                        MM     MM       MM
  SNOW DEPTH      MM

DEGREE DAYS
 HEATING
  YESTERDAY        0                        10    -10       10
  MONTH TO DATE   51                       147    -96       78
  SINCE SEP 1     51                       147    -96       78
  SINCE JUL 1     76                       258   -182      148

 COOLING
  YESTERDAY        2                         0      2        0
  MONTH TO DATE    7                         3      4       25
  SINCE SEP 1      7                         3      4       25
  SINCE JAN 1    375                       154    221      280
..................................................................


WIND (MPH)
  HIGHEST WIND SPEED    10   HIGHEST WIND DIRECTION     S (170)
  HIGHEST GUST SPEED    13   HIGHEST GUST DIRECTION     S (160)
  AVERAGE WIND SPEED     2.9


SKY COVER
  POSSIBLE SUNSHINE  MM
  AVERAGE SKY COVER 0.0


WEATHER CONDITIONS
 THE FOLLOWING WEATHER WAS RECORDED YESTERDAY.
  NO SIGNIFICANT WEATHER WAS OBSERVED.


RELATIVE HUMIDITY (PERCENT)
 HIGHEST    65           500 AM
 LOWEST     14           300 PM
 AVERAGE    40

..........................................................


THE ALTURAS CA CLIMATE NORMALS FOR TODAY
                         NORMAL    RECORD    YEAR
 MAXIMUM TEMPERATURE (F)   76        92      1916
 MINIMUM TEMPERATURE (F)   33        20      1993


SUNRISE AND SUNSET
SEPTEMBER 21 2014.....SUNRISE   649 AM PDT   SUNSET   701 PM PDT
SEPTEMBER 22 2014.....SUNRISE   650 AM PDT   SUNSET   659 PM PDT


-  INDICATES NEGATIVE NUMBERS.
R  INDICATES RECORD WAS SET OR TIED.
MM INDICATES DATA IS MISSING.
T  INDICATES TRACE AMOUNT.




$$
