574
CDUS46 KMFR 100836
CLIAAT


CLIMATE REPORT
NATIONAL WEATHER SERVICE MEDFORD, OR
1236 AM PST WED FEB 10 2016


...................................

...THE ALTURAS CA CLIMATE SUMMARY FOR FEBRUARY 9 2016...

CLIMATE NORMAL PERIOD 1981 TO 2010
CLIMATE RECORD PERIOD 1905 TO 2016


WEATHER ITEM   OBSERVED TIME   RECORD YEAR NORMAL DEPARTURE LAST
                VALUE   (LST)  VALUE       VALUE  FROM      YEAR
                                                  NORMAL
..................................................................
TEMPERATURE (F)
 YESTERDAY
  MAXIMUM         63    228 PM  67    1954  45     18       50
  MINIMUM         26    545 AM -14    1989  21      5       32
  AVERAGE         45                        33     12       41

PRECIPITATION (IN)
  YESTERDAY        0.00          0.94 1943   0.05  -0.05     0.10
  MONTH TO DATE    0.09                      0.43  -0.34     0.86
  SINCE OCT 1      8.07                      6.59   1.48     5.48
  SINCE JAN 1      2.09                      2.08   0.01     0.97

SNOWFALL (IN)
  YESTERDAY       MM                        MM     MM       MM
  MONTH TO DATE   MM                        MM     MM       MM
  SINCE JUL 1     MM                        MM     MM       MM
  SNOW DEPTH      MM

DEGREE DAYS
 HEATING
  YESTERDAY       20                        32    -12       24
  MONTH TO DATE  300                       294      6      179
  SINCE DEC 1   2416                      2482    -66     1870
  SINCE JUL 1   3943                      4292   -349     3161

 COOLING
  YESTERDAY        0                         0      0        0
  MONTH TO DATE    0                         0      0        0
  SINCE DEC 1      0                         0      0        0
  SINCE JAN 1      0                         0      0        0
..................................................................


WIND (MPH)
  HIGHEST WIND SPEED    18   HIGHEST WIND DIRECTION     S (170)
  HIGHEST GUST SPEED    23   HIGHEST GUST DIRECTION     S (160)
  AVERAGE WIND SPEED     5.0


SKY COVER
  POSSIBLE SUNSHINE  MM
  AVERAGE SKY COVER 0.0


WEATHER CONDITIONS
 THE FOLLOWING WEATHER WAS RECORDED YESTERDAY.
  FOG
  HAZE


RELATIVE HUMIDITY (PERCENT)
 HIGHEST    92           300 AM
 LOWEST     36           200 PM
 AVERAGE    64

..........................................................


THE ALTURAS CA CLIMATE NORMALS FOR TODAY
                         NORMAL    RECORD    YEAR
 MAXIMUM TEMPERATURE (F)   45        67      1951
 MINIMUM TEMPERATURE (F)   21       -18      1933


SUNRISE AND SUNSET
FEBRUARY 10 2016......SUNRISE   704 AM PST   SUNSET   529 PM PST
FEBRUARY 11 2016......SUNRISE   703 AM PST   SUNSET   530 PM PST


-  INDICATES NEGATIVE NUMBERS.
R  INDICATES RECORD WAS SET OR TIED.
MM INDICATES DATA IS MISSING.
T  INDICATES TRACE AMOUNT.




$$
