137
CDUS46 KMFR 260835
CLIAAT


CLIMATE REPORT
NATIONAL WEATHER SERVICE MEDFORD, OR
135 AM PDT SUN MAR 26 2017


...................................

...THE ALTURAS CA CLIMATE SUMMARY FOR MARCH 25 2017...

CLIMATE NORMAL PERIOD 1981 TO 2010
CLIMATE RECORD PERIOD 1905 TO 2017


WEATHER ITEM   OBSERVED TIME   RECORD YEAR NORMAL DEPARTURE LAST
                VALUE   (LST)  VALUE       VALUE  FROM      YEAR
                                                  NORMAL
..................................................................
TEMPERATURE (F)
 YESTERDAY
  MAXIMUM         52    223 PM  79    1960  53     -1       56
  MINIMUM         29   1158 PM   4    1927  25      4       22
  AVERAGE         41                        39      2       39

PRECIPITATION (IN)
  YESTERDAY        0.01          1.14 1993   0.06  -0.05     0.00
  MONTH TO DATE    0.80                      1.19  -0.39     1.78
  SINCE OCT 1     11.04                      8.80   2.24    10.26
  SINCE JAN 1      7.29                      4.29   3.00     4.28

SNOWFALL (IN)
  YESTERDAY       MM                        MM     MM       MM
  MONTH TO DATE   MM                        MM     MM       MM
  SINCE JUL 1     MM                        MM     MM       MM
  SNOW DEPTH      MM

DEGREE DAYS
 HEATING
  YESTERDAY       24                        26     -2       26
  MONTH TO DATE  549                       673   -124      567
  SINCE MAR 1    549                       673   -124      567
  SINCE JUL 1   5211                      5540   -329     4954

 COOLING
  YESTERDAY        0                         0      0        0
  MONTH TO DATE    0                         0      0        0
  SINCE MAR 1      0                         0      0        0
  SINCE JAN 1      0                         0      0        0
..................................................................


WIND (MPH)
  HIGHEST WIND SPEED    17   HIGHEST WIND DIRECTION     W (270)
  HIGHEST GUST SPEED    23   HIGHEST GUST DIRECTION     W (270)
  AVERAGE WIND SPEED     4.9


SKY COVER
  POSSIBLE SUNSHINE  MM
  AVERAGE SKY COVER 0.6


WEATHER CONDITIONS
 THE FOLLOWING WEATHER WAS RECORDED YESTERDAY.
  LIGHT RAIN


RELATIVE HUMIDITY (PERCENT)
 HIGHEST   100           500 AM
 LOWEST     41           100 PM
 AVERAGE    71

..........................................................


THE ALTURAS CA CLIMATE NORMALS FOR TODAY
                         NORMAL    RECORD    YEAR
 MAXIMUM TEMPERATURE (F)   54        77      1960
 MINIMUM TEMPERATURE (F)   25         8      1996


SUNRISE AND SUNSET
MARCH 26 2017.........SUNRISE   655 AM PDT   SUNSET   721 PM PDT
MARCH 27 2017.........SUNRISE   653 AM PDT   SUNSET   723 PM PDT


-  INDICATES NEGATIVE NUMBERS.
R  INDICATES RECORD WAS SET OR TIED.
MM INDICATES DATA IS MISSING.
T  INDICATES TRACE AMOUNT.




$$
