072
CDUS46 KMFR 220835
CLIAAT


CLIMATE REPORT
NATIONAL WEATHER SERVICE MEDFORD, OR
135 AM PDT SUN OCT 22 2017


...................................

...THE ALTURAS CA CLIMATE SUMMARY FOR OCTOBER 21 2017...

CLIMATE NORMAL PERIOD 1981 TO 2010
CLIMATE RECORD PERIOD 1905 TO 2017


WEATHER ITEM   OBSERVED TIME   RECORD YEAR NORMAL DEPARTURE LAST
                VALUE   (LST)  VALUE       VALUE  FROM      YEAR
                                                  NORMAL
..................................................................
TEMPERATURE (F)
 YESTERDAY
  MAXIMUM         53    404 PM  86    2003  63    -10       MM
  MINIMUM         32    425 AM   8    1996  28      4       MM
  AVERAGE         43                        45     -2       MM

PRECIPITATION (IN)
  YESTERDAY        T             0.37 1943   0.03  -0.03    MM
  MONTH TO DATE    0.92                      0.56   0.36     1.11
  SINCE OCT 1      0.92                      0.56   0.36     1.11
  SINCE JAN 1     13.11                     10.22   2.89     8.58

SNOWFALL (IN)
  YESTERDAY       MM                        MM     MM       MM
  MONTH TO DATE   MM                        MM     MM       MM
  SINCE JUL 1     MM                        MM     MM       MM
  SNOW DEPTH      MM

DEGREE DAYS
 HEATING
  YESTERDAY       22                        20      2       MM
  MONTH TO DATE  439                       348     91      355
  SINCE SEP 1    682                       614     68      583
  SINCE JUL 1    683                       725    -42      640

 COOLING
  YESTERDAY        0                         0      0       MM
  MONTH TO DATE    0                         0      0        0
  SINCE SEP 1     75                         5     70        0
  SINCE JAN 1    516                       156    360      254
..................................................................


WIND (MPH)
  HIGHEST WIND SPEED    15   HIGHEST WIND DIRECTION    SW (220)
  HIGHEST GUST SPEED    22   HIGHEST GUST DIRECTION    SW (230)
  AVERAGE WIND SPEED     5.9


SKY COVER
  POSSIBLE SUNSHINE  MM
  AVERAGE SKY COVER 0.9


WEATHER CONDITIONS
 THE FOLLOWING WEATHER WAS RECORDED YESTERDAY.
  FOG


RELATIVE HUMIDITY (PERCENT)
 HIGHEST   100          1200 AM
 LOWEST     59           400 PM
 AVERAGE    80

..........................................................


THE ALTURAS CA CLIMATE NORMALS FOR TODAY
                         NORMAL    RECORD    YEAR
 MAXIMUM TEMPERATURE (F)   62        82      1964
 MINIMUM TEMPERATURE (F)   27        15      1906


SUNRISE AND SUNSET
OCTOBER 22 2017.......SUNRISE   723 AM PDT   SUNSET   610 PM PDT
OCTOBER 23 2017.......SUNRISE   724 AM PDT   SUNSET   609 PM PDT


-  INDICATES NEGATIVE NUMBERS.
R  INDICATES RECORD WAS SET OR TIED.
MM INDICATES DATA IS MISSING.
T  INDICATES TRACE AMOUNT.




$$
