000
CDUS46 KMFR 230841
CLIAAT


CLIMATE REPORT
NATIONAL WEATHER SERVICE MEDFORD, OR
1241 AM PST FRI FEB 23 2018


...................................

...THE ALTURAS CA CLIMATE SUMMARY FOR FEBRUARY 22 2018...

CLIMATE NORMAL PERIOD 1981 TO 2010
CLIMATE RECORD PERIOD 1905 TO 2018


WEATHER ITEM   OBSERVED TIME   RECORD YEAR NORMAL DEPARTURE LAST
                VALUE   (LST)  VALUE       VALUE  FROM      YEAR
                                                  NORMAL
..................................................................
TEMPERATURE (F)
 YESTERDAY
  MAXIMUM         31   1225 PM  66    1995  48    -17       35
  MINIMUM         18   1112 PM -14    1913  23     -5       23
  AVERAGE         25                        35    -10       29

PRECIPITATION (IN)
  YESTERDAY        0.14          0.58 1968   0.06   0.08     0.29
  MONTH TO DATE    0.26                      1.12  -0.86     3.04
  SINCE OCT 1      4.59                      7.28  -2.69    10.05
  SINCE JAN 1      1.59                      2.77  -1.18     6.30

SNOWFALL (IN)
  YESTERDAY       MM                        MM     MM       MM
  MONTH TO DATE   MM                        MM     MM       MM
  SINCE JUL 1     MM                        MM     MM       MM
  SNOW DEPTH      MM

DEGREE DAYS
 HEATING
  YESTERDAY       40                        30     10       36
  MONTH TO DATE  689                       695     -6      558
  SINCE DEC 1   2591                      2883   -292     2911
  SINCE JUL 1   4145                      4693   -548     4419

 COOLING
  YESTERDAY        0                         0      0        0
  MONTH TO DATE    0                         0      0        0
  SINCE DEC 1      0                         0      0        0
  SINCE JAN 1      0                         0      0        0
..................................................................


WIND (MPH)
  HIGHEST WIND SPEED    18   HIGHEST WIND DIRECTION    NW (320)
  HIGHEST GUST SPEED    22   HIGHEST GUST DIRECTION    NW (320)
  AVERAGE WIND SPEED     6.7


SKY COVER
  POSSIBLE SUNSHINE  MM
  AVERAGE SKY COVER 0.7


WEATHER CONDITIONS
 THE FOLLOWING WEATHER WAS RECORDED YESTERDAY.
  SNOW
  LIGHT SNOW
  FOG
  HAZE


RELATIVE HUMIDITY (PERCENT)
 HIGHEST    88           900 AM
 LOWEST     58          1200 AM
 AVERAGE    73

..........................................................


THE ALTURAS CA CLIMATE NORMALS FOR TODAY
                         NORMAL    RECORD    YEAR
 MAXIMUM TEMPERATURE (F)   48        68      1995
 MINIMUM TEMPERATURE (F)   23         0      1919


SUNRISE AND SUNSET
FEBRUARY 23 2018......SUNRISE   646 AM PST   SUNSET   546 PM PST
FEBRUARY 24 2018......SUNRISE   644 AM PST   SUNSET   547 PM PST


-  INDICATES NEGATIVE NUMBERS.
R  INDICATES RECORD WAS SET OR TIED.
MM INDICATES DATA IS MISSING.
T  INDICATES TRACE AMOUNT.




$$
