000
CDUS46 KMFR 020837
CLIAAT


CLIMATE REPORT
NATIONAL WEATHER SERVICE MEDFORD, OR
137 AM PDT SUN AUG 2 2015


...................................

...THE ALTURAS CA CLIMATE SUMMARY FOR AUGUST 1 2015...

CLIMATE NORMAL PERIOD 1981 TO 2010
CLIMATE RECORD PERIOD 1905 TO 2015


WEATHER ITEM   OBSERVED TIME   RECORD YEAR NORMAL DEPARTURE LAST
                VALUE   (LST)  VALUE       VALUE  FROM      YEAR
                                                  NORMAL
..................................................................
TEMPERATURE (F)
 YESTERDAY
  MAXIMUM         99    405 PM 100    1908  90      9       94
  MINIMUM         59    537 AM  33    1937  45     14       51
  AVERAGE         79                        67     12       73

PRECIPITATION (IN)
  YESTERDAY        T             0.15 2009   0.01  -0.01     0.00
  MONTH TO DATE    T                         0.01  -0.01     0.00
  SINCE OCT 1     11.08                     13.30  -2.22     6.45
  SINCE JAN 1      6.57                      8.79  -2.22     5.82

SNOWFALL (IN)
  YESTERDAY       MM                        MM     MM       MM
  MONTH TO DATE   MM                        MM     MM       MM
  SINCE JUL 1     MM                        MM     MM       MM
  SNOW DEPTH      MM

DEGREE DAYS
 HEATING
  YESTERDAY        0                         1     -1        0
  MONTH TO DATE    0                         1     -1        0
  SINCE JUN 1     53                       222   -169       95
  SINCE JUL 1     23                        42    -19        6

 COOLING
  YESTERDAY       14                         3     11        8
  MONTH TO DATE   14                         3     11        8
  SINCE JUN 1    248                        98    150      281
  SINCE JAN 1    248                        98    150      281
..................................................................


WIND (MPH)
  HIGHEST WIND SPEED    23   HIGHEST WIND DIRECTION     E (90)
  HIGHEST GUST SPEED    36   HIGHEST GUST DIRECTION     E (90)
  AVERAGE WIND SPEED     5.2


SKY COVER
  POSSIBLE SUNSHINE  MM
  AVERAGE SKY COVER 0.0


WEATHER CONDITIONS
 THE FOLLOWING WEATHER WAS RECORDED YESTERDAY.
  THUNDERSTORM
  LIGHT RAIN


RELATIVE HUMIDITY (PERCENT)
 HIGHEST    52           300 AM
 LOWEST     10           300 PM
 AVERAGE    31

..........................................................


THE ALTURAS CA CLIMATE NORMALS FOR TODAY
                         NORMAL    RECORD    YEAR
 MAXIMUM TEMPERATURE (F)   90       101      1914
 MINIMUM TEMPERATURE (F)   45        34      1985


SUNRISE AND SUNSET
AUGUST  2 2015........SUNRISE   558 AM PDT   SUNSET   819 PM PDT
AUGUST  3 2015........SUNRISE   559 AM PDT   SUNSET   817 PM PDT


-  INDICATES NEGATIVE NUMBERS.
R  INDICATES RECORD WAS SET OR TIED.
MM INDICATES DATA IS MISSING.
T  INDICATES TRACE AMOUNT.




$$
