399
CDUS46 KMFR 290836
CLIAAT


CLIMATE REPORT
NATIONAL WEATHER SERVICE MEDFORD, OR
136 AM PDT MON AUG 29 2016


...................................

...THE ALTURAS CA CLIMATE SUMMARY FOR AUGUST 28 2016...

CLIMATE NORMAL PERIOD 1981 TO 2010
CLIMATE RECORD PERIOD 1905 TO 2016


WEATHER ITEM   OBSERVED TIME   RECORD YEAR NORMAL DEPARTURE LAST
                VALUE   (LST)  VALUE       VALUE  FROM      YEAR
                                                  NORMAL
..................................................................
TEMPERATURE (F)
 YESTERDAY
  MAXIMUM         89    347 PM 103    1915  83      6       89
  MINIMUM         43    548 AM  25    1905  40      3       46
  AVERAGE         66                        62      4       68

PRECIPITATION (IN)
  YESTERDAY        0.00          0.28 1949   0.02  -0.02     0.00
  MONTH TO DATE    T                         0.32  -0.32     0.27
  SINCE OCT 1     13.42                     13.61  -0.19    11.35
  SINCE JAN 1      7.44                      9.10  -1.66     6.84

SNOWFALL (IN)
  YESTERDAY       MM                        MM     MM       MM
  MONTH TO DATE   MM                        MM     MM       MM
  SINCE JUL 1     MM                        MM     MM       MM
  SNOW DEPTH      MM

DEGREE DAYS
 HEATING
  YESTERDAY        0                         4     -4        0
  MONTH TO DATE   15                        57    -42        5
  SINCE JUN 1    173                       278   -105       58
  SINCE JUL 1     55                        98    -43       28

 COOLING
  YESTERDAY        1                         1      0        3
  MONTH TO DATE   92                        53     39       80
  SINCE JUN 1    252                       148    104      314
  SINCE JAN 1    252                       148    104      314
..................................................................


WIND (MPH)
  HIGHEST WIND SPEED    18   HIGHEST WIND DIRECTION     W (270)
  HIGHEST GUST SPEED    24   HIGHEST GUST DIRECTION     W (270)
  AVERAGE WIND SPEED     4.4


SKY COVER
  POSSIBLE SUNSHINE  MM
  AVERAGE SKY COVER 0.0


WEATHER CONDITIONS
 THE FOLLOWING WEATHER WAS RECORDED YESTERDAY.
  NO SIGNIFICANT WEATHER WAS OBSERVED.


RELATIVE HUMIDITY (PERCENT)
 HIGHEST    70           500 AM
 LOWEST     11           500 PM
 AVERAGE    41

..........................................................


THE ALTURAS CA CLIMATE NORMALS FOR TODAY
                         NORMAL    RECORD    YEAR
 MAXIMUM TEMPERATURE (F)   83       103      1915
 MINIMUM TEMPERATURE (F)   40        25      1910


SUNRISE AND SUNSET
AUGUST 29 2016........SUNRISE   626 AM PDT   SUNSET   739 PM PDT
AUGUST 30 2016........SUNRISE   627 AM PDT   SUNSET   738 PM PDT


-  INDICATES NEGATIVE NUMBERS.
R  INDICATES RECORD WAS SET OR TIED.
MM INDICATES DATA IS MISSING.
T  INDICATES TRACE AMOUNT.




$$
