171
CDUS46 KMFR 300836
CLIAAT


CLIMATE REPORT
NATIONAL WEATHER SERVICE MEDFORD, OR
136 AM PDT SAT JUL 30 2016


...................................

...THE ALTURAS CA CLIMATE SUMMARY FOR JULY 29 2016...

CLIMATE NORMAL PERIOD 1981 TO 2010
CLIMATE RECORD PERIOD 1905 TO 2016


WEATHER ITEM   OBSERVED TIME   RECORD YEAR NORMAL DEPARTURE LAST
                VALUE   (LST)  VALUE       VALUE  FROM      YEAR
                                                  NORMAL
..................................................................
TEMPERATURE (F)
 YESTERDAY
  MAXIMUM        101    349 PM 104    1968  90     11       93
  MINIMUM         52    451 AM  33    1916  45      7       42
  AVERAGE         77                        67     10       68

PRECIPITATION (IN)
  YESTERDAY        0.00          0.47 1974   0.02  -0.02     0.00
  MONTH TO DATE    0.05                      0.31  -0.26     1.17
  SINCE OCT 1     13.42                     13.26   0.16    11.08
  SINCE JAN 1      7.44                      8.75  -1.31     6.57

SNOWFALL (IN)
  YESTERDAY       MM                        MM     MM       MM
  MONTH TO DATE   MM                        MM     MM       MM
  SINCE JUL 1     MM                        MM     MM       MM
  SNOW DEPTH      MM

DEGREE DAYS
 HEATING
  YESTERDAY        0                         1     -1        0
  MONTH TO DATE   40                        39      1       23
  SINCE JUN 1    158                       219    -61       53
  SINCE JUL 1     40                        39      1       23

 COOLING
  YESTERDAY       12                         3      9        3
  MONTH TO DATE   92                        73     19      116
  SINCE JUN 1    140                        84     56      219
  SINCE JAN 1    140                        84     56      219
..................................................................


WIND (MPH)
  HIGHEST WIND SPEED    23   HIGHEST WIND DIRECTION     W (260)
  HIGHEST GUST SPEED    27   HIGHEST GUST DIRECTION     W (250)
  AVERAGE WIND SPEED     6.7


SKY COVER
  POSSIBLE SUNSHINE  MM
  AVERAGE SKY COVER 0.0


WEATHER CONDITIONS
 THE FOLLOWING WEATHER WAS RECORDED YESTERDAY.
  HAZE


RELATIVE HUMIDITY (PERCENT)
 HIGHEST    71           500 AM
 LOWEST     12           200 PM
 AVERAGE    42

..........................................................


THE ALTURAS CA CLIMATE NORMALS FOR TODAY
                         NORMAL    RECORD    YEAR
 MAXIMUM TEMPERATURE (F)   90       104      1966
 MINIMUM TEMPERATURE (F)   45        34      1993


SUNRISE AND SUNSET
JULY 30 2016..........SUNRISE   556 AM PDT   SUNSET   821 PM PDT
JULY 31 2016..........SUNRISE   557 AM PDT   SUNSET   820 PM PDT


-  INDICATES NEGATIVE NUMBERS.
R  INDICATES RECORD WAS SET OR TIED.
MM INDICATES DATA IS MISSING.
T  INDICATES TRACE AMOUNT.




$$
