378
CDUS46 KMFR 160837
CLIAAT


CLIMATE REPORT
NATIONAL WEATHER SERVICE MEDFORD, OR
1237 AM PST MON JAN 16 2017


...................................

...THE ALTURAS CA CLIMATE SUMMARY FOR JANUARY 15 2017...

CLIMATE NORMAL PERIOD 1981 TO 2010
CLIMATE RECORD PERIOD 1905 TO 2017


WEATHER ITEM   OBSERVED TIME   RECORD YEAR NORMAL DEPARTURE LAST
                VALUE   (LST)  VALUE       VALUE  FROM      YEAR
                                                  NORMAL
..................................................................
TEMPERATURE (F)
 YESTERDAY
  MAXIMUM         36    349 PM  60    1961  41     -5       37
  MINIMUM         11    743 AM -32    1917  18     -7       25
  AVERAGE         24                        30     -6       31

PRECIPITATION (IN)
  YESTERDAY        0.00          2.14 1936   0.04  -0.04     0.14
  MONTH TO DATE    2.97                      0.97   2.00     0.52
  SINCE OCT 1      6.72                      5.48   1.24     6.50
  SINCE JAN 1      2.97                      0.97   2.00     0.52

SNOWFALL (IN)
  YESTERDAY       MM                        MM     MM       MM
  MONTH TO DATE   MM                        MM     MM       MM
  SINCE JUL 1     MM                        MM     MM       MM
  SNOW DEPTH      MM

DEGREE DAYS
 HEATING
  YESTERDAY       41                        35      6       34
  MONTH TO DATE  653                       537    116      565
  SINCE DEC 1   1812                      1637    175     1674
  SINCE JUL 1   3320                      3447   -127     3201

 COOLING
  YESTERDAY        0                         0      0        0
  MONTH TO DATE    0                         0      0        0
  SINCE DEC 1      0                         0      0        0
  SINCE JAN 1      0                         0      0        0
..................................................................


WIND (MPH)
  HIGHEST WIND SPEED     9   HIGHEST WIND DIRECTION    SE (130)
  HIGHEST GUST SPEED    11   HIGHEST GUST DIRECTION     E (100)
  AVERAGE WIND SPEED     2.6


SKY COVER
  POSSIBLE SUNSHINE  MM
  AVERAGE SKY COVER 0.0


WEATHER CONDITIONS
 THE FOLLOWING WEATHER WAS RECORDED YESTERDAY.
  FOG


RELATIVE HUMIDITY (PERCENT)
 HIGHEST    96           500 AM
 LOWEST     64           300 PM
 AVERAGE    80

..........................................................


THE ALTURAS CA CLIMATE NORMALS FOR TODAY
                         NORMAL    RECORD    YEAR
 MAXIMUM TEMPERATURE (F)   42        62      1961
 MINIMUM TEMPERATURE (F)   18       -27      1917


SUNRISE AND SUNSET
JANUARY 16 2017.......SUNRISE   726 AM PST   SUNSET   459 PM PST
JANUARY 17 2017.......SUNRISE   725 AM PST   SUNSET   500 PM PST


-  INDICATES NEGATIVE NUMBERS.
R  INDICATES RECORD WAS SET OR TIED.
MM INDICATES DATA IS MISSING.
T  INDICATES TRACE AMOUNT.




$$
