000
CDUS41 KPHI 200630
CLIABE


CLIMATE REPORT
NATIONAL WEATHER SERVICE MOUNT HOLLY NJ
130 AM EST FRI JAN 20 2017


...................................

...THE ALLENTOWN PA CLIMATE SUMMARY FOR JANUARY 19 2017...

CLIMATE NORMAL PERIOD 1981 TO 2010
CLIMATE RECORD PERIOD 1922 TO 2017


WEATHER ITEM   OBSERVED TIME   RECORD YEAR NORMAL DEPARTURE LAST
                VALUE   (LST)  VALUE       VALUE  FROM      YEAR
                                                  NORMAL
..................................................................
TEMPERATURE (F)
 YESTERDAY
  MAXIMUM         46    342 PM  60    1949  36     10       28
  MINIMUM         31   1139 PM -11    1994  19     12       13
  AVERAGE         39                        28     11       21

PRECIPITATION (IN)
  YESTERDAY        0.00          1.93 1996   0.10  -0.10     0.00
  MONTH TO DATE    2.10                      1.84   0.26     1.42
  SINCE DEC 1      4.53                      5.42  -0.89     5.62
  SINCE JAN 1      2.10                      1.84   0.26     1.42

SNOWFALL (IN)
  YESTERDAY        0.0          10.9  1961   0.4   -0.4      0.0
  MONTH TO DATE    2.1                       5.9   -3.8      0.4
  SINCE DEC 1      2.8                      11.1   -8.3      0.4
  SINCE JUL 1      2.8                      11.8   -9.0      0.4
  SNOW DEPTH       0

DEGREE DAYS
 HEATING
  YESTERDAY       26                        38    -12       44
  MONTH TO DATE  610                       710   -100      647
  SINCE DEC 1   1560                      1725   -165     1233
  SINCE JUL 1   2465                      2905   -440     2115

 COOLING
  YESTERDAY        0                         0      0        0
  MONTH TO DATE    0                         0      0        0
  SINCE DEC 1      0                         0      0        0
  SINCE JAN 1      0                         0      0        0
..................................................................


WIND (MPH)
  HIGHEST WIND SPEED     9   HIGHEST WIND DIRECTION    NW (310)
  HIGHEST GUST SPEED    13   HIGHEST GUST DIRECTION    NW (330)
  AVERAGE WIND SPEED     5.0


SKY COVER
  POSSIBLE SUNSHINE  MM
  AVERAGE SKY COVER 0.8


WEATHER CONDITIONS
 THE FOLLOWING WEATHER WAS RECORDED YESTERDAY.
  NO SIGNIFICANT WEATHER WAS OBSERVED.


RELATIVE HUMIDITY (PERCENT)
 HIGHEST    85           300 AM
 LOWEST     60           300 PM
 AVERAGE    73

..........................................................


THE ALLENTOWN PA CLIMATE NORMALS FOR TODAY
                         NORMAL    RECORD    YEAR
 MAXIMUM TEMPERATURE (F)   36        56      1951
 MINIMUM TEMPERATURE (F)   19        -6      1994


SUNRISE AND SUNSET
JANUARY 20 2017.......SUNRISE   721 AM EST   SUNSET   505 PM EST
JANUARY 21 2017.......SUNRISE   720 AM EST   SUNSET   507 PM EST


-  INDICATES NEGATIVE NUMBERS.
R  INDICATES RECORD WAS SET OR TIED.
MM INDICATES DATA IS MISSING.
T  INDICATES TRACE AMOUNT.




$$
