000
CDUS41 KPHI 020628
CLIABE


CLIMATE REPORT
NATIONAL WEATHER SERVICE MOUNT HOLLY NJ
227 AM EDT MON MAY 2 2016


...................................

...THE ALLENTOWN PA CLIMATE SUMMARY FOR MAY 1 2016...

CLIMATE NORMAL PERIOD 1981 TO 2010
CLIMATE RECORD PERIOD 1922 TO 2016


WEATHER ITEM   OBSERVED TIME   RECORD YEAR NORMAL DEPARTURE LAST
                VALUE   (LST)  VALUE       VALUE  FROM      YEAR
                                                  NORMAL
..................................................................
TEMPERATURE (F)
 YESTERDAY
  MAXIMUM         53   1222 AM  88    2010  67    -14       64
  MINIMUM         44    809 AM  30    1931  43      1       43
  AVERAGE         49                        55     -6       54

PRECIPITATION (IN)
  YESTERDAY        0.24          0.95 1976   0.11   0.13      T
  MONTH TO DATE    0.24                      0.11   0.13      T
  SINCE MAR 1      2.99                      7.06  -4.07     6.24
  SINCE JAN 1     12.02                     12.79  -0.77    10.79

SNOWFALL (IN)
  YESTERDAY        0.0           T    1963   0.0    0.0      0.0
  MONTH TO DATE    0.0                       0.0    0.0      0.0
  SINCE MAR 1      0.3                       5.9   -5.6     17.8
  SINCE JUL 1     36.2                      32.9    3.3     50.1
  SNOW DEPTH       0

DEGREE DAYS
 HEATING
  YESTERDAY       16                        10      6       11
  MONTH TO DATE   16                        10      6       11
  SINCE MAR 1   1021                      1271   -250     1377
  SINCE JUL 1   4478                      5580  -1102     5858

 COOLING
  YESTERDAY        0                         0      0        0
  MONTH TO DATE    0                         0      0        0
  SINCE MAR 1      9                         5      4        0
  SINCE JAN 1      9                         5      4        0
..................................................................


WIND (MPH)
  HIGHEST WIND SPEED    12   HIGHEST WIND DIRECTION     E (100)
  HIGHEST GUST SPEED    15   HIGHEST GUST DIRECTION    SE (120)
  AVERAGE WIND SPEED     5.0


SKY COVER
  POSSIBLE SUNSHINE  MM
  AVERAGE SKY COVER 1.0


WEATHER CONDITIONS
 THE FOLLOWING WEATHER WAS RECORDED YESTERDAY.
  RAIN
  LIGHT RAIN
  FOG
  HAZE


RELATIVE HUMIDITY (PERCENT)
 HIGHEST    93           900 PM
 LOWEST     54           200 AM
 AVERAGE    74

..........................................................


THE ALLENTOWN PA CLIMATE NORMALS FOR TODAY
                         NORMAL    RECORD    YEAR
 MAXIMUM TEMPERATURE (F)   67        90      2001
 MINIMUM TEMPERATURE (F)   44        30      1925


SUNRISE AND SUNSET
MAY  2 2016...........SUNRISE   559 AM EDT   SUNSET   759 PM EDT
MAY  3 2016...........SUNRISE   557 AM EDT   SUNSET   800 PM EDT


-  INDICATES NEGATIVE NUMBERS.
R  INDICATES RECORD WAS SET OR TIED.
MM INDICATES DATA IS MISSING.
T  INDICATES TRACE AMOUNT.




$$
