000
CDUS41 KPHI 230629
CLIABE


CLIMATE REPORT
NATIONAL WEATHER SERVICE MOUNT HOLLY NJ
229 AM EDT THU MAR 23 2017


...................................

...THE ALLENTOWN PA CLIMATE SUMMARY FOR MARCH 22 2017...

CLIMATE NORMAL PERIOD 1981 TO 2010
CLIMATE RECORD PERIOD 1922 TO 2017


WEATHER ITEM   OBSERVED TIME   RECORD YEAR NORMAL DEPARTURE LAST
                VALUE   (LST)  VALUE       VALUE  FROM      YEAR
                                                  NORMAL
..................................................................
TEMPERATURE (F)
 YESTERDAY
  MAXIMUM         42   1209 AM  82    1938  52    -10       58
  MINIMUM         22   1159 PM  15    1988  31     -9       26
                                      1965
  AVERAGE         32                        41     -9       42

PRECIPITATION (IN)
  YESTERDAY        0.00          2.49 1977   0.12  -0.12     0.00
  MONTH TO DATE    2.75                      2.33   0.42     0.48
  SINCE MAR 1      2.75                      2.33   0.42     0.48
  SINCE JAN 1      7.84                      8.06  -0.22     9.51

SNOWFALL (IN)
  YESTERDAY        0.0           2.6  1992   0.1   -0.1      0.0
  MONTH TO DATE   18.3                       4.0   14.3      0.3
  SINCE MAR 1     18.3                       4.0   14.3      0.3
  SINCE JUL 1     28.3                      31.0   -2.7     36.2
  SNOW DEPTH       0

DEGREE DAYS
 HEATING
  YESTERDAY       33                        24      9       23
  MONTH TO DATE  645                       605     40      435
  SINCE MAR 1    645                       605     40      435
  SINCE JUL 1   4147                      4914   -767     3892

 COOLING
  YESTERDAY        0                         0      0        0
  MONTH TO DATE    0                         0      0        2
  SINCE MAR 1      0                         0      0        2
  SINCE JAN 1      0                         0      0        2
..................................................................


WIND (MPH)
  HIGHEST WIND SPEED    32   HIGHEST WIND DIRECTION     N (340)
  HIGHEST GUST SPEED    43   HIGHEST GUST DIRECTION     N (340)
  AVERAGE WIND SPEED    16.1


SKY COVER
  POSSIBLE SUNSHINE  MM
  AVERAGE SKY COVER 0.1


WEATHER CONDITIONS
 THE FOLLOWING WEATHER WAS RECORDED YESTERDAY.
  NO SIGNIFICANT WEATHER WAS OBSERVED.


RELATIVE HUMIDITY (PERCENT)
 HIGHEST    82          1200 AM
 LOWEST     23           300 PM
 AVERAGE    53

..........................................................


THE ALLENTOWN PA CLIMATE NORMALS FOR TODAY
                         NORMAL    RECORD    YEAR
 MAXIMUM TEMPERATURE (F)   52        80      2012
                                             1938
 MINIMUM TEMPERATURE (F)   31        13      1934


SUNRISE AND SUNSET
MARCH 23 2017.........SUNRISE   700 AM EDT   SUNSET   717 PM EDT
MARCH 24 2017.........SUNRISE   658 AM EDT   SUNSET   718 PM EDT


-  INDICATES NEGATIVE NUMBERS.
R  INDICATES RECORD WAS SET OR TIED.
MM INDICATES DATA IS MISSING.
T  INDICATES TRACE AMOUNT.




$$
