000
CDUS41 KPHI 260626
CLIABE


CLIMATE REPORT
NATIONAL WEATHER SERVICE MOUNT HOLLY NJ
226 AM EDT THU MAR 26 2015


...................................

...THE ALLENTOWN PA CLIMATE SUMMARY FOR MARCH 25 2015...

CLIMATE NORMAL PERIOD 1981 TO 2010
CLIMATE RECORD PERIOD 1922 TO 2015


WEATHER ITEM   OBSERVED TIME   RECORD YEAR NORMAL DEPARTURE LAST
                VALUE   (LST)  VALUE       VALUE  FROM      YEAR
                                                  NORMAL
..................................................................
TEMPERATURE (F)
 YESTERDAY
  MAXIMUM         45   1051 AM  77    1988  53     -8       36
                                      1963
  MINIMUM         21    557 AM  15    1934  32    -11       17
  AVERAGE         33                        42     -9       27

PRECIPITATION (IN)
  YESTERDAY        0.05          0.69 1969   0.11  -0.06     0.04
  MONTH TO DATE    3.60                      2.67   0.93     0.93
  SINCE MAR 1      3.60                      2.67   0.93     0.93
  SINCE JAN 1      8.15                      8.40  -0.25     9.92

SNOWFALL (IN)
  YESTERDAY        0.0           1.5  1934   0.2   -0.2      0.9
  MONTH TO DATE   17.4                       4.4   13.0      1.1
  SINCE MAR 1     17.4                       4.4   13.0      1.1
  SINCE JUL 1     49.7                      31.4   18.3     67.8
  SNOW DEPTH       0

DEGREE DAYS
 HEATING
  YESTERDAY       32                        23      9       38
  MONTH TO DATE  797                       675    122      809
  SINCE MAR 1    797                       675    122      809
  SINCE JUL 1   5278                      4984    294     5407

 COOLING
  YESTERDAY        0                         0      0        0
  MONTH TO DATE    0                         0      0        0
  SINCE MAR 1      0                         0      0        0
  SINCE JAN 1      0                         0      0        0
..................................................................


WIND (MPH)
  HIGHEST WIND SPEED    13   HIGHEST WIND DIRECTION     S (170)
  HIGHEST GUST SPEED    18   HIGHEST GUST DIRECTION     S (170)
  AVERAGE WIND SPEED     2.5


SKY COVER
  POSSIBLE SUNSHINE  MM
  AVERAGE SKY COVER 0.5


WEATHER CONDITIONS
 THE FOLLOWING WEATHER WAS RECORDED YESTERDAY.
  LIGHT RAIN


RELATIVE HUMIDITY (PERCENT)
 HIGHEST    85           700 PM
 LOWEST     33          1100 AM
 AVERAGE    59

..........................................................


THE ALLENTOWN PA CLIMATE NORMALS FOR TODAY
                         NORMAL    RECORD    YEAR
 MAXIMUM TEMPERATURE (F)   53        74      1963
                                             1925
 MINIMUM TEMPERATURE (F)   32        17      1960


SUNRISE AND SUNSET
MARCH 26 2015.........SUNRISE   656 AM EDT   SUNSET   720 PM EDT
MARCH 27 2015.........SUNRISE   654 AM EDT   SUNSET   721 PM EDT


-  INDICATES NEGATIVE NUMBERS.
R  INDICATES RECORD WAS SET OR TIED.
MM INDICATES DATA IS MISSING.
T  INDICATES TRACE AMOUNT.




$$
