000
CDUS41 KPHI 220630
CLIABE


CLIMATE REPORT
NATIONAL WEATHER SERVICE MOUNT HOLLY NJ
229 AM EDT MON SEP 22 2014


...................................

...THE ALLENTOWN PA CLIMATE SUMMARY FOR SEPTEMBER 21 2014...

CLIMATE NORMAL PERIOD 1981 TO 2010
CLIMATE RECORD PERIOD 1922 TO 2014


WEATHER ITEM   OBSERVED TIME   RECORD YEAR NORMAL DEPARTURE LAST
                VALUE   (LST)  VALUE       VALUE  FROM      YEAR
                                                  NORMAL
..................................................................
TEMPERATURE (F)
 YESTERDAY
  MAXIMUM         81    425 PM  91    1940  73      8       78
                                      1931
  MINIMUM         54    357 AM  34    1956  51      3       52
  AVERAGE         68                        62      6       65

PRECIPITATION (IN)
  YESTERDAY        0.04          3.21 1979   0.17  -0.13     0.68
  MONTH TO DATE    1.27                      3.07  -1.80     2.08
  SINCE SEP 1      1.27                      3.07  -1.80     2.08
  SINCE JAN 1     35.26                     32.84   2.42    36.92

SNOWFALL (IN)
  YESTERDAY        0.0           0.4  1896   0.0    0.0      0.0
  MONTH TO DATE    0.0                       0.0    0.0      0.0
  SINCE SEP 1      0.0                       0.0    0.0      0.0
  SINCE JUL 1      0.0                       0.0    0.0      0.0
  SNOW DEPTH       0

DEGREE DAYS
 HEATING
  YESTERDAY        0                         5     -5        0
  MONTH TO DATE   45                        49     -4       67
  SINCE SEP 1     45                        49     -4       67
  SINCE JUL 1     49                        60    -11       71

 COOLING
  YESTERDAY        3                         1      2        0
  MONTH TO DATE   99                        63     36       78
  SINCE SEP 1     99                        63     36       78
  SINCE JAN 1    786                       742     44      903
..................................................................


WIND (MPH)
  HIGHEST WIND SPEED    15   HIGHEST WIND DIRECTION    SW (240)
  HIGHEST GUST SPEED    18   HIGHEST GUST DIRECTION    SW (240)
  AVERAGE WIND SPEED     3.2


SKY COVER
  POSSIBLE SUNSHINE  MM
  AVERAGE SKY COVER 0.5


WEATHER CONDITIONS
 THE FOLLOWING WEATHER WAS RECORDED YESTERDAY.
  LIGHT RAIN
  FOG
  FOG W/VISIBILITY <= 1/4 MILE
  HAZE


RELATIVE HUMIDITY (PERCENT)
 HIGHEST   100           400 AM
 LOWEST     42           400 PM
 AVERAGE    71

..........................................................


THE ALLENTOWN PA CLIMATE NORMALS FOR TODAY
                         NORMAL    RECORD    YEAR
 MAXIMUM TEMPERATURE (F)   73        93      1980
                                             1931
 MINIMUM TEMPERATURE (F)   50        36      1997


SUNRISE AND SUNSET
SEPTEMBER 22 2014.....SUNRISE   649 AM EDT   SUNSET   659 PM EDT
SEPTEMBER 23 2014.....SUNRISE   650 AM EDT   SUNSET   657 PM EDT


-  INDICATES NEGATIVE NUMBERS.
R  INDICATES RECORD WAS SET OR TIED.
MM INDICATES DATA IS MISSING.
T  INDICATES TRACE AMOUNT.




$$
