000
CDUS41 KPHI 060636
CLIABE


CLIMATE REPORT
NATIONAL WEATHER SERVICE MOUNT HOLLY NJ
131 AM EST FRI MAR 6 2015


...................................

...THE ALLENTOWN PA CLIMATE SUMMARY FOR MARCH 5 2015...

CLIMATE NORMAL PERIOD 1981 TO 2010
CLIMATE RECORD PERIOD 1922 TO 2015


WEATHER ITEM   OBSERVED TIME   RECORD YEAR NORMAL DEPARTURE LAST
                VALUE   (LST)  VALUE       VALUE  FROM      YEAR
                                                  NORMAL
..................................................................
TEMPERATURE (F)
 YESTERDAY
  MAXIMUM         36   1252 AM  72    1964  45     -9       39
  MINIMUM         14   1159 PM   8    1948  26    -12       19
  AVERAGE         25                        35    -10       29

PRECIPITATION (IN)
  YESTERDAY        0.45          1.07 1965   0.10   0.35     0.00
  MONTH TO DATE    1.78                      0.49   1.29     0.01
  SINCE MAR 1      1.78                      0.49   1.29     0.01
  SINCE JAN 1      6.33                      6.22   0.11     9.00

SNOWFALL (IN)
  YESTERDAY        6.7           7.0  1917   0.3    6.4      0.0
  MONTH TO DATE   11.3                       1.2   10.1      0.2
  SINCE MAR 1     11.3                       1.2   10.1      0.2
  SINCE JUL 1     43.6                      28.2   15.4     66.9
  SNOW DEPTH       5

DEGREE DAYS
 HEATING
  YESTERDAY       40                        30     10       36
  MONTH TO DATE  194                       152     42      207
  SINCE MAR 1    194                       152     42      207
  SINCE JUL 1   4675                      4461    214     4805

 COOLING
  YESTERDAY        0                         0      0        0
  MONTH TO DATE    0                         0      0        0
  SINCE MAR 1      0                         0      0        0
  SINCE JAN 1      0                         0      0        0
..................................................................


WIND (MPH)
  HIGHEST WIND SPEED    16   HIGHEST WIND DIRECTION     N (350)
  HIGHEST GUST SPEED    20   HIGHEST GUST DIRECTION     N (350)
  AVERAGE WIND SPEED     8.1


SKY COVER
  POSSIBLE SUNSHINE  MM
  AVERAGE SKY COVER 0.9


WEATHER CONDITIONS
 THE FOLLOWING WEATHER WAS RECORDED YESTERDAY.
  LIGHT RAIN
  SNOW
  LIGHT SNOW
  FOG


RELATIVE HUMIDITY (PERCENT)
 HIGHEST    89          1200 AM
 LOWEST     49           800 PM
 AVERAGE    69

..........................................................


THE ALLENTOWN PA CLIMATE NORMALS FOR TODAY
                         NORMAL    RECORD    YEAR
 MAXIMUM TEMPERATURE (F)   46        76      1935
 MINIMUM TEMPERATURE (F)   26         7      1960
                                             1948


SUNRISE AND SUNSET
MARCH  6 2015.........SUNRISE   628 AM EST   SUNSET   558 PM EST
MARCH  7 2015.........SUNRISE   627 AM EST   SUNSET   559 PM EST


-  INDICATES NEGATIVE NUMBERS.
R  INDICATES RECORD WAS SET OR TIED.
MM INDICATES DATA IS MISSING.
T  INDICATES TRACE AMOUNT.




$$
