000
CDUS41 KPHI 312127
CLIABE


CLIMATE REPORT
NATIONAL WEATHER SERVICE MOUNT HOLLY NJ
527 PM EDT TUE MAY 31 2016


...................................

...THE ALLENTOWN PA CLIMATE SUMMARY FOR MAY 31 2016...
VALID TODAY AS OF 0500 PM LOCAL TIME.

CLIMATE NORMAL PERIOD 1981 TO 2010
CLIMATE RECORD PERIOD 1922 TO 2016


WEATHER ITEM   OBSERVED TIME   RECORD YEAR NORMAL DEPARTURE LAST
                VALUE   (LST)  VALUE       VALUE  FROM      YEAR
                                                  NORMAL
..................................................................
TEMPERATURE (F)
 TODAY
  MAXIMUM         87    359 PM  95    1939  76     11       88
  MINIMUM         64    516 AM  37    1996  53     11       61
  AVERAGE         76                        65     11       75

PRECIPITATION (IN)
  TODAY            0.00          3.23 1972   0.15  -0.15     0.60
  MONTH TO DATE    4.05                      4.14  -0.09     0.82
  SINCE MAR 1      6.80                     11.09  -4.29     7.06
  SINCE JAN 1     15.83                     16.82  -0.99    11.61

SNOWFALL (IN)
  TODAY            0.0           0.0    MM   0.0    0.0      0.0
  MONTH TO DATE    0.0                       0.0    0.0      0.0
  SINCE MAR 1      0.3                       5.9   -5.6     17.8
  SINCE JUL 1     36.2                      32.9    3.3     50.1
  SNOW DEPTH       0

DEGREE DAYS
 HEATING
  TODAY            0                         3     -3        0
  MONTH TO DATE  194                       198     -4       81
  SINCE MAR 1   1199                      1459   -260     1447
  SINCE JUL 1   4656                      5768  -1112     5928

 COOLING
  TODAY           11                         3      8       10
  MONTH TO DATE   78                        40     38      133
  SINCE MAR 1     87                        45     42      133
  SINCE JAN 1     87                        45     42      133
..................................................................


WIND (MPH)
  HIGHEST WIND SPEED    15   HIGHEST WIND DIRECTION     W (280)
  HIGHEST GUST SPEED    20   HIGHEST GUST DIRECTION     W (260)
  AVERAGE WIND SPEED     3.9


SKY COVER
  POSSIBLE SUNSHINE  MM
  AVERAGE SKY COVER 0.2


WEATHER CONDITIONS
 THE FOLLOWING WEATHER WAS RECORDED TODAY.
  NO SIGNIFICANT WEATHER WAS OBSERVED.


RELATIVE HUMIDITY (PERCENT)
 HIGHEST    93           500 AM
 LOWEST     30           300 PM
 AVERAGE    62

..........................................................


THE ALLENTOWN PA CLIMATE NORMALS FOR TOMORROW
                         NORMAL    RECORD    YEAR
 MAXIMUM TEMPERATURE (F)   76        95      1937
 MINIMUM TEMPERATURE (F)   54        39      1945


SUNRISE AND SUNSET
MAY 31 2016...........SUNRISE   533 AM EDT   SUNSET   826 PM EDT
JUNE  1 2016..........SUNRISE   533 AM EDT   SUNSET   827 PM EDT


-  INDICATES NEGATIVE NUMBERS.
R  INDICATES RECORD WAS SET OR TIED.
MM INDICATES DATA IS MISSING.
T  INDICATES TRACE AMOUNT.




$$
