000
CDUS44 KSJT 290756
CLIABI


CLIMATE REPORT
NATIONAL WEATHER SERVICE SAN ANGELO TX
155 AM CST THU JAN 29 2015


...................................

...THE ABILENE CLIMATE SUMMARY FOR JANUARY 28 2015...

CLIMATE NORMAL PERIOD 1981 TO 2010
CLIMATE RECORD PERIOD 1886 TO 2015


WEATHER ITEM   OBSERVED TIME   RECORD YEAR NORMAL DEPARTURE LAST
                VALUE   (LST)  VALUE       VALUE  FROM      YEAR
                                                  NORMAL
..................................................................
TEMPERATURE (F)
 YESTERDAY
  MAXIMUM         81    255 PM  82    1970  58     23       33
  MINIMUM         47    223 AM  10    2014  34     13       10
                                      1895
  AVERAGE         64                        46     18       22

PRECIPITATION (IN)
  YESTERDAY        0.00          2.64 2010   0.03  -0.03     0.00
  MONTH TO DATE    1.47                      0.90   0.57      T
  SINCE DEC 1      2.00                      2.13  -0.13     1.11
  SINCE JAN 1      1.47                      0.90   0.57      T

SNOWFALL (IN)
  YESTERDAY        0.0           2.7  1961   0.1   -0.1      0.0
  MONTH TO DATE    T                         1.4   -1.4      0.0
  SINCE NOV 1      0.1                       3.2   -3.1      1.3
  SINCE JUL 1      0.1                       3.2   -3.1      1.3

DEGREE DAYS
 HEATING
  YESTERDAY        1                        19    -18       43
  MONTH TO DATE  632                       567     65      577
  SINCE DEC 1   1085                      1179    -94     1275
  SINCE JUL 1   1502                      1612   -110     1747

 COOLING
  YESTERDAY        0                         0      0        0
  MONTH TO DATE    0                         0      0        0
  SINCE DEC 1      0                         1     -1        1
  SINCE JAN 1      0                         0      0        0
..................................................................


WIND (MPH)
  HIGHEST WIND SPEED    21   HIGHEST WIND DIRECTION     S (200)
  HIGHEST GUST SPEED    26   HIGHEST GUST DIRECTION    SW (210)
  AVERAGE WIND SPEED    10.5


SKY COVER
  POSSIBLE SUNSHINE  MM
  AVERAGE SKY COVER 0.0


WEATHER CONDITIONS
 THE FOLLOWING WEATHER WAS RECORDED YESTERDAY.
  NO SIGNIFICANT WEATHER WAS OBSERVED.


RELATIVE HUMIDITY (PERCENT)
 HIGHEST    66           200 AM
 LOWEST     26           400 PM
 AVERAGE    46

..........................................................


THE ABILENE CLIMATE NORMALS FOR TODAY
                         NORMAL    RECORD    YEAR
 MAXIMUM TEMPERATURE (F)   58        84      1967
 MINIMUM TEMPERATURE (F)   34         8      1966


SUNRISE AND SUNSET
JANUARY 29 2015.......SUNRISE   735 AM CST   SUNSET   609 PM CST
JANUARY 30 2015.......SUNRISE   734 AM CST   SUNSET   610 PM CST


-  INDICATES NEGATIVE NUMBERS.
R  INDICATES RECORD WAS SET OR TIED.
MM INDICATES DATA IS MISSING.
T  INDICATES TRACE AMOUNT.




$$
