000
CDUS44 KSJT 282327
CLIABI


CLIMATE REPORT
NATIONAL WEATHER SERVICE SAN ANGELO TX
527 PM CST FRI NOV 28 2014


...................................

...THE ABILENE CLIMATE SUMMARY FOR NOVEMBER 28 2014...
VALID TODAY AS OF 0500 PM LOCAL TIME.

CLIMATE NORMAL PERIOD 1981 TO 2010
CLIMATE RECORD PERIOD 1886 TO 2014


WEATHER ITEM   OBSERVED TIME   RECORD YEAR NORMAL DEPARTURE LAST
                VALUE   (LST)  VALUE       VALUE  FROM      YEAR
                                                  NORMAL
..................................................................
TEMPERATURE (F)
 TODAY
  MAXIMUM         72    421 PM  83    1949  61     11       57
  MINIMUM         47    342 AM  16    1887  38      9       31
  AVERAGE         60                        49     11       44

PRECIPITATION (IN)
  TODAY            0.00          0.70 1906   0.04  -0.04     0.00
  MONTH TO DATE    2.44                      1.34   1.10     1.17
  SINCE SEP 1      3.99                      6.56  -2.57     5.75
  SINCE JAN 1     14.49                     23.52  -9.03    22.08

SNOWFALL (IN)
  TODAY            0.0           5.0  2001   0.0    0.0      0.0
  MONTH TO DATE    0.1                       0.6   -0.5      0.5
  SINCE NOV 1      0.1                       0.6   -0.5      0.5
  SINCE JUL 1      0.1                       0.6   -0.5      0.5

DEGREE DAYS
 HEATING
  TODAY            5                        16    -11       21
  MONTH TO DATE  384                       297     87      365
  SINCE SEP 1    411                       401     10      444
  SINCE JUL 1    411                       401     10      444

 COOLING
  TODAY            0                         0      0        0
  MONTH TO DATE    9                        15     -6       13
  SINCE SEP 1    635                       459    176      568
  SINCE JAN 1   2819                      2404    415     2722
..................................................................


WIND (MPH)
  HIGHEST WIND SPEED    29   HIGHEST WIND DIRECTION    SW (210)
  HIGHEST GUST SPEED    36   HIGHEST GUST DIRECTION    SW (220)
  AVERAGE WIND SPEED    17.9


SKY COVER
  POSSIBLE SUNSHINE  MM
  AVERAGE SKY COVER 0.0


WEATHER CONDITIONS
 THE FOLLOWING WEATHER WAS RECORDED TODAY.
  NO SIGNIFICANT WEATHER WAS OBSERVED.


RELATIVE HUMIDITY (PERCENT)
 HIGHEST    77           800 AM
 LOWEST     31           400 PM
 AVERAGE    54

..........................................................


THE ABILENE CLIMATE NORMALS FOR TOMORROW
                         NORMAL    RECORD    YEAR
 MAXIMUM TEMPERATURE (F)   61        83      1927
 MINIMUM TEMPERATURE (F)   37        14      1911


SUNRISE AND SUNSET
NOVEMBER 28 2014......SUNRISE   720 AM CST   SUNSET   534 PM CST
NOVEMBER 29 2014......SUNRISE   721 AM CST   SUNSET   533 PM CST


-  INDICATES NEGATIVE NUMBERS.
R  INDICATES RECORD WAS SET OR TIED.
MM INDICATES DATA IS MISSING.
T  INDICATES TRACE AMOUNT.




$$
