000
CDUS44 KSJT 230657
CLIABI


CLIMATE REPORT
NATIONAL WEATHER SERVICE SAN ANGELO TX
157 AM CDT SAT MAY 23 2015


...................................

...THE ABILENE CLIMATE SUMMARY FOR MAY 22 2015...

CLIMATE NORMAL PERIOD 1981 TO 2010
CLIMATE RECORD PERIOD 1886 TO 2015


WEATHER ITEM   OBSERVED TIME   RECORD YEAR NORMAL DEPARTURE LAST
                VALUE   (LST)  VALUE       VALUE  FROM      YEAR
                                                  NORMAL
..................................................................
TEMPERATURE (F)
 YESTERDAY
  MAXIMUM         74    510 PM 104    1953  86    -12       90
  MINIMUM         57   1247 AM  43    2001  63     -6       68
  AVERAGE         66                        75     -9       79

PRECIPITATION (IN)
  YESTERDAY        0.00          4.45 1908   0.12  -0.12     0.00
  MONTH TO DATE    3.15                      2.06   1.09     0.87
  SINCE MAR 1      6.93                      5.44   1.49     2.15
  SINCE JAN 1     10.44                      7.82   2.62     2.64

DEGREE DAYS
 HEATING
  YESTERDAY        0                         0      0        0
  MONTH TO DATE   12                        13     -1       24
  SINCE MAR 1    401                       422    -21      459
  SINCE JUL 1   2478                      2555    -77     2821

 COOLING
  YESTERDAY        1                        10     -9       14
  MONTH TO DATE  146                       167    -21      229
  SINCE MAR 1    313                       295     18      424
  SINCE JAN 1    317                       300     17      429
..................................................................


WIND (MPH)
  HIGHEST WIND SPEED    20   HIGHEST WIND DIRECTION    SE (140)
  HIGHEST GUST SPEED    24   HIGHEST GUST DIRECTION    SE (140)
  AVERAGE WIND SPEED    11.1


SKY COVER
  POSSIBLE SUNSHINE  MM
  AVERAGE SKY COVER 0.9


WEATHER CONDITIONS
 THE FOLLOWING WEATHER WAS RECORDED YESTERDAY.
  FOG


RELATIVE HUMIDITY (PERCENT)
 HIGHEST   100           400 AM
 LOWEST     79           300 PM
 AVERAGE    90

..........................................................


THE ABILENE CLIMATE NORMALS FOR TODAY
                         NORMAL    RECORD    YEAR
 MAXIMUM TEMPERATURE (F)   86       106      2000
 MINIMUM TEMPERATURE (F)   64        45      1893


SUNRISE AND SUNSET
MAY 23 2015...........SUNRISE   636 AM CDT   SUNSET   835 PM CDT
MAY 24 2015...........SUNRISE   635 AM CDT   SUNSET   836 PM CDT


-  INDICATES NEGATIVE NUMBERS.
R  INDICATES RECORD WAS SET OR TIED.
MM INDICATES DATA IS MISSING.
T  INDICATES TRACE AMOUNT.




$$
