000
CDUS44 KSJT 232225
CLIABI


CLIMATE REPORT
NATIONAL WEATHER SERVICE SAN ANGELO TX
525 PM CDT WED AUG 23 2017


...................................

...THE ABILENE CLIMATE SUMMARY FOR AUGUST 23 2017...
VALID TODAY AS OF 0500 PM LOCAL TIME.

CLIMATE NORMAL PERIOD 1981 TO 2010
CLIMATE RECORD PERIOD 1886 TO 2017


WEATHER ITEM   OBSERVED TIME   RECORD YEAR NORMAL DEPARTURE LAST
                VALUE   (LST)  VALUE       VALUE  FROM      YEAR
                                                  NORMAL
..................................................................
TEMPERATURE (F)
 TODAY
  MAXIMUM         88    157 PM 104    2010  93     -5       93
                                      1943
  MINIMUM         71    247 AM  55    1891  71      0       73
  AVERAGE         80                        82     -2       83

PRECIPITATION (IN)
  TODAY            0.06          2.17 1969   0.09  -0.03      T
  MONTH TO DATE    3.45                      1.88   1.57     4.27
  SINCE JUN 1      6.17                      7.31  -1.14     8.04
  SINCE JAN 1     14.04                     16.25  -2.21    25.84

DEGREE DAYS
 HEATING
  TODAY            0                         0      0        0
  MONTH TO DATE    0                         0      0        0
  SINCE JUN 1      0                         1     -1        0
  SINCE JUL 1      0                         0      0        0

 COOLING
  TODAY           15                        17     -2       18
  MONTH TO DATE  383                       423    -40      436
  SINCE JUN 1   1418                      1419     -1     1567
  SINCE JAN 1   1837                      1816     21     1876
..................................................................


WIND (MPH)
  HIGHEST WIND SPEED    20   HIGHEST WIND DIRECTION    SE (120)
  HIGHEST GUST SPEED    36   HIGHEST GUST DIRECTION    NW (330)
  AVERAGE WIND SPEED     5.3


SKY COVER
  POSSIBLE SUNSHINE  MM
  AVERAGE SKY COVER 0.6


WEATHER CONDITIONS
 THE FOLLOWING WEATHER WAS RECORDED TODAY.
  LIGHT RAIN
  FOG


RELATIVE HUMIDITY (PERCENT)
 HIGHEST   100           500 AM
 LOWEST     50           200 PM
 AVERAGE    75

..........................................................


THE ABILENE CLIMATE NORMALS FOR TOMORROW
                         NORMAL    RECORD    YEAR
 MAXIMUM TEMPERATURE (F)   93       103      2006
                                             1952
                                             1936
 MINIMUM TEMPERATURE (F)   71        55      1961
                                             1916


SUNRISE AND SUNSET
AUGUST 23 2017........SUNRISE   708 AM CDT   SUNSET   814 PM CDT
AUGUST 24 2017........SUNRISE   709 AM CDT   SUNSET   813 PM CDT


-  INDICATES NEGATIVE NUMBERS.
R  INDICATES RECORD WAS SET OR TIED.
MM INDICATES DATA IS MISSING.
T  INDICATES TRACE AMOUNT.




$$
