000
CDUS44 KSJT 230658
CLIABI


CLIMATE REPORT
NATIONAL WEATHER SERVICE SAN ANGELO TX
157 AM CDT SAT JUL 23 2016


...................................

...THE ABILENE CLIMATE SUMMARY FOR JULY 22 2016...

CLIMATE NORMAL PERIOD 1981 TO 2010
CLIMATE RECORD PERIOD 1886 TO 2016


WEATHER ITEM   OBSERVED TIME   RECORD YEAR NORMAL DEPARTURE LAST
                VALUE   (LST)  VALUE       VALUE  FROM      YEAR
                                                  NORMAL
..................................................................
TEMPERATURE (F)
 YESTERDAY
  MAXIMUM         99    500 PM 106    1943  95      4       98
  MINIMUM         76    548 AM  64    1970  72      4       78
  AVERAGE         88                        84      4       88

PRECIPITATION (IN)
  YESTERDAY        0.00          2.90 1902   0.05  -0.05     0.00
  MONTH TO DATE    0.40                      1.35  -0.95     8.26
  SINCE JUN 1      3.53                      4.91  -1.38    11.88
  SINCE JAN 1     21.33                     13.85   7.48    24.51

DEGREE DAYS
 HEATING
  YESTERDAY        0                         0      0        0
  MONTH TO DATE    0                         0      0        0
  SINCE JUN 1      0                         1     -1        0
  SINCE JUL 1      0                         0      0        0

 COOLING
  YESTERDAY       23                        19      4       23
  MONTH TO DATE  487                       391     96      401
  SINCE JUN 1    940                       826    114      867
  SINCE JAN 1   1249                      1223     26     1256
..................................................................


WIND (MPH)
  HIGHEST WIND SPEED    17   HIGHEST WIND DIRECTION    SE (150)
  HIGHEST GUST SPEED    21   HIGHEST GUST DIRECTION     S (160)
  AVERAGE WIND SPEED    10.0


SKY COVER
  POSSIBLE SUNSHINE  MM
  AVERAGE SKY COVER 0.0


WEATHER CONDITIONS
 THE FOLLOWING WEATHER WAS RECORDED YESTERDAY.
  NO SIGNIFICANT WEATHER WAS OBSERVED.


RELATIVE HUMIDITY (PERCENT)
 HIGHEST    62           700 AM
 LOWEST     26           300 PM
 AVERAGE    44

..........................................................


THE ABILENE CLIMATE NORMALS FOR TODAY
                         NORMAL    RECORD    YEAR
 MAXIMUM TEMPERATURE (F)   95       107      1943
                                             1911
 MINIMUM TEMPERATURE (F)   73        62      1915


SUNRISE AND SUNSET
JULY 23 2016..........SUNRISE   648 AM CDT   SUNSET   842 PM CDT
JULY 24 2016..........SUNRISE   648 AM CDT   SUNSET   842 PM CDT


-  INDICATES NEGATIVE NUMBERS.
R  INDICATES RECORD WAS SET OR TIED.
MM INDICATES DATA IS MISSING.
T  INDICATES TRACE AMOUNT.




$$
