000
CDUS44 KSJT 130752
CLIABI


CLIMATE REPORT
NATIONAL WEATHER SERVICE SAN ANGELO TX
152 AM CST WED DEC 13 2017


...................................

...THE ABILENE CLIMATE SUMMARY FOR DECEMBER 12 2017...

CLIMATE NORMAL PERIOD 1981 TO 2010
CLIMATE RECORD PERIOD 1886 TO 2017


WEATHER ITEM   OBSERVED TIME   RECORD YEAR NORMAL DEPARTURE LAST
                VALUE   (LST)  VALUE       VALUE  FROM      YEAR
                                                  NORMAL
..................................................................
TEMPERATURE (F)
 YESTERDAY
  MAXIMUM         56    358 PM  81    1973  57     -1       62
  MINIMUM         32    748 AM  12    1989  34     -2       32
  AVERAGE         44                        45     -1       47

PRECIPITATION (IN)
  YESTERDAY        0.00          0.88 1892   0.04  -0.04     0.00
  MONTH TO DATE    T                         0.48  -0.48     1.39
  SINCE DEC 1      T                         0.48  -0.48     1.39
  SINCE JAN 1     19.89                     24.07  -4.18    37.00

SNOWFALL (IN)
  YESTERDAY        0.0           0.3  1979   0.0    0.0      0.0
  MONTH TO DATE    0.0                       0.3   -0.3       T
  SINCE NOV 1      0.0                       1.0   -1.0       T
  SINCE JUL 1      T                         1.0   -1.0       T

DEGREE DAYS
 HEATING
  YESTERDAY       21                        20      1       18
  MONTH TO DATE  178                       219    -41      241
  SINCE DEC 1    178                       219    -41      241
  SINCE JUL 1    573                       652    -79      432

 COOLING
  YESTERDAY        0                         0      0        0
  MONTH TO DATE    1                         0      1        0
  SINCE DEC 1      1                         0      1        0
  SINCE JAN 1   2425                      2408     17     2601
..................................................................


WIND (MPH)
  HIGHEST WIND SPEED    16   HIGHEST WIND DIRECTION     N (360)
  HIGHEST GUST SPEED    20   HIGHEST GUST DIRECTION     N (340)
  AVERAGE WIND SPEED     6.9


SKY COVER
  POSSIBLE SUNSHINE  MM
  AVERAGE SKY COVER 0.0


WEATHER CONDITIONS
 THE FOLLOWING WEATHER WAS RECORDED YESTERDAY.
  NO SIGNIFICANT WEATHER WAS OBSERVED.


RELATIVE HUMIDITY (PERCENT)
 HIGHEST    56           600 AM
 LOWEST     26           300 PM
 AVERAGE    41

..........................................................


THE ABILENE CLIMATE NORMALS FOR TODAY
                         NORMAL    RECORD    YEAR
 MAXIMUM TEMPERATURE (F)   57        82      1995
                                             1948
 MINIMUM TEMPERATURE (F)   34        10      1917


SUNRISE AND SUNSET
DECEMBER 13 2017......SUNRISE   732 AM CST   SUNSET   534 PM CST
DECEMBER 14 2017......SUNRISE   732 AM CST   SUNSET   535 PM CST


-  INDICATES NEGATIVE NUMBERS.
R  INDICATES RECORD WAS SET OR TIED.
MM INDICATES DATA IS MISSING.
T  INDICATES TRACE AMOUNT.




$$
