000
CDUS44 KSJT 240758
CLIABI


CLIMATE REPORT
NATIONAL WEATHER SERVICE SAN ANGELO TX
258 AM CDT FRI MAR 24 2017


...................................

...THE ABILENE CLIMATE SUMMARY FOR MARCH 23 2017...

CLIMATE NORMAL PERIOD 1981 TO 2010
CLIMATE RECORD PERIOD 1886 TO 2017


WEATHER ITEM   OBSERVED TIME   RECORD YEAR NORMAL DEPARTURE LAST
                VALUE   (LST)  VALUE       VALUE  FROM      YEAR
                                                  NORMAL
..................................................................
TEMPERATURE (F)
 YESTERDAY
  MAXIMUM         83    259 PM  87    1998  71     12       85
                                      1929
                                      1902
  MINIMUM         62    732 AM  23    1952  46     16       55
                                      1898
  AVERAGE         73                        58     15       70

PRECIPITATION (IN)
  YESTERDAY        0.00          1.80 1973   0.06  -0.06     0.00
  MONTH TO DATE    T                         1.30  -1.30     2.31
  SINCE MAR 1      T                         1.30  -1.30     2.31
  SINCE JAN 1      3.38                      3.68  -0.30     3.03

SNOWFALL (IN)
  YESTERDAY        0.0           T    2013   0.0    0.0      0.0
                                      1957
  MONTH TO DATE    0.0                       0.2   -0.2      0.0
  SINCE NOV 1      T                         4.3   -4.3      5.1
  SINCE JUL 1      T                         4.3   -4.3      5.1

DEGREE DAYS
 HEATING
  YESTERDAY        0                         8     -8        0
  MONTH TO DATE  129                       241   -112      141
  SINCE MAR 1    129                       241   -112      141
  SINCE JUL 1   1710                      2374   -664     1895

 COOLING
  YESTERDAY        8                         1      7        5
  MONTH TO DATE   73                        18     55       11
  SINCE MAR 1     73                        18     55       11
  SINCE JAN 1    104                        23     81       25
..................................................................


WIND (MPH)
  HIGHEST WIND SPEED    39   HIGHEST WIND DIRECTION     S (160)
  HIGHEST GUST SPEED    51   HIGHEST GUST DIRECTION     S (170)
  AVERAGE WIND SPEED    24.4


SKY COVER
  POSSIBLE SUNSHINE  MM
  AVERAGE SKY COVER 0.0


WEATHER CONDITIONS
 THE FOLLOWING WEATHER WAS RECORDED YESTERDAY.
  NO SIGNIFICANT WEATHER WAS OBSERVED.


RELATIVE HUMIDITY (PERCENT)
 HIGHEST    93           500 AM
 LOWEST     28           300 PM
 AVERAGE    61

..........................................................


THE ABILENE CLIMATE NORMALS FOR TODAY
                         NORMAL    RECORD    YEAR
 MAXIMUM TEMPERATURE (F)   71        93      1988
 MINIMUM TEMPERATURE (F)   46        26      2006
                                             1974


SUNRISE AND SUNSET
MARCH 24 2017.........SUNRISE   737 AM CDT   SUNSET   753 PM CDT
MARCH 25 2017.........SUNRISE   736 AM CDT   SUNSET   754 PM CDT


-  INDICATES NEGATIVE NUMBERS.
R  INDICATES RECORD WAS SET OR TIED.
MM INDICATES DATA IS MISSING.
T  INDICATES TRACE AMOUNT.




$$
