000
CDUS44 KSJT 280656
CLIABI


CLIMATE REPORT
NATIONAL WEATHER SERVICE SAN ANGELO TX
156 AM CDT SAT MAR 28 2015


...................................

...THE ABILENE CLIMATE SUMMARY FOR MARCH 27 2015...

CLIMATE NORMAL PERIOD 1981 TO 2010
CLIMATE RECORD PERIOD 1886 TO 2015


WEATHER ITEM   OBSERVED TIME   RECORD YEAR NORMAL DEPARTURE LAST
                VALUE   (LST)  VALUE       VALUE  FROM      YEAR
                                                  NORMAL
..................................................................
TEMPERATURE (F)
 YESTERDAY
  MAXIMUM         77    423 PM  92    1971  72      5       86
  MINIMUM         42    110 AM  19    1931  47     -5       61
  AVERAGE         60                        59      1       74

PRECIPITATION (IN)
  YESTERDAY        0.00          1.50 1923   0.05  -0.05     0.00
  MONTH TO DATE    1.60                      1.52   0.08     0.67
  SINCE MAR 1      1.60                      1.52   0.08     0.67
  SINCE JAN 1      5.11                      3.90   1.21     1.16

SNOWFALL (IN)
  YESTERDAY        0.0           T    1996   0.0    0.0      0.0
  MONTH TO DATE    0.7                       0.3    0.4       T
  SINCE NOV 1      3.8                       4.4   -0.6      3.1
  SINCE JUL 1      3.8                       4.4   -0.6      3.1

DEGREE DAYS
 HEATING
  YESTERDAY        5                         7     -2        0
  MONTH TO DATE  326                       271     55      332
  SINCE MAR 1    326                       271     55      332
  SINCE JUL 1   2403                      2404     -1     2694

 COOLING
  YESTERDAY        0                         1     -1        9
  MONTH TO DATE   21                        22     -1       26
  SINCE MAR 1     21                        22     -1       26
  SINCE JAN 1     25                        27     -2       31
..................................................................


WIND (MPH)
  HIGHEST WIND SPEED    15   HIGHEST WIND DIRECTION    NW (330)
  HIGHEST GUST SPEED    18   HIGHEST GUST DIRECTION    NW (330)
  AVERAGE WIND SPEED     7.5


SKY COVER
  POSSIBLE SUNSHINE  MM
  AVERAGE SKY COVER 0.0


WEATHER CONDITIONS
 THE FOLLOWING WEATHER WAS RECORDED YESTERDAY.
  NO SIGNIFICANT WEATHER WAS OBSERVED.


RELATIVE HUMIDITY (PERCENT)
 HIGHEST    67          1200 AM
 LOWEST     19           400 PM
 AVERAGE    43

..........................................................


THE ABILENE CLIMATE NORMALS FOR TODAY
                         NORMAL    RECORD    YEAR
 MAXIMUM TEMPERATURE (F)   72        96      1928
 MINIMUM TEMPERATURE (F)   47        23      1931
                                             1899


SUNRISE AND SUNSET
MARCH 28 2015.........SUNRISE   732 AM CDT   SUNSET   756 PM CDT
MARCH 29 2015.........SUNRISE   731 AM CDT   SUNSET   756 PM CDT


-  INDICATES NEGATIVE NUMBERS.
R  INDICATES RECORD WAS SET OR TIED.
MM INDICATES DATA IS MISSING.
T  INDICATES TRACE AMOUNT.


$$
