000
CDUS44 KSJT 300651
CLIABI


CLIMATE REPORT
NATIONAL WEATHER SERVICE SAN ANGELO TX
151 AM CDT FRI SEP 30 2016


...................................

...THE ABILENE CLIMATE SUMMARY FOR SEPTEMBER 29 2016...

CLIMATE NORMAL PERIOD 1981 TO 2010
CLIMATE RECORD PERIOD 1886 TO 2016


WEATHER ITEM   OBSERVED TIME   RECORD YEAR NORMAL DEPARTURE LAST
                VALUE   (LST)  VALUE       VALUE  FROM      YEAR
                                                  NORMAL
..................................................................
TEMPERATURE (F)
 YESTERDAY
  MAXIMUM         75    413 PM 100    2011  82     -7       90
                                      1977
  MINIMUM         56    657 AM  43    1945  60     -4       59
  AVERAGE         66                        71     -5       75

PRECIPITATION (IN)
  YESTERDAY        0.00          3.81 2012   0.07  -0.07     0.00
  MONTH TO DATE    5.59                      2.17   3.42     1.09
  SINCE SEP 1      5.59                      2.17   3.42     1.09
  SINCE JAN 1     32.70                     19.13  13.57    26.26

DEGREE DAYS
 HEATING
  YESTERDAY        0                         1     -1        0
  MONTH TO DATE    0                        10    -10        0
  SINCE SEP 1      0                        10    -10        0
  SINCE JUL 1      0                        10    -10        0

 COOLING
  YESTERDAY        1                         7     -6       10
  MONTH TO DATE  350                       320     30      460
  SINCE SEP 1    350                       320     30      460
  SINCE JAN 1   2349                      2265     84     2545
..................................................................


WIND (MPH)
  HIGHEST WIND SPEED    15   HIGHEST WIND DIRECTION     N (10)
  HIGHEST GUST SPEED    21   HIGHEST GUST DIRECTION    NE (40)
  AVERAGE WIND SPEED     6.5


SKY COVER
  POSSIBLE SUNSHINE  MM
  AVERAGE SKY COVER 0.0


WEATHER CONDITIONS
 THE FOLLOWING WEATHER WAS RECORDED YESTERDAY.
  NO SIGNIFICANT WEATHER WAS OBSERVED.


RELATIVE HUMIDITY (PERCENT)
 HIGHEST    93          1200 AM
 LOWEST     36           300 PM
 AVERAGE    65

..........................................................


THE ABILENE CLIMATE NORMALS FOR TODAY
                         NORMAL    RECORD    YEAR
 MAXIMUM TEMPERATURE (F)   82       103      1977
 MINIMUM TEMPERATURE (F)   59        40      1984


SUNRISE AND SUNSET
SEPTEMBER 30 2016.....SUNRISE   732 AM CDT   SUNSET   724 PM CDT
OCTOBER  1 2016.......SUNRISE   733 AM CDT   SUNSET   723 PM CDT


-  INDICATES NEGATIVE NUMBERS.
R  INDICATES RECORD WAS SET OR TIED.
MM INDICATES DATA IS MISSING.
T  INDICATES TRACE AMOUNT.




$$
