000
CDUS44 KSJT 240754
CLIABI


CLIMATE REPORT
NATIONAL WEATHER SERVICE SAN ANGELO TX
154 AM CST MON NOV 24 2014


...................................

...THE ABILENE CLIMATE SUMMARY FOR NOVEMBER 23 2014...

CLIMATE NORMAL PERIOD 1981 TO 2010
CLIMATE RECORD PERIOD 1886 TO 2014


WEATHER ITEM   OBSERVED TIME   RECORD YEAR NORMAL DEPARTURE LAST
                VALUE   (LST)  VALUE       VALUE  FROM      YEAR
                                                  NORMAL
..................................................................
TEMPERATURE (F)
 YESTERDAY
  MAXIMUM         75    218 PM  85    1965  63     12       34
  MINIMUM         43   1159 PM  19    1970  40      3       28
  AVERAGE         59                        51      8       31

PRECIPITATION (IN)
  YESTERDAY        0.00          1.10 1913   0.03  -0.03     0.11
  MONTH TO DATE    2.44                      1.14   1.30     0.82
  SINCE SEP 1      3.99                      6.36  -2.37     5.40
  SINCE JAN 1     14.49                     23.32  -8.83    21.73

SNOWFALL (IN)
  YESTERDAY        0.0           T    2013   0.0    0.0       T
  MONTH TO DATE    0.1                       0.5   -0.4      0.5
  SINCE NOV 1      0.1                       0.5   -0.4      0.5
  SINCE JUL 1      0.1                       0.5   -0.4      0.5

DEGREE DAYS
 HEATING
  YESTERDAY        6                        14     -8       34
  MONTH TO DATE  309                       222     87      228
  SINCE SEP 1    336                       326     10      307
  SINCE JUL 1    336                       326     10      307

 COOLING
  YESTERDAY        0                         0      0        0
  MONTH TO DATE    9                        15     -6       13
  SINCE SEP 1    635                       459    176      568
  SINCE JAN 1   2819                      2404    415     2722
..................................................................


WIND (MPH)
  HIGHEST WIND SPEED    32   HIGHEST WIND DIRECTION     W (280)
  HIGHEST GUST SPEED    41   HIGHEST GUST DIRECTION     W (270)
  AVERAGE WIND SPEED    16.2


SKY COVER
  POSSIBLE SUNSHINE  MM
  AVERAGE SKY COVER 0.1


WEATHER CONDITIONS
 THE FOLLOWING WEATHER WAS RECORDED YESTERDAY.
  NO SIGNIFICANT WEATHER WAS OBSERVED.


RELATIVE HUMIDITY (PERCENT)
 HIGHEST   100           400 AM
 LOWEST     23           100 PM
 AVERAGE    62

..........................................................


THE ABILENE CLIMATE NORMALS FOR TODAY
                         NORMAL    RECORD    YEAR
 MAXIMUM TEMPERATURE (F)   63        84      1965
 MINIMUM TEMPERATURE (F)   39        15      1970


SUNRISE AND SUNSET
NOVEMBER 24 2014......SUNRISE   716 AM CST   SUNSET   534 PM CST
NOVEMBER 25 2014......SUNRISE   717 AM CST   SUNSET   534 PM CST


-  INDICATES NEGATIVE NUMBERS.
R  INDICATES RECORD WAS SET OR TIED.
MM INDICATES DATA IS MISSING.
T  INDICATES TRACE AMOUNT.




$$
