000
CDUS45 KABQ 210836
CLIABQ


CLIMATE REPORT
NATIONAL WEATHER SERVICE ALBUQUERQUE NM
236 AM MDT SAT OCT 21 2017


...................................

...THE ALBUQUERQUE  NM CLIMATE SUMMARY FOR OCTOBER 20 2017...

CLIMATE NORMAL PERIOD 1981 TO 2010
CLIMATE RECORD PERIOD 1891 TO 2017


WEATHER ITEM   OBSERVED TIME   RECORD YEAR NORMAL DEPARTURE LAST
                VALUE   (LST)  VALUE       VALUE  FROM      YEAR
                                                  NORMAL
..................................................................
TEMPERATURE (F)
 YESTERDAY
  MAXIMUM         74    328 PM  84    2007  68      6       66
  MINIMUM         49    550 AM  24    1898  45      4       47
  AVERAGE         62                        56      6       57

PRECIPITATION (IN)
  YESTERDAY        0.00          1.00 1918   0.03  -0.03
  MONTH TO DATE    0.04                      0.74  -0.70
  SINCE SEP 1      2.24                      1.82   0.42
  SINCE JAN 1      7.67                      8.10  -0.43

SNOWFALL (IN)
  YESTERDAY        0.0
  MONTH TO DATE    0.0
  SINCE SEP 1      0.0
  SINCE JUL 1      0.0
  SNOW DEPTH       0

DEGREE DAYS
 HEATING
  YESTERDAY        3                         9     -6        8
  MONTH TO DATE   75                       116    -41       54
  SINCE SEP 1     96                       142    -46       68
  SINCE JUL 1     96                       142    -46       68

 COOLING
  YESTERDAY        0                         0      0        0
  MONTH TO DATE   27                         7     20       17
  SINCE SEP 1    247                       162     85      212
  SINCE JAN 1   1557                      1319    238     1524
..................................................................


WIND (MPH)
  HIGHEST WIND SPEED    23   HIGHEST WIND DIRECTION     S (180)
  HIGHEST GUST SPEED    28   HIGHEST GUST DIRECTION     S (180)
  AVERAGE WIND SPEED    10.6


SKY COVER
  POSSIBLE SUNSHINE  MM
  AVERAGE SKY COVER 0.5


WEATHER CONDITIONS
 THE FOLLOWING WEATHER WAS RECORDED YESTERDAY.
  NO SIGNIFICANT WEATHER WAS OBSERVED.


RELATIVE HUMIDITY (PERCENT)
 HIGHEST    93          1200 AM
 LOWEST     26          1000 PM
 AVERAGE    60

..........................................................


THE ALBUQUERQUE  NM CLIMATE NORMALS FOR TODAY
                         NORMAL    RECORD    YEAR
 MAXIMUM TEMPERATURE (F)   67        81      2003
                                             1954
                                             1915
 MINIMUM TEMPERATURE (F)   44        20      1910


SUNRISE AND SUNSET
OCTOBER 21 2017.......SUNRISE   718 AM MDT   SUNSET   624 PM MDT
OCTOBER 22 2017.......SUNRISE   719 AM MDT   SUNSET   623 PM MDT


-  INDICATES NEGATIVE NUMBERS.
R  INDICATES RECORD WAS SET OR TIED.
MM INDICATES DATA IS MISSING.
T  INDICATES TRACE AMOUNT.




$$
