000
CDUS45 KABQ 250828
CLIABQ


CLIMATE REPORT
NATIONAL WEATHER SERVICE ALBUQUERQUE NM
228 AM MDT SUN JUN 25 2017


...................................

...THE ALBUQUERQUE  NM CLIMATE SUMMARY FOR JUNE 24 2017...

CLIMATE NORMAL PERIOD 1981 TO 2010
CLIMATE RECORD PERIOD 1891 TO 2017


WEATHER ITEM   OBSERVED TIME   RECORD YEAR NORMAL DEPARTURE LAST
                VALUE   (LST)  VALUE       VALUE  FROM      YEAR
                                                  NORMAL
..................................................................
TEMPERATURE (F)
 YESTERDAY
  MAXIMUM         90    530 PM 104    1981  90      0       96
  MINIMUM         68    513 AM  48    1976  64      4       71
                                      1915
  AVERAGE         79                        77      2       84

PRECIPITATION (IN)
  YESTERDAY        0.00          1.04 1983   0.03  -0.03
  MONTH TO DATE    T                         0.46  -0.46
  SINCE JUN 1      T                         0.46  -0.46
  SINCE JAN 1      2.61                      3.00  -0.39

SNOWFALL (IN)
  YESTERDAY        0.0
  MONTH TO DATE    0.0
  SINCE JUN 1      0.0
  SINCE JUL 1      3.6
  SNOW DEPTH       0

DEGREE DAYS
 HEATING
  YESTERDAY        0                         0      0        0
  MONTH TO DATE    0                         0      0        0
  SINCE JUN 1      0                         0      0        0
  SINCE JUL 1   3300                      4175   -875     3784

 COOLING
  YESTERDAY       14                        12      2       19
  MONTH TO DATE  327                       224    103      346
  SINCE JUN 1    327                       224    103      346
  SINCE JAN 1    406                       322     84      417
..................................................................


WIND (MPH)
  HIGHEST WIND SPEED    40   HIGHEST WIND DIRECTION     S (180)
  HIGHEST GUST SPEED    50   HIGHEST GUST DIRECTION     S (170)
  AVERAGE WIND SPEED    16.7


SKY COVER
  POSSIBLE SUNSHINE  MM
  AVERAGE SKY COVER 0.6


WEATHER CONDITIONS
 THE FOLLOWING WEATHER WAS RECORDED YESTERDAY.
  HAZE


RELATIVE HUMIDITY (PERCENT)
 HIGHEST    55           400 AM
 LOWEST     24           500 PM
 AVERAGE    40

..........................................................


THE ALBUQUERQUE  NM CLIMATE NORMALS FOR TODAY
                         NORMAL    RECORD    YEAR
 MAXIMUM TEMPERATURE (F)   91       105      1994
 MINIMUM TEMPERATURE (F)   64        46      1916


SUNRISE AND SUNSET
JUNE 25 2017..........SUNRISE   554 AM MDT   SUNSET   824 PM MDT
JUNE 26 2017..........SUNRISE   554 AM MDT   SUNSET   825 PM MDT


-  INDICATES NEGATIVE NUMBERS.
R  INDICATES RECORD WAS SET OR TIED.
MM INDICATES DATA IS MISSING.
T  INDICATES TRACE AMOUNT.




$$
