000
CDUS45 KABQ 090024
CLIABQ


CLIMATE REPORT
NATIONAL WEATHER SERVICE ALBUQUERQUE NM
523 PM MST THU DEC 8 2016


...................................

...THE ALBUQUERQUE  NM CLIMATE SUMMARY FOR DECEMBER 8 2016...
VALID TODAY AS OF 0500 PM LOCAL TIME.

CLIMATE NORMAL PERIOD 1981 TO 2010
CLIMATE RECORD PERIOD 1891 TO 2016


WEATHER ITEM   OBSERVED TIME   RECORD YEAR NORMAL DEPARTURE LAST
                VALUE   (LST)  VALUE       VALUE  FROM      YEAR
                                                  NORMAL
..................................................................
TEMPERATURE (F)
 TODAY
  MAXIMUM         39    323 PM  68    1977  47     -8       58
  MINIMUM         23    638 AM   5    1916  27     -4       28
  AVERAGE         31                        37     -6       43

PRECIPITATION (IN)
  TODAY            0.00          0.74 1980   0.02  -0.02
  MONTH TO DATE    T                         0.14  -0.14
  SINCE DEC 1      T                         0.14  -0.14
  SINCE JAN 1      6.17                      9.09  -2.92

SNOWFALL (IN)
  TODAY            0.0
  MONTH TO DATE    0.1
  SINCE DEC 1      0.1
  SINCE JUL 1      0.2
  SNOW DEPTH       0

DEGREE DAYS
 HEATING
  TODAY           34                        28      6       22
  MONTH TO DATE  216                       216      0      196
  SINCE DEC 1    216                       216      0      196
  SINCE JUL 1    793                      1083   -290      913

 COOLING
  TODAY            0                         0      0        0
  MONTH TO DATE    0                         0      0        0
  SINCE DEC 1      0                         0      0        0
  SINCE JAN 1   1525                      1322    203     1534
..................................................................


WIND (MPH)
  HIGHEST WIND SPEED    28   HIGHEST WIND DIRECTION     E (80)
  HIGHEST GUST SPEED    33   HIGHEST GUST DIRECTION     E (80)
  AVERAGE WIND SPEED    10.6


SKY COVER
  POSSIBLE SUNSHINE  MM
  AVERAGE SKY COVER 0.5



RELATIVE HUMIDITY (PERCENT)
 HIGHEST    65           600 AM
 LOWEST     40           200 PM
 AVERAGE    53

..........................................................


THE ALBUQUERQUE  NM CLIMATE NORMALS FOR TOMORROW
                         NORMAL    RECORD    YEAR
 MAXIMUM TEMPERATURE (F)   47        64      1939
 MINIMUM TEMPERATURE (F)   27         2      1916


SUNRISE AND SUNSET
DECEMBER  8 2016......SUNRISE   703 AM MST   SUNSET   455 PM MST
DECEMBER  9 2016......SUNRISE   703 AM MST   SUNSET   455 PM MST


-  INDICATES NEGATIVE NUMBERS.
R  INDICATES RECORD WAS SET OR TIED.
MM INDICATES DATA IS MISSING.
T  INDICATES TRACE AMOUNT.




$$
