000
CDUS45 KABQ 170829
CLIABQ


CLIMATE REPORT
NATIONAL WEATHER SERVICE ALBUQUERQUE NM
228 AM MDT THU APR 17 2014


...................................

...THE ALBUQUERQUE  NM CLIMATE SUMMARY FOR APRIL 16 2014...

CLIMATE NORMAL PERIOD 1981 TO 2010
CLIMATE RECORD PERIOD 1897 TO 2014


WEATHER ITEM   OBSERVED TIME   RECORD YEAR NORMAL DEPARTURE LAST
                VALUE   (LST)  VALUE       VALUE  FROM      YEAR
                                                  NORMAL
..................................................................
TEMPERATURE (F)
 YESTERDAY
  MAXIMUM         73    322 PM  86    1962  69      4       80
  MINIMUM         40    602 AM  26    1913  43     -3       48
  AVERAGE         57                        56      1       64

PRECIPITATION (IN)
  YESTERDAY        0.00          0.83 1988   0.02  -0.02
  MONTH TO DATE    0.00                      0.34  -0.34
  SINCE MAR 1      0.22                      0.91  -0.69
  SINCE JAN 1      0.40                      1.77  -1.37

SNOWFALL (IN)
  YESTERDAY        0.0
  MONTH TO DATE    0.0
  SINCE MAR 1      T
  SINCE JUL 1      6.6
  SNOW DEPTH       0

DEGREE DAYS
 HEATING
  YESTERDAY        8                         9     -1        1
  MONTH TO DATE  156                       180    -24      116
  SINCE MAR 1    626                       704    -78      523
  SINCE JUL 1   3769                      4007   -238     3721

 COOLING
  YESTERDAY        0                         0      0        0
  MONTH TO DATE    0                         0      0        2
  SINCE MAR 1      0                         0      0        2
  SINCE JAN 1      0                         0      0        2
..................................................................


WIND (MPH)
  HIGHEST WIND SPEED    32   HIGHEST WIND DIRECTION    NW (300)
  HIGHEST GUST SPEED    39   HIGHEST GUST DIRECTION    NW (300)
  AVERAGE WIND SPEED     8.6


SKY COVER
  POSSIBLE SUNSHINE  MM
  AVERAGE SKY COVER 0.5


WEATHER CONDITIONS
 THE FOLLOWING WEATHER WAS RECORDED YESTERDAY.
  NO SIGNIFICANT WEATHER WAS OBSERVED.


RELATIVE HUMIDITY (PERCENT)
 HIGHEST    27           600 AM
 LOWEST      7           300 PM
 AVERAGE    17

..........................................................


THE ALBUQUERQUE  NM CLIMATE NORMALS FOR TODAY
                         NORMAL    RECORD    YEAR
 MAXIMUM TEMPERATURE (F)   69        86      1948
 MINIMUM TEMPERATURE (F)   43        24      1976


SUNRISE AND SUNSET
APRIL 17 2014.........SUNRISE   632 AM MDT   SUNSET   741 PM MDT
APRIL 18 2014.........SUNRISE   631 AM MDT   SUNSET   742 PM MDT


-  INDICATES NEGATIVE NUMBERS.
R  INDICATES RECORD WAS SET OR TIED.
MM INDICATES DATA IS MISSING.
T  INDICATES TRACE AMOUNT.

$$
