000
CDUS45 KABQ 260827
CLIABQ


CLIMATE REPORT
NATIONAL WEATHER SERVICE ALBUQUERQUE NM
227 AM MDT FRI AUG 26 2016


...................................

...THE ALBUQUERQUE  NM CLIMATE SUMMARY FOR AUGUST 25 2016...

CLIMATE NORMAL PERIOD 1981 TO 2010
CLIMATE RECORD PERIOD 1891 TO 2016


WEATHER ITEM   OBSERVED TIME   RECORD YEAR NORMAL DEPARTURE LAST
                VALUE   (LST)  VALUE       VALUE  FROM      YEAR
                                                  NORMAL
..................................................................
TEMPERATURE (F)
 YESTERDAY
  MAXIMUM         84    459 PM  99    1936  86     -2       90
  MINIMUM         58    615 AM  52    2004  64     -6       66
                                      1915
  AVERAGE         71                        75     -4       78

PRECIPITATION (IN)
  YESTERDAY        0.00          1.14 1988   0.04  -0.04
  MONTH TO DATE    0.86                      1.33  -0.47
  SINCE JUN 1      2.17                      3.49  -1.32
  SINCE JAN 1      3.36                      6.03  -2.67

SNOWFALL (IN)
  YESTERDAY        0.0
  MONTH TO DATE    0.0
  SINCE JUN 1      0.0
  SINCE JUL 1      0.0
  SNOW DEPTH       0

DEGREE DAYS
 HEATING
  YESTERDAY        0                         0      0        0
  MONTH TO DATE    0                         0      0        0
  SINCE JUN 1      0                         4     -4        0
  SINCE JUL 1      0                         0      0        0

 COOLING
  YESTERDAY        6                        10     -4       13
  MONTH TO DATE  256                       287    -31      362
  SINCE JUN 1   1206                      1000    206     1124
  SINCE JAN 1   1277                      1098    179     1157
..................................................................


WIND (MPH)
  HIGHEST WIND SPEED    21   HIGHEST WIND DIRECTION     N (350)
  HIGHEST GUST SPEED    26   HIGHEST GUST DIRECTION     N (350)
  AVERAGE WIND SPEED     6.1


SKY COVER
  POSSIBLE SUNSHINE  MM
  AVERAGE SKY COVER 0.5


WEATHER CONDITIONS
 THE FOLLOWING WEATHER WAS RECORDED YESTERDAY.
  NO SIGNIFICANT WEATHER WAS OBSERVED.


RELATIVE HUMIDITY (PERCENT)
 HIGHEST    72           500 AM
 LOWEST     20           300 PM
 AVERAGE    46

..........................................................


THE ALBUQUERQUE  NM CLIMATE NORMALS FOR TODAY
                         NORMAL    RECORD    YEAR
 MAXIMUM TEMPERATURE (F)   86        96      1994
                                             1979
                                             1936
 MINIMUM TEMPERATURE (F)   64        46      1918


SUNRISE AND SUNSET
AUGUST 26 2016........SUNRISE   635 AM MDT   SUNSET   740 PM MDT
AUGUST 27 2016........SUNRISE   636 AM MDT   SUNSET   739 PM MDT


-  INDICATES NEGATIVE NUMBERS.
R  INDICATES RECORD WAS SET OR TIED.
MM INDICATES DATA IS MISSING.
T  INDICATES TRACE AMOUNT.




$$
