000
CDUS45 KABQ 270014
CLIABQ


CLIMATE REPORT
NATIONAL WEATHER SERVICE ALBUQUERQUE NM
613 PM MDT TUE MAY 26 2015


...................................

...THE ALBUQUERQUE  NM CLIMATE SUMMARY FOR MAY 26 2015...
VALID TODAY AS OF 0500 PM LOCAL TIME.

CLIMATE NORMAL PERIOD 1981 TO 2010
CLIMATE RECORD PERIOD 1891 TO 2015


WEATHER ITEM   OBSERVED TIME   RECORD YEAR NORMAL DEPARTURE LAST
                VALUE   (LST)  VALUE       VALUE  FROM      YEAR
                                                  NORMAL
..................................................................
TEMPERATURE (F)
 TODAY
  MAXIMUM         76    439 PM  95    1951  82     -6       74
  MINIMUM         47    543 AM  34    1917  55     -8       49
  AVERAGE         62                        69     -7       62

PRECIPITATION (IN)
  TODAY            0.00          0.73 1926   0.02  -0.02
  MONTH TO DATE    1.86                      0.42   1.44
  SINCE MAR 1      2.33                      1.60   0.73
  SINCE JAN 1      3.64                      2.46   1.18

SNOWFALL (IN)
  TODAY            0.0
  MONTH TO DATE    T
  SINCE MAR 1      T
  SINCE JUL 1     15.2
  SNOW DEPTH       0

DEGREE DAYS
 HEATING
  TODAY            3                         1      2        3
  MONTH TO DATE  125                        67     58      113
  SINCE MAR 1    730                       868   -138      837
  SINCE JUL 1   3651                      4171   -520     3980

 COOLING
  TODAY            0                         5     -5        0
  MONTH TO DATE    4                        65    -61       52
  SINCE MAR 1      4                        72    -68       58
  SINCE JAN 1      4                        72    -68       58
..................................................................


WIND (MPH)
  HIGHEST WIND SPEED    12   HIGHEST WIND DIRECTION     S (200)
  HIGHEST GUST SPEED    15   HIGHEST GUST DIRECTION     S (170)
  AVERAGE WIND SPEED     3.1


SKY COVER
  POSSIBLE SUNSHINE  MM
  AVERAGE SKY COVER 0.4



RELATIVE HUMIDITY (PERCENT)
 HIGHEST    86           400 AM
 LOWEST     27           400 PM
 AVERAGE    57

..........................................................


THE ALBUQUERQUE  NM CLIMATE NORMALS FOR TOMORROW
                         NORMAL    RECORD    YEAR
 MAXIMUM TEMPERATURE (F)   83        98      1951
 MINIMUM TEMPERATURE (F)   56        30      1917


SUNRISE AND SUNSET
MAY 26 2015...........SUNRISE   556 AM MDT   SUNSET   811 PM MDT
MAY 27 2015...........SUNRISE   556 AM MDT   SUNSET   812 PM MDT


-  INDICATES NEGATIVE NUMBERS.
R  INDICATES RECORD WAS SET OR TIED.
MM INDICATES DATA IS MISSING.
T  INDICATES TRACE AMOUNT.




$$
