000
CDUS43 KABR 301040
CLIABR


CLIMATE REPORT
NATIONAL WEATHER SERVICE ABERDEEN SD
539 AM CDT WED JUL 30 2014


...................................

...THE ABERDEEN SD CLIMATE SUMMARY FOR JULY 29 2014...

CLIMATE NORMAL PERIOD 1981 TO 2010
CLIMATE RECORD PERIOD 1893 TO 2014


WEATHER ITEM   OBSERVED TIME   RECORD YEAR NORMAL DEPARTURE LAST
                VALUE   (LST)  VALUE       VALUE  FROM      YEAR
                                                  NORMAL
..................................................................
TEMPERATURE (F)
 YESTERDAY
  MAXIMUM         77    453 PM 109    1933  84     -7       66
  MINIMUM         42R   449 AM  42    1899  59    -17       50
  AVERAGE         60                        72    -12       58

PRECIPITATION (IN)
  YESTERDAY        0.00          1.00 1950   0.09  -0.09     0.21
  MONTH TO DATE    0.70                      2.86  -2.16     2.58
  SINCE JUN 1      4.01                      6.56  -2.55     4.78
  SINCE JAN 1      9.44                     13.70  -4.26    13.30

DEGREE DAYS
 HEATING
  YESTERDAY        5                         0      5        7
  MONTH TO DATE   37                         8     29       31
  SINCE JUN 1    120                        84     36      112
  SINCE JUL 1     37                         8     29       31

 COOLING
  YESTERDAY        0                         7     -7        0
  MONTH TO DATE  112                       194    -82      192
  SINCE JUN 1    158                       286   -128      288
  SINCE JAN 1    200                       309   -109      309
..................................................................


WIND (MPH)
  HIGHEST WIND SPEED    13   HIGHEST WIND DIRECTION    NE (50)
  HIGHEST GUST SPEED    20   HIGHEST GUST DIRECTION     N (10)
  AVERAGE WIND SPEED     2.7


SKY COVER
  POSSIBLE SUNSHINE  MM
  AVERAGE SKY COVER 0.1


WEATHER CONDITIONS
 THE FOLLOWING WEATHER WAS RECORDED YESTERDAY.
  FOG
  FOG W/VISIBILITY <= 1/4 MILE


RELATIVE HUMIDITY (PERCENT)
 HIGHEST   100           200 AM
 LOWEST     40           100 PM
 AVERAGE    70

..........................................................


THE ABERDEEN SD CLIMATE NORMALS FOR TODAY
                         NORMAL    RECORD    YEAR
 MAXIMUM TEMPERATURE (F)   84       106      2006
 MINIMUM TEMPERATURE (F)   59        39      1971


SUNRISE AND SUNSET
JULY 30 2014..........SUNRISE   616 AM CDT   SUNSET   904 PM CDT
JULY 31 2014..........SUNRISE   617 AM CDT   SUNSET   903 PM CDT


-  INDICATES NEGATIVE NUMBERS.
R  INDICATES RECORD WAS SET OR TIED.
MM INDICATES DATA IS MISSING.
T  INDICATES TRACE AMOUNT.




$$
