000
CDUS43 KABR 111037
CLIABR


CLIMATE REPORT
NATIONAL WEATHER SERVICE ABERDEEN SD
437 AM CST SUN DEC 11 2016


...................................

...THE ABERDEEN SD CLIMATE SUMMARY FOR DECEMBER 10 2016...

CLIMATE NORMAL PERIOD 1981 TO 2010
CLIMATE RECORD PERIOD 1893 TO 2016


WEATHER ITEM   OBSERVED TIME   RECORD YEAR NORMAL DEPARTURE LAST
                VALUE   (LST)  VALUE       VALUE  FROM      YEAR
                                                  NORMAL
..................................................................
TEMPERATURE (F)
 YESTERDAY
  MAXIMUM         10   1159 PM  58    1979  27    -17       49
  MINIMUM         -7    401 AM -29    1972   7    -14       36
  AVERAGE          2                        17    -15       43

PRECIPITATION (IN)
  YESTERDAY        0.10          0.50 1893   0.02   0.08      T
  MONTH TO DATE    0.11                      0.18  -0.07     0.24
  SINCE DEC 1      0.11                      0.18  -0.07     0.24
  SINCE JAN 1     18.92                     21.38  -2.46    20.78

SNOWFALL (IN)
  YESTERDAY        2.6
  MONTH TO DATE    3.1
  SINCE OCT 1      8.3
  SINCE JUL 1      8.3
  SNOW DEPTH       T

DEGREE DAYS
 HEATING
  YESTERDAY       63                        48     15       22
  MONTH TO DATE  471                       462      9      363
  SINCE DEC 1    471                       462      9      363
  SINCE JUL 1   1821                      2425   -604     1775

 COOLING
  YESTERDAY        0                         0      0        0
  MONTH TO DATE    0                         0      0        0
  SINCE DEC 1      0                         0      0        0
  SINCE JAN 1    722                       525    197      677
..................................................................


WIND (MPH)
  HIGHEST WIND SPEED    17   HIGHEST WIND DIRECTION     E (70)
  HIGHEST GUST SPEED    21   HIGHEST GUST DIRECTION     E (80)
  AVERAGE WIND SPEED    10.3


SKY COVER
  POSSIBLE SUNSHINE  MM
  AVERAGE SKY COVER 0.7


WEATHER CONDITIONS
 THE FOLLOWING WEATHER WAS RECORDED YESTERDAY.
  LIGHT SNOW


RELATIVE HUMIDITY (PERCENT)
 HIGHEST    80          1100 PM
 LOWEST     64          1200 AM
 AVERAGE    72

..........................................................


THE ABERDEEN SD CLIMATE NORMALS FOR TODAY
                         NORMAL    RECORD    YEAR
 MAXIMUM TEMPERATURE (F)   26        59      1939
 MINIMUM TEMPERATURE (F)    7       -22      1927


SUNRISE AND SUNSET
DECEMBER 11 2016......SUNRISE   804 AM CST   SUNSET   450 PM CST
DECEMBER 12 2016......SUNRISE   805 AM CST   SUNSET   451 PM CST


-  INDICATES NEGATIVE NUMBERS.
R  INDICATES RECORD WAS SET OR TIED.
MM INDICATES DATA IS MISSING.
T  INDICATES TRACE AMOUNT.




$$
