000
CDUS43 KABR 231451
CLIABR


CLIMATE REPORT
NATIONAL WEATHER SERVICE ABERDEEN SD
951 AM CDT THU MAR 23 2017


...................................

...THE ABERDEEN SD CLIMATE SUMMARY FOR MARCH 22 2017...

CLIMATE NORMAL PERIOD 1981 TO 2010
CLIMATE RECORD PERIOD 1893 TO 2017


WEATHER ITEM   OBSERVED TIME   RECORD YEAR NORMAL DEPARTURE LAST
                VALUE   (LST)  VALUE       VALUE  FROM      YEAR
                                                  NORMAL
..................................................................
TEMPERATURE (F)
 YESTERDAY
  MAXIMUM         36   1159 PM  79    1907  43     -7       54
  MINIMUM         19    109 AM -16    1899  22     -3       32
  AVERAGE         28                        33     -5       43

PRECIPITATION (IN)
  YESTERDAY        T             1.00 1893   0.04  -0.04     0.00
  MONTH TO DATE    0.67                      0.75  -0.08     0.24
  SINCE MAR 1      0.67                      0.75  -0.08     0.24
  SINCE JAN 1      1.35                      1.77  -0.42     0.93

SNOWFALL (IN)
  YESTERDAY        T             6.2  1980   0.2   -0.2      0.0
  MONTH TO DATE   10.8                       5.4    5.4      0.6
  SINCE OCT 1     38.1                      33.2    4.9     26.5
  SINCE JUL 1     38.1                      33.2    4.9     26.5
  SNOW DEPTH       0

DEGREE DAYS
 HEATING
  YESTERDAY       37                        32      5       22
  MONTH TO DATE  843                       818     25      526
  SINCE MAR 1    843                       818     25      526
  SINCE JUL 1   6458                      7281   -823     5763

 COOLING
  YESTERDAY        0                         0      0        0
  MONTH TO DATE    0                         0      0        0
  SINCE MAR 1      0                         0      0        0
  SINCE JAN 1      0                         0      0        0
..................................................................


WIND (MPH)
  HIGHEST WIND SPEED    31   HIGHEST WIND DIRECTION    SE (140)
  HIGHEST GUST SPEED    39   HIGHEST GUST DIRECTION    SE (150)
  AVERAGE WIND SPEED    17.5


SKY COVER
  POSSIBLE SUNSHINE  MM
  AVERAGE SKY COVER 0.7


WEATHER CONDITIONS
 THE FOLLOWING WEATHER WAS RECORDED YESTERDAY.
  LIGHT SNOW


RELATIVE HUMIDITY (PERCENT)
 HIGHEST    77           200 AM
 LOWEST     59           500 PM
 AVERAGE    68

..........................................................


THE ABERDEEN SD CLIMATE NORMALS FOR TODAY
                         NORMAL    RECORD    YEAR
 MAXIMUM TEMPERATURE (F)   44        81      1963
 MINIMUM TEMPERATURE (F)   23       -21      1899


SUNRISE AND SUNSET
MARCH 23 2017.........SUNRISE   731 AM CDT   SUNSET   751 PM CDT
MARCH 24 2017.........SUNRISE   729 AM CDT   SUNSET   752 PM CDT


-  INDICATES NEGATIVE NUMBERS.
R  INDICATES RECORD WAS SET OR TIED.
MM INDICATES DATA IS MISSING.
T  INDICATES TRACE AMOUNT.




$$
