000
CDUS43 KABR 232235
CLIABR


CLIMATE REPORT
NATIONAL WEATHER SERVICE ABERDEEN SD
534 PM CDT TUE SEP 23 2014


...................................

...THE ABERDEEN SD CLIMATE SUMMARY FOR SEPTEMBER 23 2014...
VALID TODAY AS OF 0500 PM LOCAL TIME.

CLIMATE NORMAL PERIOD 1981 TO 2010
CLIMATE RECORD PERIOD 1893 TO 2014


WEATHER ITEM   OBSERVED TIME   RECORD YEAR NORMAL DEPARTURE LAST
                VALUE   (LST)  VALUE       VALUE  FROM      YEAR
                                                  NORMAL
..................................................................
TEMPERATURE (F)
 TODAY
  MAXIMUM         61   1111 AM  94    1935  69     -8       81
  MINIMUM         57    103 PM  22    2012  42     15       59
  AVERAGE         59                        56      3       70

PRECIPITATION (IN)
  TODAY            0.33          1.55 1977   0.07   0.26     0.00
  MONTH TO DATE    0.56                      1.69  -1.13     1.50
  SINCE SEP 1      0.56                      1.69  -1.13     1.50
  SINCE JAN 1     16.19                     17.98  -1.79    15.26

DEGREE DAYS
 HEATING
  TODAY            6                        10     -4        0
  MONTH TO DATE  181                       143     38       78
  SINCE SEP 1    181                       143     38       78
  SINCE JUL 1    243                       194     49      129

 COOLING
  TODAY            0                         1     -1        5
  MONTH TO DATE   14                        39    -25       86
  SINCE SEP 1     14                        39    -25       86
  SINCE JAN 1    318                       522   -204      575
..................................................................


WIND (MPH)
  HIGHEST WIND SPEED    28   HIGHEST WIND DIRECTION     S (160)
  HIGHEST GUST SPEED    35   HIGHEST GUST DIRECTION    SE (150)
  AVERAGE WIND SPEED    13.2


SKY COVER
  POSSIBLE SUNSHINE  MM
  AVERAGE SKY COVER 0.7


WEATHER CONDITIONS
 THE FOLLOWING WEATHER WAS RECORDED TODAY.
  RAIN
  LIGHT RAIN
  FOG


RELATIVE HUMIDITY (PERCENT)
 HIGHEST    93          1200 PM
 LOWEST     69          1200 AM
 AVERAGE    81

..........................................................


THE ABERDEEN SD CLIMATE NORMALS FOR TOMORROW
                         NORMAL    RECORD    YEAR
 MAXIMUM TEMPERATURE (F)   68        90      1935
 MINIMUM TEMPERATURE (F)   42        23      2000


SUNRISE AND SUNSET
SEPTEMBER 23 2014.....SUNRISE   722 AM CDT   SUNSET   729 PM CDT
SEPTEMBER 24 2014.....SUNRISE   723 AM CDT   SUNSET   727 PM CDT


-  INDICATES NEGATIVE NUMBERS.
R  INDICATES RECORD WAS SET OR TIED.
MM INDICATES DATA IS MISSING.
T  INDICATES TRACE AMOUNT.

&&

PEAK WIND WAS 35 MPH FROM THE SOUTHEAST AT 1232 PM CDT

$$
