000
CDUS43 KABR 281031
CLIABR


CLIMATE REPORT
NATIONAL WEATHER SERVICE ABERDEEN SD
530 AM CDT SAT MAY 28 2016


...................................

...THE ABERDEEN SD CLIMATE SUMMARY FOR MAY 27 2016...

CLIMATE NORMAL PERIOD 1981 TO 2010
CLIMATE RECORD PERIOD 1893 TO 2016


WEATHER ITEM   OBSERVED TIME   RECORD YEAR NORMAL DEPARTURE LAST
                VALUE   (LST)  VALUE       VALUE  FROM      YEAR
                                                  NORMAL
..................................................................
TEMPERATURE (F)
 YESTERDAY
  MAXIMUM         74   1211 PM  98    1934  72      2       85
  MINIMUM         54    501 AM  28    1907  48      6       51
  AVERAGE         64                        60      4       68

PRECIPITATION (IN)
  YESTERDAY        0.06          1.38 1955   0.09  -0.03     0.01
  MONTH TO DATE    1.62                      2.71  -1.09     5.87
  SINCE MAR 1      5.74                      5.72   0.02     6.65
  SINCE JAN 1      6.43                      6.74  -0.31     7.70

DEGREE DAYS
 HEATING
  YESTERDAY        1                         6     -5        0
  MONTH TO DATE  204                       263    -59      268
  SINCE MAR 1   1526                      1971   -445     1681
  SINCE JUL 1   6763                      8434  -1671     7949

 COOLING
  YESTERDAY        0                         1     -1        3
  MONTH TO DATE   26                        17      9        5
  SINCE MAR 1     27                        19      8        5
  SINCE JAN 1     27                        19      8        5
..................................................................


WIND (MPH)
  HIGHEST WIND SPEED    24   HIGHEST WIND DIRECTION     S (160)
  HIGHEST GUST SPEED    29   HIGHEST GUST DIRECTION     S (160)
  AVERAGE WIND SPEED     6.0


SKY COVER
  POSSIBLE SUNSHINE  MM
  AVERAGE SKY COVER 0.5


WEATHER CONDITIONS
 THE FOLLOWING WEATHER WAS RECORDED YESTERDAY.
  THUNDERSTORM
  LIGHT RAIN
  FOG


RELATIVE HUMIDITY (PERCENT)
 HIGHEST    93           900 PM
 LOWEST     57          1100 AM
 AVERAGE    75

..........................................................


THE ABERDEEN SD CLIMATE NORMALS FOR TODAY
                         NORMAL    RECORD    YEAR
 MAXIMUM TEMPERATURE (F)   72       102      1934
 MINIMUM TEMPERATURE (F)   48        30      1965


SUNRISE AND SUNSET
MAY 28 2016...........SUNRISE   551 AM CDT   SUNSET   912 PM CDT
MAY 29 2016...........SUNRISE   550 AM CDT   SUNSET   913 PM CDT


-  INDICATES NEGATIVE NUMBERS.
R  INDICATES RECORD WAS SET OR TIED.
MM INDICATES DATA IS MISSING.
T  INDICATES TRACE AMOUNT.




$$
