000
CDUS43 KABR 011039
CLIABR


CLIMATE REPORT
NATIONAL WEATHER SERVICE ABERDEEN SD
538 AM CDT WED JUL 1 2015


...................................

...THE ABERDEEN SD CLIMATE SUMMARY FOR JUNE 30 2015...

CLIMATE NORMAL PERIOD 1981 TO 2010
CLIMATE RECORD PERIOD 1893 TO 2015


WEATHER ITEM   OBSERVED TIME   RECORD YEAR NORMAL DEPARTURE LAST
                VALUE   (LST)  VALUE       VALUE  FROM      YEAR
                                                  NORMAL
..................................................................
TEMPERATURE (F)
 YESTERDAY
  MAXIMUM         78    605 PM 104    1931  82     -4       76
  MINIMUM         64    325 AM  38    1918  57      7       52
  AVERAGE         71                        70      1       64

PRECIPITATION (IN)
  YESTERDAY        0.01          3.83 1978   0.11  -0.10      T
  MONTH TO DATE    2.10                      3.70  -1.60     3.31
  SINCE JUN 1      2.10                      3.70  -1.60     3.31
  SINCE JAN 1     10.32                     10.84  -0.52     8.74

DEGREE DAYS
 HEATING
  YESTERDAY        0                         1     -1        1
  MONTH TO DATE   14                        76    -62       83
  SINCE JUN 1     14                        76    -62       83
  SINCE JUL 1   8004                      8534   -530     9524

 COOLING
  YESTERDAY        6                         5      1        0
  MONTH TO DATE  139                        92     47       46
  SINCE JUN 1    139                        92     47       46
  SINCE JAN 1    153                       115     38       88
..................................................................


WIND (MPH)
  HIGHEST WIND SPEED     9   HIGHEST WIND DIRECTION     E (70)
  HIGHEST GUST SPEED    11   HIGHEST GUST DIRECTION     E (70)
  AVERAGE WIND SPEED     3.6


SKY COVER
  POSSIBLE SUNSHINE  MM
  AVERAGE SKY COVER 0.4


WEATHER CONDITIONS
 THE FOLLOWING WEATHER WAS RECORDED YESTERDAY.
  LIGHT RAIN
  FOG
  HAZE


RELATIVE HUMIDITY (PERCENT)
 HIGHEST    93           300 AM
 LOWEST     60           600 PM
 AVERAGE    77

..........................................................


THE ABERDEEN SD CLIMATE NORMALS FOR TODAY
                         NORMAL    RECORD    YEAR
 MAXIMUM TEMPERATURE (F)   82        99      2002
                                             1974
 MINIMUM TEMPERATURE (F)   58        41      1995


SUNRISE AND SUNSET
JULY  1 2015..........SUNRISE   549 AM CDT   SUNSET   926 PM CDT
JULY  2 2015..........SUNRISE   550 AM CDT   SUNSET   926 PM CDT


-  INDICATES NEGATIVE NUMBERS.
R  INDICATES RECORD WAS SET OR TIED.
MM INDICATES DATA IS MISSING.
T  INDICATES TRACE AMOUNT.




$$
