000
CDUS43 KABR 251039
CLIABR


CLIMATE REPORT
NATIONAL WEATHER SERVICE ABERDEEN SD
538 AM CDT THU AUG 25 2016


...................................

...THE ABERDEEN SD CLIMATE SUMMARY FOR AUGUST 24 2016...

CLIMATE NORMAL PERIOD 1981 TO 2010
CLIMATE RECORD PERIOD 1893 TO 2016


WEATHER ITEM   OBSERVED TIME   RECORD YEAR NORMAL DEPARTURE LAST
                VALUE   (LST)  VALUE       VALUE  FROM      YEAR
                                                  NORMAL
..................................................................
TEMPERATURE (F)
 YESTERDAY
  MAXIMUM         79    532 PM 103    1929  81     -2       73
  MINIMUM         51    348 AM  38    1934  55     -4       45
  AVERAGE         65                        68     -3       59

PRECIPITATION (IN)
  YESTERDAY        0.00          1.03 1960   0.08  -0.08     0.00
  MONTH TO DATE    1.99                      1.88   0.11     2.94
  SINCE JUN 1      7.09                      8.60  -1.51     9.10
  SINCE JAN 1     14.03                     15.74  -1.71    17.32

DEGREE DAYS
 HEATING
  YESTERDAY        0                         2     -2        6
  MONTH TO DATE    8                        22    -14       30
  SINCE JUN 1     36                       112    -76       49
  SINCE JUL 1     16                        36    -20       35

 COOLING
  YESTERDAY        0                         4     -4        0
  MONTH TO DATE  169                       136     33      128
  SINCE JUN 1    591                       436    155      516
  SINCE JAN 1    624                       459    165      530
..................................................................


WIND (MPH)
  HIGHEST WIND SPEED    23   HIGHEST WIND DIRECTION    NW (310)
  HIGHEST GUST SPEED    29   HIGHEST GUST DIRECTION    NW (310)
  AVERAGE WIND SPEED    10.8


SKY COVER
  POSSIBLE SUNSHINE  MM
  AVERAGE SKY COVER 0.0


WEATHER CONDITIONS
 THE FOLLOWING WEATHER WAS RECORDED YESTERDAY.
  HAZE


RELATIVE HUMIDITY (PERCENT)
 HIGHEST    77           400 AM
 LOWEST     36           600 PM
 AVERAGE    57

..........................................................


THE ABERDEEN SD CLIMATE NORMALS FOR TODAY
                         NORMAL    RECORD    YEAR
 MAXIMUM TEMPERATURE (F)   80       101      1926
 MINIMUM TEMPERATURE (F)   54        38      1896


SUNRISE AND SUNSET
AUGUST 25 2016........SUNRISE   647 AM CDT   SUNSET   823 PM CDT
AUGUST 26 2016........SUNRISE   649 AM CDT   SUNSET   821 PM CDT


-  INDICATES NEGATIVE NUMBERS.
R  INDICATES RECORD WAS SET OR TIED.
MM INDICATES DATA IS MISSING.
T  INDICATES TRACE AMOUNT.




$$
