000
CDUS43 KABR 210915
CLIABR


CLIMATE REPORT
NATIONAL WEATHER SERVICE ABERDEEN SD
414 AM CDT THU AUG 21 2014


...................................

...THE ABERDEEN SD CLIMATE SUMMARY FOR AUGUST 20 2014...

CLIMATE NORMAL PERIOD 1981 TO 2010
CLIMATE RECORD PERIOD 1893 TO 2014


WEATHER ITEM   OBSERVED TIME   RECORD YEAR NORMAL DEPARTURE LAST
                VALUE   (LST)  VALUE       VALUE  FROM      YEAR
                                                  NORMAL
..................................................................
TEMPERATURE (F)
 YESTERDAY
  MAXIMUM         87    104 PM 103    1976  81      6       94
  MINIMUM         60    419 AM  33    1950  56      4       61
  AVERAGE         74                        68      6       78

PRECIPITATION (IN)
  YESTERDAY        0.28          2.68 1980   0.08   0.20     0.00
  MONTH TO DATE    1.36                      1.56  -0.20     0.05
  SINCE JUN 1      5.37                      8.28  -2.91     4.95
  SINCE JAN 1     10.80                     15.42  -4.62    13.47

DEGREE DAYS
 HEATING
  YESTERDAY        0                         1     -1        0
  MONTH TO DATE    3                        16    -13       19
  SINCE JUN 1    123                       106     17      132
  SINCE JUL 1     40                        30     10       51

 COOLING
  YESTERDAY        9                         5      4       13
  MONTH TO DATE   79                       119    -40       45
  SINCE JUN 1    239                       419   -180      335
  SINCE JAN 1    281                       442   -161      356
..................................................................


WIND (MPH)
  HIGHEST WIND SPEED    24   HIGHEST WIND DIRECTION     N (340)
  HIGHEST GUST SPEED    30   HIGHEST GUST DIRECTION     N (340)
  AVERAGE WIND SPEED    10.0


SKY COVER
  POSSIBLE SUNSHINE  MM
  AVERAGE SKY COVER 0.1


WEATHER CONDITIONS
 THE FOLLOWING WEATHER WAS RECORDED YESTERDAY.
  THUNDERSTORM
  HEAVY RAIN
  RAIN
  LIGHT RAIN
  FOG


RELATIVE HUMIDITY (PERCENT)
 HIGHEST   100          1200 AM
 LOWEST     51           100 PM
 AVERAGE    76

..........................................................


THE ABERDEEN SD CLIMATE NORMALS FOR TODAY
                         NORMAL    RECORD    YEAR
 MAXIMUM TEMPERATURE (F)   81       105      1947
 MINIMUM TEMPERATURE (F)   55        37      2004


SUNRISE AND SUNSET
AUGUST 21 2014........SUNRISE   642 AM CDT   SUNSET   831 PM CDT
AUGUST 22 2014........SUNRISE   643 AM CDT   SUNSET   829 PM CDT


-  INDICATES NEGATIVE NUMBERS.
R  INDICATES RECORD WAS SET OR TIED.
MM INDICATES DATA IS MISSING.
T  INDICATES TRACE AMOUNT.




$$
