000
CDUS43 KABR 292236
CLIABR


CLIMATE REPORT
NATIONAL WEATHER SERVICE ABERDEEN SD
535 PM CDT THU SEP 29 2016


...................................

...THE ABERDEEN SD CLIMATE SUMMARY FOR SEPTEMBER 29 2016...
VALID TODAY AS OF 0500 PM LOCAL TIME.

CLIMATE NORMAL PERIOD 1981 TO 2010
CLIMATE RECORD PERIOD 1893 TO 2016


WEATHER ITEM   OBSERVED TIME   RECORD YEAR NORMAL DEPARTURE LAST
                VALUE   (LST)  VALUE       VALUE  FROM      YEAR
                                                  NORMAL
..................................................................
TEMPERATURE (F)
 TODAY
  MAXIMUM         70    345 PM  95    1897  66      4       72
  MINIMUM         34    646 AM  11    1939  40     -6       38
  AVERAGE         52                        53     -1       55

PRECIPITATION (IN)
  TODAY            0.00          0.86 1995   0.07  -0.07     0.00
  MONTH TO DATE    1.23                      2.12  -0.89     0.37
  SINCE SEP 1      1.23                      2.12  -0.89     0.37
  SINCE JAN 1     15.29                     18.41  -3.12    17.69

DEGREE DAYS
 HEATING
  TODAY           13                        12      1       10
  MONTH TO DATE  120                       211    -91       92
  SINCE SEP 1    120                       211    -91       92
  SINCE JUL 1    151                       262   -111      134

 COOLING
  TODAY            0                         0      0        0
  MONTH TO DATE   54                        39     15      104
  SINCE SEP 1     54                        39     15      104
  SINCE JAN 1    715                       522    193      667
..................................................................


WIND (MPH)
  HIGHEST WIND SPEED    16   HIGHEST WIND DIRECTION    SE (140)
  HIGHEST GUST SPEED    23   HIGHEST GUST DIRECTION    SE (150)
  AVERAGE WIND SPEED     5.1


SKY COVER
  POSSIBLE SUNSHINE  MM
  AVERAGE SKY COVER 0.2


WEATHER CONDITIONS
 THE FOLLOWING WEATHER WAS RECORDED TODAY.
  FOG
  FOG W/VISIBILITY <= 1/4 MILE


RELATIVE HUMIDITY (PERCENT)
 HIGHEST   100           600 AM
 LOWEST     40           300 PM
 AVERAGE    70

..........................................................


THE ABERDEEN SD CLIMATE NORMALS FOR TOMORROW
                         NORMAL    RECORD    YEAR
 MAXIMUM TEMPERATURE (F)   66        92      1989
                                             1905
 MINIMUM TEMPERATURE (F)   39        15      1939


SUNRISE AND SUNSET
SEPTEMBER 29 2016.....SUNRISE   730 AM CDT   SUNSET   717 PM CDT
SEPTEMBER 30 2016.....SUNRISE   731 AM CDT   SUNSET   715 PM CDT


-  INDICATES NEGATIVE NUMBERS.
R  INDICATES RECORD WAS SET OR TIED.
MM INDICATES DATA IS MISSING.
T  INDICATES TRACE AMOUNT.

&&

PEAK WIND WAS 23 MPH FROM THE SOUTHEAST AT 145 PM CT.




$$
