000
CDUS43 KABR 201045
CLIABR


CLIMATE REPORT
NATIONAL WEATHER SERVICE ABERDEEN SD
444 AM CST MON FEB 20 2017


...................................

...THE ABERDEEN SD CLIMATE SUMMARY FOR FEBRUARY 19 2017...

CLIMATE NORMAL PERIOD 1981 TO 2010
CLIMATE RECORD PERIOD 1893 TO 2017


WEATHER ITEM   OBSERVED TIME   RECORD YEAR NORMAL DEPARTURE LAST
                VALUE   (LST)  VALUE       VALUE  FROM      YEAR
                                                  NORMAL
..................................................................
TEMPERATURE (F)
 YESTERDAY
  MAXIMUM         60    216 PM  62    1930  29     31       55
  MINIMUM         37    122 AM -34    1929   9     28       36
  AVERAGE         49                        19     30       46

PRECIPITATION (IN)
  YESTERDAY        0.00          0.89 1952   0.02  -0.02     0.01
  MONTH TO DATE    0.06                      0.33  -0.27     0.51
  SINCE DEC 1      2.35                      1.32   1.03     1.29
  SINCE JAN 1      0.57                      0.80  -0.23     0.65

SNOWFALL (IN)
  YESTERDAY        0.0           9.1  1952   0.3   -0.3      0.0
  MONTH TO DATE    0.7                       4.4   -3.7      8.3
  SINCE OCT 1     26.9                      25.4    1.5     25.7
  SINCE JUL 1     26.9                      25.4    1.5     25.7
  SNOW DEPTH       0

DEGREE DAYS
 HEATING
  YESTERDAY       16                        46    -30       19
  MONTH TO DATE  755                       933   -178      751
  SINCE DEC 1   3963                      4104   -141     3522
  SINCE JUL 1   5313                      6067   -754     4934

 COOLING
  YESTERDAY        0                         0      0        0
  MONTH TO DATE    0                         0      0        0
  SINCE DEC 1      0                         0      0        0
  SINCE JAN 1      0                         0      0        0
..................................................................


WIND (MPH)
  HIGHEST WIND SPEED    23   HIGHEST WIND DIRECTION     S (170)
  HIGHEST GUST SPEED    31   HIGHEST GUST DIRECTION     S (160)
  AVERAGE WIND SPEED    14.9


SKY COVER
  POSSIBLE SUNSHINE  MM
  AVERAGE SKY COVER 0.0


WEATHER CONDITIONS
 THE FOLLOWING WEATHER WAS RECORDED YESTERDAY.
  NO SIGNIFICANT WEATHER WAS OBSERVED.


RELATIVE HUMIDITY (PERCENT)
 HIGHEST    85          1200 AM
 LOWEST     60           200 PM
 AVERAGE    73

..........................................................


THE ABERDEEN SD CLIMATE NORMALS FOR TODAY
                         NORMAL    RECORD    YEAR
 MAXIMUM TEMPERATURE (F)   30        61      1930
 MINIMUM TEMPERATURE (F)    9       -30      1918


SUNRISE AND SUNSET
FEBRUARY 20 2017......SUNRISE   727 AM CST   SUNSET   609 PM CST
FEBRUARY 21 2017......SUNRISE   725 AM CST   SUNSET   610 PM CST


-  INDICATES NEGATIVE NUMBERS.
R  INDICATES RECORD WAS SET OR TIED.
MM INDICATES DATA IS MISSING.
T  INDICATES TRACE AMOUNT.




$$
