000
CDUS43 KABR 260907
CLIABR


CLIMATE REPORT
NATIONAL WEATHER SERVICE ABERDEEN SD
406 AM CDT TUE JUL 26 2016


...................................

...THE ABERDEEN SD CLIMATE SUMMARY FOR JULY 25 2016...

CLIMATE NORMAL PERIOD 1981 TO 2010
CLIMATE RECORD PERIOD 1893 TO 2016


WEATHER ITEM   OBSERVED TIME   RECORD YEAR NORMAL DEPARTURE LAST
                VALUE   (LST)  VALUE       VALUE  FROM      YEAR
                                                  NORMAL
..................................................................
TEMPERATURE (F)
 YESTERDAY
  MAXIMUM         93    418 PM 111    1931  84      9       87
  MINIMUM         56    526 AM  44    1911  59     -3       62
  AVERAGE         75                        72      3       75

PRECIPITATION (IN)
  YESTERDAY        0.00          1.72 1972   0.08  -0.08     0.27
  MONTH TO DATE    2.82                      2.51   0.31     3.48
  SINCE JUN 1      4.23                      6.21  -1.98     5.58
  SINCE JAN 1     11.17                     13.35  -2.18    13.80

DEGREE DAYS
 HEATING
  YESTERDAY        0                         0      0        0
  MONTH TO DATE    8                         8      0        5
  SINCE JUN 1     28                        84    -56       19
  SINCE JUL 1      8                         8      0        5

 COOLING
  YESTERDAY       10                         7      3       10
  MONTH TO DATE  184                       166     18      203
  SINCE JUN 1    376                       258    118      342
  SINCE JAN 1    409                       281    128      356
..................................................................


WIND (MPH)
  HIGHEST WIND SPEED    20   HIGHEST WIND DIRECTION     S (180)
  HIGHEST GUST SPEED    24   HIGHEST GUST DIRECTION     S (190)
  AVERAGE WIND SPEED     9.5


SKY COVER
  POSSIBLE SUNSHINE  MM
  AVERAGE SKY COVER 0.1


WEATHER CONDITIONS
 THE FOLLOWING WEATHER WAS RECORDED YESTERDAY.
  NO SIGNIFICANT WEATHER WAS OBSERVED.


RELATIVE HUMIDITY (PERCENT)
 HIGHEST    93           500 AM
 LOWEST     28           200 PM
 AVERAGE    61

..........................................................


THE ABERDEEN SD CLIMATE NORMALS FOR TODAY
                         NORMAL    RECORD    YEAR
 MAXIMUM TEMPERATURE (F)   84       112      1931
 MINIMUM TEMPERATURE (F)   59        42      1962


SUNRISE AND SUNSET
JULY 26 2016..........SUNRISE   612 AM CDT   SUNSET   908 PM CDT
JULY 27 2016..........SUNRISE   613 AM CDT   SUNSET   907 PM CDT


-  INDICATES NEGATIVE NUMBERS.
R  INDICATES RECORD WAS SET OR TIED.
MM INDICATES DATA IS MISSING.
T  INDICATES TRACE AMOUNT.




$$
