000
CDUS43 KABR 301036
CLIABR


CLIMATE REPORT
NATIONAL WEATHER SERVICE ABERDEEN SD
535 AM CDT SUN APR 30 2017


...................................

...THE ABERDEEN SD CLIMATE SUMMARY FOR APRIL 29 2017...

CLIMATE NORMAL PERIOD 1981 TO 2010
CLIMATE RECORD PERIOD 1893 TO 2017


WEATHER ITEM   OBSERVED TIME   RECORD YEAR NORMAL DEPARTURE LAST
                VALUE   (LST)  VALUE       VALUE  FROM      YEAR
                                                  NORMAL
..................................................................
TEMPERATURE (F)
 YESTERDAY
  MAXIMUM         60    226 PM  92    1934  64     -4       61
  MINIMUM         24    509 AM  16    1966  38    -14       31
  AVERAGE         42                        51     -9       46

PRECIPITATION (IN)
  YESTERDAY        0.00          2.50 1895   0.08  -0.08     0.00
  MONTH TO DATE    1.38                      1.76  -0.38     3.66
  SINCE MAR 1      2.05                      2.92  -0.87     4.12
  SINCE JAN 1      2.73                      3.94  -1.21     4.81

SNOWFALL (IN)
  YESTERDAY        0.0           3.4  1950   0.1   -0.1      0.0
  MONTH TO DATE    1.8                       3.1   -1.3       T
  SINCE OCT 1     39.9                      38.1    1.8     26.5
  SINCE JUL 1     39.9                      38.1    1.8     26.5
  SNOW DEPTH       0

DEGREE DAYS
 HEATING
  YESTERDAY       23                        15      8       19
  MONTH TO DATE  560                       607    -47      552
  SINCE MAR 1   1606                      1695    -89     1306
  SINCE JUL 1   7221                      8158   -937     6543

 COOLING
  YESTERDAY        0                         0      0        0
  MONTH TO DATE    0                         0      0        1
  SINCE MAR 1      0                         0      0        1
  SINCE JAN 1      0                         0      0        1
..................................................................


WIND (MPH)
  HIGHEST WIND SPEED    17   HIGHEST WIND DIRECTION    NE (60)
  HIGHEST GUST SPEED    23   HIGHEST GUST DIRECTION    NE (60)
  AVERAGE WIND SPEED     5.6


SKY COVER
  POSSIBLE SUNSHINE  MM
  AVERAGE SKY COVER 0.0


WEATHER CONDITIONS
 THE FOLLOWING WEATHER WAS RECORDED YESTERDAY.
  NO SIGNIFICANT WEATHER WAS OBSERVED.


RELATIVE HUMIDITY (PERCENT)
 HIGHEST    88           300 AM
 LOWEST     17           500 PM
 AVERAGE    53

..........................................................


THE ABERDEEN SD CLIMATE NORMALS FOR TODAY
                         NORMAL    RECORD    YEAR
 MAXIMUM TEMPERATURE (F)   64        98      1992
 MINIMUM TEMPERATURE (F)   38         5      1966


SUNRISE AND SUNSET
APRIL 30 2017.........SUNRISE   623 AM CDT   SUNSET   840 PM CDT
MAY  1 2017...........SUNRISE   622 AM CDT   SUNSET   841 PM CDT


-  INDICATES NEGATIVE NUMBERS.
R  INDICATES RECORD WAS SET OR TIED.
MM INDICATES DATA IS MISSING.
T  INDICATES TRACE AMOUNT.




$$
