000
CDUS42 KTAE 290635
CLIABY


CLIMATE REPORT
NATIONAL WEATHER SERVICE TALLAHASSEE FL
234 AM EDT SUN MAY 29 2016


...................................

...THE ALBANY CLIMATE SUMMARY FOR MAY 28 2016...

CLIMATE NORMAL PERIOD 1981 TO 2010
CLIMATE RECORD PERIOD 1930 TO 2016


WEATHER ITEM   OBSERVED TIME   RECORD YEAR NORMAL DEPARTURE LAST
                VALUE   (LST)  VALUE       VALUE  FROM      YEAR
                                                  NORMAL
..................................................................
TEMPERATURE (F)
 YESTERDAY
  MAXIMUM         91    353 PM 101    1962  89      2       90
  MINIMUM         66    607 AM  46    1988  66      0       68
  AVERAGE         79                        78      1       79

PRECIPITATION (IN)
  YESTERDAY        0.00                      0.13  -0.13     0.00
  MONTH TO DATE    0.78                      2.26  -1.48     0.29
  SINCE MAR 1     12.42                     10.95   1.47     7.64
  SINCE JAN 1     22.73                     19.93   2.80    14.97

SNOWFALL (IN)
  YESTERDAY        0.0

DEGREE DAYS
 HEATING
  YESTERDAY        0                         0      0        0
  MONTH TO DATE    4                         0      4        2
  SINCE MAR 1    155                       274   -119      125
  SINCE JUL 1   1290                      1834   -544     1849

 COOLING
  YESTERDAY       14                        13      1       14
  MONTH TO DATE  255                       262     -7      313
  SINCE MAR 1    439                       393     46      559
  SINCE JAN 1    442                       402     40      561
..................................................................


WIND (MPH)
  HIGHEST WIND SPEED    15   HIGHEST WIND DIRECTION     E (80)
  HIGHEST GUST SPEED    18   HIGHEST GUST DIRECTION     E (90)
  AVERAGE WIND SPEED     3.7




RELATIVE HUMIDITY (PERCENT)
 HIGHEST    87
 LOWEST     32
 AVERAGE    60

..........................................................


THE ALBANY CLIMATE NORMALS FOR TODAY
                         NORMAL    RECORD    YEAR
 MAXIMUM TEMPERATURE (F)   90        99      1937
 MINIMUM TEMPERATURE (F)   66        49      1988


SUNRISE AND SUNSET
MAY 29 2016...........SUNRISE   633 AM EDT   SUNSET   835 PM EDT
MAY 30 2016...........SUNRISE   633 AM EDT   SUNSET   836 PM EDT


-  INDICATES NEGATIVE NUMBERS.
R  INDICATES RECORD WAS SET OR TIED.
MM INDICATES DATA IS MISSING.
T  INDICATES TRACE AMOUNT.




$$
