000
CDUS42 KTAE 300633
CLIABY


CLIMATE REPORT
NATIONAL WEATHER SERVICE TALLAHASSEE FL
233 AM EDT THU MAR 30 2017


...................................

...THE ALBANY CLIMATE SUMMARY FOR MARCH 29 2017...

CLIMATE NORMAL PERIOD 1981 TO 2010
CLIMATE RECORD PERIOD 1930 TO 2017


WEATHER ITEM   OBSERVED TIME   RECORD YEAR NORMAL DEPARTURE LAST
                VALUE   (LST)  VALUE       VALUE  FROM      YEAR
                                                  NORMAL
..................................................................
TEMPERATURE (F)
 YESTERDAY
  MAXIMUM         88    326 PM  90    2007  75     13       75
  MINIMUM         60    546 AM  27    1955  49     11       50
  AVERAGE         74                        62     12       63

PRECIPITATION (IN)
  YESTERDAY        0.00                      0.18  -0.18     0.00
  MONTH TO DATE    1.21                      4.67  -3.46     4.52
  SINCE MAR 1      1.21                      4.67  -3.46     4.52
  SINCE JAN 1     13.03                     13.65  -0.62    14.83

SNOWFALL (IN)
  YESTERDAY        0.0

DEGREE DAYS
 HEATING
  YESTERDAY        0                         4     -4        2
  MONTH TO DATE  163                       200    -37      113
  SINCE MAR 1    163                       200    -37      113
  SINCE JUL 1    966                      1760   -794     1248

 COOLING
  YESTERDAY        9                         2      7        0
  MONTH TO DATE   65                        30     35       74
  SINCE MAR 1     65                        30     35       74
  SINCE JAN 1    103                        39     64       77
..................................................................


WIND (MPH)
  HIGHEST WIND SPEED    16   HIGHEST WIND DIRECTION    SW (220)
  HIGHEST GUST SPEED    20   HIGHEST GUST DIRECTION    SW (210)
  AVERAGE WIND SPEED     3.4




RELATIVE HUMIDITY (PERCENT)
 HIGHEST   100
 LOWEST     32
 AVERAGE    66

..........................................................


THE ALBANY CLIMATE NORMALS FOR TODAY
                         NORMAL    RECORD    YEAR
 MAXIMUM TEMPERATURE (F)   75        90      1998
 MINIMUM TEMPERATURE (F)   50        31      1955


SUNRISE AND SUNSET
MARCH 30 2017.........SUNRISE   728 AM EDT   SUNSET   755 PM EDT
MARCH 31 2017.........SUNRISE   726 AM EDT   SUNSET   756 PM EDT


-  INDICATES NEGATIVE NUMBERS.
R  INDICATES RECORD WAS SET OR TIED.
MM INDICATES DATA IS MISSING.
T  INDICATES TRACE AMOUNT.




$$
