000
CDUS42 KTAE 280633
CLIABY


CLIMATE REPORT
NATIONAL WEATHER SERVICE TALLAHASSEE FL
233 AM EDT WED SEP 28 2016


...................................

...THE ALBANY CLIMATE SUMMARY FOR SEPTEMBER 27 2016...

CLIMATE NORMAL PERIOD 1981 TO 2010
CLIMATE RECORD PERIOD 1930 TO 2016


WEATHER ITEM   OBSERVED TIME   RECORD YEAR NORMAL DEPARTURE LAST
                VALUE   (LST)  VALUE       VALUE  FROM      YEAR
                                                  NORMAL
..................................................................
TEMPERATURE (F)
 YESTERDAY
  MAXIMUM         91    209 PM  97    1986  86      5       77
  MINIMUM         68    535 AM  45    1990  64      4       72
  AVERAGE         80                        75      5       75

PRECIPITATION (IN)
  YESTERDAY        0.00                      0.09  -0.09      T
  MONTH TO DATE    3.29                      3.20   0.09     2.39
  SINCE SEP 1      3.29                      3.20   0.09     2.39
  SINCE JAN 1     37.34                     38.80  -1.46    33.57

SNOWFALL (IN)
  YESTERDAY        0.0

DEGREE DAYS
 HEATING
  YESTERDAY        0                         0      0        0
  MONTH TO DATE    0                         0      0        0
  SINCE SEP 1      0                         0      0        0
  SINCE JUL 1      0                         0      0        0

 COOLING
  YESTERDAY       15                        10      5       10
  MONTH TO DATE  443                       357     86      338
  SINCE SEP 1    443                       357     86      338
  SINCE JAN 1   2680                      2330    350     2591
..................................................................


WIND (MPH)
  HIGHEST WIND SPEED     9   HIGHEST WIND DIRECTION    SE (150)
  HIGHEST GUST SPEED    17   HIGHEST GUST DIRECTION     N (360)
  AVERAGE WIND SPEED     2.6




RELATIVE HUMIDITY (PERCENT)
 HIGHEST    97
 LOWEST     47
 AVERAGE    72

..........................................................


THE ALBANY CLIMATE NORMALS FOR TODAY
                         NORMAL    RECORD    YEAR
 MAXIMUM TEMPERATURE (F)   85       100      1986
 MINIMUM TEMPERATURE (F)   63        46      1985


SUNRISE AND SUNSET
SEPTEMBER 28 2016.....SUNRISE   729 AM EDT   SUNSET   725 PM EDT
SEPTEMBER 29 2016.....SUNRISE   730 AM EDT   SUNSET   724 PM EDT


-  INDICATES NEGATIVE NUMBERS.
R  INDICATES RECORD WAS SET OR TIED.
MM INDICATES DATA IS MISSING.
T  INDICATES TRACE AMOUNT.




$$
