000
CDUS42 KTAE 280639
CLIABY


CLIMATE REPORT
NATIONAL WEATHER SERVICE TALLAHASSEE FL
238 AM EDT THU MAY 28 2015


...................................

...THE ALBANY CLIMATE SUMMARY FOR MAY 27 2015...

CLIMATE NORMAL PERIOD 1981 TO 2010
CLIMATE RECORD PERIOD 1930 TO 2015


WEATHER ITEM   OBSERVED TIME   RECORD YEAR NORMAL DEPARTURE LAST
                VALUE   (LST)  VALUE       VALUE  FROM      YEAR
                                                  NORMAL
..................................................................
TEMPERATURE (F)
 YESTERDAY
  MAXIMUM         90    343 PM 100    1962  89      1       88
  MINIMUM         68    545 AM  47    1988  66      2       67
  AVERAGE         79                        77      2       78

PRECIPITATION (IN)
  YESTERDAY        0.00                      0.12  -0.12      T
  MONTH TO DATE    0.29                      2.13  -1.84     2.08
  SINCE MAR 1      7.64                     10.82  -3.18    12.81
  SINCE JAN 1     14.97                     19.80  -4.83    18.05

SNOWFALL (IN)
  YESTERDAY        0.0

DEGREE DAYS
 HEATING
  YESTERDAY        0                         0      0        0
  MONTH TO DATE    2                         0      2       11
  SINCE MAR 1    125                       274   -149      349
  SINCE JUL 1   1849                      1834     15     1945

 COOLING
  YESTERDAY       14                        12      2       13
  MONTH TO DATE  299                       249     50      238
  SINCE MAR 1    545                       380    165      334
  SINCE JAN 1    547                       389    158      338
..................................................................


WIND (MPH)
  HIGHEST WIND SPEED    16   HIGHEST WIND DIRECTION     S (160)
  HIGHEST GUST SPEED    21   HIGHEST GUST DIRECTION     S (170)
  AVERAGE WIND SPEED     4.3




RELATIVE HUMIDITY (PERCENT)
 HIGHEST   100
 LOWEST     46
 AVERAGE    73

..........................................................


THE ALBANY CLIMATE NORMALS FOR TODAY
                         NORMAL    RECORD    YEAR
 MAXIMUM TEMPERATURE (F)   89       101      1962
 MINIMUM TEMPERATURE (F)   66        46      1988


SUNRISE AND SUNSET
MAY 28 2015...........SUNRISE   634 AM EDT   SUNSET   834 PM EDT
MAY 29 2015...........SUNRISE   634 AM EDT   SUNSET   835 PM EDT


-  INDICATES NEGATIVE NUMBERS.
R  INDICATES RECORD WAS SET OR TIED.
MM INDICATES DATA IS MISSING.
T  INDICATES TRACE AMOUNT.




$$
