000
CDUS42 KTAE 260633
CLIABY


CLIMATE REPORT
NATIONAL WEATHER SERVICE TALLAHASSEE FL
133 AM EST SUN FEB 26 2017


...................................

...THE ALBANY CLIMATE SUMMARY FOR FEBRUARY 25 2017...

CLIMATE NORMAL PERIOD 1981 TO 2010
CLIMATE RECORD PERIOD 1930 TO 2017


WEATHER ITEM   OBSERVED TIME   RECORD YEAR NORMAL DEPARTURE LAST
                VALUE   (LST)  VALUE       VALUE  FROM      YEAR
                                                  NORMAL
..................................................................
TEMPERATURE (F)
 YESTERDAY
  MAXIMUM         77    418 PM  82    1980  67     10       61
  MINIMUM         52   1145 PM  16    1989  42     10       42
  AVERAGE         65                        55     10       52

PRECIPITATION (IN)
  YESTERDAY        0.00                      0.16  -0.16     0.00
  MONTH TO DATE    2.52                      3.65  -1.13     6.65
  SINCE DEC 1     21.98                     12.22   9.76    17.17
  SINCE JAN 1     11.30                      8.47   2.83    10.31

SNOWFALL (IN)
  YESTERDAY        0.0

DEGREE DAYS
 HEATING
  YESTERDAY        0                        11    -11       13
  MONTH TO DATE  122                       325   -203      286
  SINCE DEC 1    645                      1259   -614      955
  SINCE JUL 1    786                      1529   -743     1079

 COOLING
  YESTERDAY        0                         0      0        0
  MONTH TO DATE   16                         0     16        3
  SINCE DEC 1     59                        13     46       79
  SINCE JAN 1     36                         4     32        3
..................................................................


WIND (MPH)
  HIGHEST WIND SPEED    22   HIGHEST WIND DIRECTION    NW (320)
  HIGHEST GUST SPEED    27   HIGHEST GUST DIRECTION    NW (310)
  AVERAGE WIND SPEED     8.8




RELATIVE HUMIDITY (PERCENT)
 HIGHEST   100
 LOWEST     11
 AVERAGE    56

..........................................................


THE ALBANY CLIMATE NORMALS FOR TODAY
                         NORMAL    RECORD    YEAR
 MAXIMUM TEMPERATURE (F)   67        84      1944
 MINIMUM TEMPERATURE (F)   42        17      1989


SUNRISE AND SUNSET
FEBRUARY 26 2017......SUNRISE   707 AM EST   SUNSET   633 PM EST
FEBRUARY 27 2017......SUNRISE   706 AM EST   SUNSET   634 PM EST


-  INDICATES NEGATIVE NUMBERS.
R  INDICATES RECORD WAS SET OR TIED.
MM INDICATES DATA IS MISSING.
T  INDICATES TRACE AMOUNT.




$$
