000
CDUS42 KTAE 270632
CLIABY


CLIMATE REPORT
NATIONAL WEATHER SERVICE TALLAHASSEE FL
231 AM EDT TUE JUN 27 2017


...................................

...THE ALBANY CLIMATE SUMMARY FOR JUNE 26 2017...

CLIMATE NORMAL PERIOD 1981 TO 2010
CLIMATE RECORD PERIOD 1930 TO 2017


WEATHER ITEM   OBSERVED TIME   RECORD YEAR NORMAL DEPARTURE LAST
                VALUE   (LST)  VALUE       VALUE  FROM      YEAR
                                                  NORMAL
..................................................................
TEMPERATURE (F)
 YESTERDAY
  MAXIMUM         91    258 PM 103    1998  92     -1       96
  MINIMUM         66    556 AM  59    1990  71     -5       71
  AVERAGE         79                        82     -3       84

PRECIPITATION (IN)
  YESTERDAY        0.00                      0.16  -0.16     0.84
  MONTH TO DATE    3.53                      4.31  -0.78     3.94
  SINCE JUN 1      3.53                      4.31  -0.78     3.94
  SINCE JAN 1     22.53                     24.67  -2.14    26.67

SNOWFALL (IN)
  YESTERDAY        0.0

DEGREE DAYS
 HEATING
  YESTERDAY        0                         0      0        0
  MONTH TO DATE    0                         0      0        0
  SINCE JUN 1      0                         0      0        0
  SINCE JUL 1   1002                      1838   -836     1290

 COOLING
  YESTERDAY       14                        17     -3       19
  MONTH TO DATE  378                       397    -19      446
  SINCE JUN 1    378                       397    -19      446
  SINCE JAN 1   1008                       837    171      938
..................................................................


WIND (MPH)
  HIGHEST WIND SPEED    12   HIGHEST WIND DIRECTION    NE (40)
  HIGHEST GUST SPEED    17   HIGHEST GUST DIRECTION     N (10)
  AVERAGE WIND SPEED     5.0




RELATIVE HUMIDITY (PERCENT)
 HIGHEST    90
 LOWEST     44
 AVERAGE    67

..........................................................


THE ALBANY CLIMATE NORMALS FOR TODAY
                         NORMAL    RECORD    YEAR
 MAXIMUM TEMPERATURE (F)   92       103      1952
 MINIMUM TEMPERATURE (F)   72        62      1990


SUNRISE AND SUNSET
JUNE 27 2017..........SUNRISE   634 AM EDT   SUNSET   846 PM EDT
JUNE 28 2017..........SUNRISE   634 AM EDT   SUNSET   846 PM EDT


-  INDICATES NEGATIVE NUMBERS.
R  INDICATES RECORD WAS SET OR TIED.
MM INDICATES DATA IS MISSING.
T  INDICATES TRACE AMOUNT.




$$
