000
CDUS42 KTAE 040620
CLIABY


CLIMATE REPORT
NATIONAL WEATHER SERVICE TALLAHASSEE FL
218 AM EDT FRI SEP 4 2015

...................................

...THE ALBANY CLIMATE SUMMARY FOR SEPTEMBER 3 2015...

CLIMATE NORMAL PERIOD 1981 TO 2010
CLIMATE RECORD PERIOD 1930 TO 2015


WEATHER ITEM   OBSERVED TIME   RECORD YEAR NORMAL DEPARTURE LAST
                VALUE   (LST)  VALUE       VALUE  FROM      YEAR
                                                  NORMAL
..................................................................
TEMPERATURE (F)
 YESTERDAY
  MAXIMUM         92    422 PM 100    1940  91      1       95
  MINIMUM         74    624 AM  60    1934  71      3       71
  AVERAGE         83                        81      2       83

PRECIPITATION (IN)
  YESTERDAY        T                         0.17  -0.17     1.37
  MONTH TO DATE    0.10                      0.52  -0.42     1.37
  SINCE SEP 1      0.10                      0.52  -0.42     1.37
  SINCE JAN 1     31.28                     36.12  -4.84    26.50

SNOWFALL (IN)
  YESTERDAY        0.0

DEGREE DAYS
 HEATING
  YESTERDAY        0                         0      0        0
  MONTH TO DATE    0                         0      0        0
  SINCE SEP 1      0                         0      0        0
  SINCE JUL 1      0                         0      0        0

 COOLING
  YESTERDAY       18                        16      2       18
  MONTH TO DATE   54                        48      6       57
  SINCE SEP 1     54                        48      6       57
  SINCE JAN 1   2307                      2021    286     1990
..................................................................


WIND (MPH)
  HIGHEST WIND SPEED     9   HIGHEST WIND DIRECTION    NW (310)
  HIGHEST GUST SPEED    12   HIGHEST GUST DIRECTION    SW (230)
  AVERAGE WIND SPEED     2.8




RELATIVE HUMIDITY (PERCENT)
 HIGHEST    88
 LOWEST     56
 AVERAGE    72

..........................................................


THE ALBANY CLIMATE NORMALS FOR TODAY
                         NORMAL    RECORD    YEAR
 MAXIMUM TEMPERATURE (F)   91       100      1944
 MINIMUM TEMPERATURE (F)   70        62      1952


SUNRISE AND SUNSET
SEPTEMBER  4 2015.....SUNRISE   714 AM EDT   SUNSET   757 PM EDT
SEPTEMBER  5 2015.....SUNRISE   715 AM EDT   SUNSET   756 PM EDT


-  INDICATES NEGATIVE NUMBERS.
R  INDICATES RECORD WAS SET OR TIED.
MM INDICATES DATA IS MISSING.
T  INDICATES TRACE AMOUNT.

$$
