000
CDUS44 KFWD 220650
CLIACT

CLIMATE REPORT
NATIONAL WEATHER SERVICE FORT WORTH TX
150 AM CDT FRI AUG 22 2014


...................................

...THE WACO CLIMATE SUMMARY FOR AUGUST 21 2014...

CLIMATE NORMAL PERIOD 1981 TO 2010
CLIMATE RECORD PERIOD 1901 TO 2014


WEATHER ITEM   OBSERVED TIME   RECORD YEAR NORMAL DEPARTURE LAST
                VALUE   (LST)  VALUE       VALUE  FROM      YEAR
                                                  NORMAL
..................................................................
TEMPERATURE (F)
 YESTERDAY
  MAXIMUM        101    322 PM 106    1948  97      4       94
  MINIMUM         78    620 AM  61    1992  74      4       72
                                      1940
  AVERAGE         90                        85      5       83

PRECIPITATION (IN)
  YESTERDAY        0.00          1.96 1960   0.07  -0.07     0.00
  MONTH TO DATE    0.46                      1.27  -0.81     0.02
  SINCE JUN 1      8.92                      6.49   2.43     7.14
  SINCE JAN 1     20.06                     21.38  -1.32    21.23

DEGREE DAYS
 HEATING
  YESTERDAY        0                         0      0        0
  MONTH TO DATE    0                         0      0        0
  SINCE JUN 1      0                         0      0        0
  SINCE JUL 1      0                         0      0        0

 COOLING
  YESTERDAY       25                        20      5       18
  MONTH TO DATE  430                       437     -7      430
  SINCE JUN 1   1474                      1551    -77     1580
  SINCE JAN 1   1861                      2003   -142     1997
..................................................................


WIND (MPH)
  HIGHEST WIND SPEED    28   HIGHEST WIND DIRECTION     S (170)
  HIGHEST GUST SPEED    35   HIGHEST GUST DIRECTION     S (170)
  AVERAGE WIND SPEED    16.6


SKY COVER
  POSSIBLE SUNSHINE  MM
  AVERAGE SKY COVER 0.1


WEATHER CONDITIONS
 THE FOLLOWING WEATHER WAS RECORDED YESTERDAY.
  NO SIGNIFICANT WEATHER WAS OBSERVED.


RELATIVE HUMIDITY (PERCENT)
 HIGHEST    85           300 AM
 LOWEST     29           300 PM
 AVERAGE    57

..........................................................


THE WACO CLIMATE NORMALS FOR TODAY
                         NORMAL    RECORD    YEAR
 MAXIMUM TEMPERATURE (F)   96       107      1980
 MINIMUM TEMPERATURE (F)   73        63      1992
                                             1940


SUNRISE AND SUNSET
AUGUST 22 2014........SUNRISE   658 AM CDT   SUNSET   804 PM CDT
AUGUST 23 2014........SUNRISE   659 AM CDT   SUNSET   803 PM CDT


-  INDICATES NEGATIVE NUMBERS.
R  INDICATES RECORD WAS SET OR TIED.
MM INDICATES DATA IS MISSING.
T  INDICATES TRACE AMOUNT.




$$
