000
CDUS44 KFWD 280642
CLIACT


CLIMATE REPORT
NATIONAL WEATHER SERVICE FORT WORTH TX
141 AM CDT SUN MAY 28 2017

...THE WACO CLIMATE SUMMARY FOR MAY 27 2017...

CLIMATE NORMAL PERIOD 1981 TO 2010
CLIMATE RECORD PERIOD 1901 TO 2017


WEATHER ITEM   OBSERVED TIME   RECORD YEAR NORMAL DEPARTURE LAST
                VALUE   (LST)  VALUE       VALUE  FROM      YEAR
                                                  NORMAL
..................................................................
TEMPERATURE (F)
 YESTERDAY
  MAXIMUM         92    450 PM 100    1928  88      4       80
  MINIMUM         77    711 AM  55    1961  67     10       62
  AVERAGE         85                        77      8       71

PRECIPITATION (IN)
  YESTERDAY        T             2.54 2007   0.15  -0.15     1.44
  MONTH TO DATE    2.47                      3.72  -1.25     7.48
  SINCE MAR 1     12.82                      9.56   3.26    19.36
  SINCE JAN 1     18.98                     14.31   4.67    21.81

DEGREE DAYS
 HEATING
  YESTERDAY        0                         0      0        0
  MONTH TO DATE    3                         4     -1       11
  SINCE MAR 1    159                       328   -169      214
  SINCE JUL 1   1335                      2140   -805     1691

 COOLING
  YESTERDAY       20                        12      8        6
  MONTH TO DATE  228                       246    -18      191
  SINCE MAR 1    459                       391     68      327
  SINCE JAN 1    517                       400    117      335
..................................................................


WIND (MPH)
  HIGHEST WIND SPEED    22   HIGHEST WIND DIRECTION     S (180)
  HIGHEST GUST SPEED    31   HIGHEST GUST DIRECTION     S (190)
  AVERAGE WIND SPEED    14.2


SKY COVER
  POSSIBLE SUNSHINE  MM
  AVERAGE SKY COVER 0.8


WEATHER CONDITIONS
 THE FOLLOWING WEATHER WAS RECORDED YESTERDAY.
  LIGHT RAIN
  FOG
  HAZE


RELATIVE HUMIDITY (PERCENT)
 HIGHEST    94           500 AM
 LOWEST     60           500 PM
 AVERAGE    77

..........................................................


THE WACO CLIMATE NORMALS FOR TODAY
                         NORMAL    RECORD    YEAR
 MAXIMUM TEMPERATURE (F)   88       100      2011
 MINIMUM TEMPERATURE (F)   67        53      2003


SUNRISE AND SUNSET
MAY 28 2017...........SUNRISE   626 AM CDT   SUNSET   827 PM CDT
MAY 29 2017...........SUNRISE   625 AM CDT   SUNSET   828 PM CDT


-  INDICATES NEGATIVE NUMBERS.
R  INDICATES RECORD WAS SET OR TIED.
MM INDICATES DATA IS MISSING.
T  INDICATES TRACE AMOUNT.




$$
