000
CDUS44 KFWD 300645
CLIACT


CLIMATE REPORT
NATIONAL WEATHER SERVICE FORT WORTH TX
145 AM CDT SAT MAY 30 2015


...................................

...THE WACO CLIMATE SUMMARY FOR MAY 29 2015...

CLIMATE NORMAL PERIOD 1981 TO 2010
CLIMATE RECORD PERIOD 1901 TO 2015


WEATHER ITEM   OBSERVED TIME   RECORD YEAR NORMAL DEPARTURE LAST
                VALUE   (LST)  VALUE       VALUE  FROM      YEAR
                                                  NORMAL
..................................................................
TEMPERATURE (F)
 YESTERDAY
  MAXIMUM         87    327 PM  99    2010  88     -1       87
                                      1996
                                      1912
  MINIMUM         65    628 AM  50    1947  67     -2       64
  AVERAGE         76                        78     -2       76

PRECIPITATION (IN)
  YESTERDAY        0.61          2.40 1929   0.14   0.47     0.00
  MONTH TO DATE    9.07                      4.01   5.06     7.75
  SINCE MAR 1     16.41                      9.85   6.56    10.38
  SINCE JAN 1     21.14                     14.60   6.54    11.14

DEGREE DAYS
 HEATING
  YESTERDAY        0                         0      0        0
  MONTH TO DATE    2                         4     -2       18
  SINCE MAR 1    352                       328     24      468
  SINCE JUL 1   2306                      2140    166     2611

 COOLING
  YESTERDAY       11                        13     -2       11
  MONTH TO DATE  255                       272    -17      232
  SINCE MAR 1    416                       417     -1      361
  SINCE JAN 1    416                       426    -10      361
..................................................................


WIND (MPH)
  HIGHEST WIND SPEED    25   HIGHEST WIND DIRECTION    NW (330)
  HIGHEST GUST SPEED    34   HIGHEST GUST DIRECTION    NW (330)
  AVERAGE WIND SPEED     7.1


SKY COVER
  POSSIBLE SUNSHINE  MM
  AVERAGE SKY COVER 0.3


WEATHER CONDITIONS
 THE FOLLOWING WEATHER WAS RECORDED YESTERDAY.
  THUNDERSTORM
  HEAVY RAIN
  RAIN
  LIGHT RAIN
  FOG
  HAZE


RELATIVE HUMIDITY (PERCENT)
 HIGHEST   100           300 AM
 LOWEST     48           400 PM
 AVERAGE    74

..........................................................


THE WACO CLIMATE NORMALS FOR TODAY
                         NORMAL    RECORD    YEAR
 MAXIMUM TEMPERATURE (F)   88       100      1985
 MINIMUM TEMPERATURE (F)   68        50      1984


SUNRISE AND SUNSET
MAY 30 2015...........SUNRISE   625 AM CDT   SUNSET   828 PM CDT
MAY 31 2015...........SUNRISE   625 AM CDT   SUNSET   828 PM CDT


-  INDICATES NEGATIVE NUMBERS.
R  INDICATES RECORD WAS SET OR TIED.
MM INDICATES DATA IS MISSING.
T  INDICATES TRACE AMOUNT.




$$
