000
CDUS44 KFWD 290643
CLIACT


CLIMATE REPORT
NATIONAL WEATHER SERVICE FORT WORTH TX
143 AM CDT SAT AUG 29 2015


...................................

...THE WACO CLIMATE SUMMARY FOR AUGUST 28 2015...

CLIMATE NORMAL PERIOD 1981 TO 2010
CLIMATE RECORD PERIOD 1901 TO 2015


WEATHER ITEM   OBSERVED TIME   RECORD YEAR NORMAL DEPARTURE LAST
                VALUE   (LST)  VALUE       VALUE  FROM      YEAR
                                                  NORMAL
..................................................................
TEMPERATURE (F)
 YESTERDAY
  MAXIMUM         97    300 PM 109    2011  95      2       98
  MINIMUM         68    621 AM  53    1992  72     -4       70
  AVERAGE         83                        84     -1       84

PRECIPITATION (IN)
  YESTERDAY        0.00          2.02 2001   0.09  -0.09     0.00
  MONTH TO DATE    0.77                      1.79  -1.02     0.46
  SINCE JUN 1      6.74                      7.01  -0.27     8.92
  SINCE JAN 1     28.08                     21.90   6.18    20.06

DEGREE DAYS
 HEATING
  YESTERDAY        0                         0      0        0
  MONTH TO DATE    0                         0      0        0
  SINCE JUN 1      0                         0      0        0
  SINCE JUL 1      0                         0      0        0

 COOLING
  YESTERDAY       18                        19     -1       19
  MONTH TO DATE  612                       573     39      586
  SINCE JUN 1   1765                      1687     78     1630
  SINCE JAN 1   2200                      2139     61     2017
..................................................................


WIND (MPH)
  HIGHEST WIND SPEED    14   HIGHEST WIND DIRECTION     S (170)
  HIGHEST GUST SPEED    17   HIGHEST GUST DIRECTION     S (180)
  AVERAGE WIND SPEED     7.2


SKY COVER
  POSSIBLE SUNSHINE  MM
  AVERAGE SKY COVER 0.0


WEATHER CONDITIONS
 THE FOLLOWING WEATHER WAS RECORDED YESTERDAY.
  NO SIGNIFICANT WEATHER WAS OBSERVED.


RELATIVE HUMIDITY (PERCENT)
 HIGHEST    73           600 AM
 LOWEST     28           500 PM
 AVERAGE    51

..........................................................


THE WACO CLIMATE NORMALS FOR TODAY
                         NORMAL    RECORD    YEAR
 MAXIMUM TEMPERATURE (F)   95       106      2011
 MINIMUM TEMPERATURE (F)   72        59      1992


SUNRISE AND SUNSET
AUGUST 29 2015........SUNRISE   703 AM CDT   SUNSET   757 PM CDT
AUGUST 30 2015........SUNRISE   703 AM CDT   SUNSET   755 PM CDT


-  INDICATES NEGATIVE NUMBERS.
R  INDICATES RECORD WAS SET OR TIED.
MM INDICATES DATA IS MISSING.
T  INDICATES TRACE AMOUNT.




$$
