000
CDUS44 KFWD 232254 AAA
CLIACT

CLIMATE REPORT...UPDATED
NATIONAL WEATHER SERVICE FORT WORTH TX
555 PM CDT TUE SEP 23 2014

UPDATED TODAY/S HIGH TEMPERATURE.

...................................

...THE WACO CLIMATE SUMMARY FOR SEPTEMBER 23 2014...
VALID AS OF 0550 PM LOCAL TIME.

CLIMATE NORMAL PERIOD 1981 TO 2010
CLIMATE RECORD PERIOD 1901 TO 2014


WEATHER ITEM   OBSERVED TIME   RECORD YEAR NORMAL DEPARTURE LAST
                VALUE   (LST)  VALUE       VALUE  FROM      YEAR
                                                  NORMAL
..................................................................
TEMPERATURE (F)
 TODAY
  MAXIMUM         85    443 PM  99    2005  87     -2       87
                                      2000
  MINIMUM         57    634 AM  45    1999  64     -7       57
  AVERAGE         71

PRECIPITATION (IN)
  TODAY            0.00          1.13 1928   0.11  -0.11     0.00
  MONTH TO DATE    1.28                      2.33  -1.05     3.64
  SINCE SEP 1      1.28                      2.33  -1.05     3.64
  SINCE JAN 1     21.86                     24.49  -2.63    25.07

..................................................................


WIND (MPH)
  HIGHEST WIND SPEED     9   HIGHEST WIND DIRECTION    NE (50)
  HIGHEST GUST SPEED    14   HIGHEST GUST DIRECTION     S (160)
  AVERAGE WIND SPEED     4.6




..........................................................


THE WACO CLIMATE NORMALS FOR TOMORROW
                         NORMAL    RECORD    YEAR
 MAXIMUM TEMPERATURE (F)   87       102      1977
 MINIMUM TEMPERATURE (F)   63        46      1989


SUNRISE AND SUNSET
SEPTEMBER 23 2014.....SUNRISE   718 AM CDT   SUNSET   724 PM CDT
SEPTEMBER 24 2014.....SUNRISE   718 AM CDT   SUNSET   723 PM CDT


-  INDICATES NEGATIVE NUMBERS.
R  INDICATES RECORD WAS SET OR TIED.
MM INDICATES DATA IS MISSING.
T  INDICATES TRACE AMOUNT.




$$

58
