000
CDUS41 KPHI 250631
CLIACY


CLIMATE REPORT
NATIONAL WEATHER SERVICE MOUNT HOLLY NJ
130 AM EST SUN JAN 25 2015


...................................

...THE ATLANTIC CITY NJ CLIMATE SUMMARY FOR JANUARY 24 2015...

CLIMATE NORMAL PERIOD 1981 TO 2010
CLIMATE RECORD PERIOD 1874 TO 2015


WEATHER ITEM   OBSERVED TIME   RECORD YEAR NORMAL DEPARTURE LAST
                VALUE   (LST)  VALUE       VALUE  FROM      YEAR
                                                  NORMAL
..................................................................
TEMPERATURE (F)
 YESTERDAY
  MAXIMUM         38    157 PM  78    1967  41     -3       19
  MINIMUM         33   1248 AM   0    1882  24      9        8
  AVERAGE         36                        33      3       14

PRECIPITATION (IN)
  YESTERDAY        1.39          1.47 1884   0.10   1.29     0.00
  MONTH TO DATE    5.00                      2.52   2.48     2.77
  SINCE DEC 1     10.53                      6.21   4.32     8.83
  SINCE JAN 1      5.00                      2.52   2.48     2.77

SNOWFALL (IN)
  YESTERDAY        T             5.0  1948   0.1   -0.1      0.0
                                      2005
                                      2003
  MONTH TO DATE    3.6                       3.1    0.5     10.5
  SINCE DEC 1      4.0                       6.8   -2.8     13.8
  SINCE JUL 1      4.0                       7.0   -3.0     13.8
  SNOW DEPTH       0

DEGREE DAYS
 HEATING
  YESTERDAY       29                        32     -3       51
  MONTH TO DATE  821                       766     55      853
  SINCE DEC 1   1590                      1628    -38     1650
  SINCE JUL 1   2497                      2535    -38     2653

 COOLING
  YESTERDAY        0                         0      0        0
  MONTH TO DATE    0                         0      0        0
  SINCE DEC 1      0                         0      0        0
  SINCE JAN 1      0                         0      0        0
..................................................................


WIND (MPH)
  HIGHEST WIND SPEED    21   HIGHEST WIND DIRECTION    NW (320)
  HIGHEST GUST SPEED    28   HIGHEST GUST DIRECTION    NW (310)
  AVERAGE WIND SPEED    13.1


SKY COVER
  POSSIBLE SUNSHINE  MM
  AVERAGE SKY COVER 0.8


WEATHER CONDITIONS
 THE FOLLOWING WEATHER WAS RECORDED YESTERDAY.
  HEAVY RAIN
  RAIN
  LIGHT RAIN
  LIGHT SNOW
  FOG


RELATIVE HUMIDITY (PERCENT)
 HIGHEST   100          1200 AM
 LOWEST     75          1100 PM
 AVERAGE    88

..........................................................


THE ATLANTIC CITY NJ CLIMATE NORMALS FOR TODAY
                         NORMAL    RECORD    YEAR
 MAXIMUM TEMPERATURE (F)   41        72      1967
 MINIMUM TEMPERATURE (F)   25         4      2004
                                             1961
                                             1945


SUNRISE AND SUNSET
JANUARY 25 2015.......SUNRISE   711 AM EST   SUNSET   510 PM EST
JANUARY 26 2015.......SUNRISE   711 AM EST   SUNSET   511 PM EST


-  INDICATES NEGATIVE NUMBERS.
R  INDICATES RECORD WAS SET OR TIED.
MM INDICATES DATA IS MISSING.
T  INDICATES TRACE AMOUNT.




$$
