689
CDUS41 KPHI 202128
CLIACY


CLIMATE REPORT
NATIONAL WEATHER SERVICE MOUNT HOLLY NJ
527 PM EDT SUN AUG 20 2017


...................................

...THE ATLANTIC CITY NJ CLIMATE SUMMARY FOR AUGUST 20 2017...
VALID TODAY AS OF 0500 PM LOCAL TIME.

CLIMATE NORMAL PERIOD 1981 TO 2010
CLIMATE RECORD PERIOD 1874 TO 2017


WEATHER ITEM   OBSERVED TIME   RECORD YEAR NORMAL DEPARTURE LAST
                VALUE   (LST)  VALUE       VALUE  FROM      YEAR
                                                  NORMAL
..................................................................
TEMPERATURE (F)
 TODAY
  MAXIMUM         85    358 PM  98    1983  83      2       87
  MINIMUM         66    551 AM  49    1976  65      1       68
  AVERAGE         76                        74      2       78

PRECIPITATION (IN)
  TODAY            0.00         11.10 1997   0.14  -0.14     0.00
  MONTH TO DATE    3.11                      2.81   0.30     0.94
  SINCE JUN 1     15.79                      9.64   6.15    12.08
  SINCE JAN 1     37.45                     26.92  10.53    32.14

SNOWFALL (IN)
  TODAY            0.0           0.0    MM   0.0    0.0      0.0
  MONTH TO DATE    0.0                       0.0    0.0      0.0
  SINCE JUN 1      0.0                       0.0    0.0      0.0
  SINCE JUL 1      0.0                       0.0    0.0      0.0
  SNOW DEPTH       0

DEGREE DAYS
 HEATING
  TODAY            0                         0      0        0
  MONTH TO DATE    0                         0      0        0
  SINCE JUN 1     24                        27     -3        4
  SINCE JUL 1      0                         0      0        0

 COOLING
  TODAY           11                         9      2       13
  MONTH TO DATE  209                       205      4      298
  SINCE JUN 1    857                       755    102      902
  SINCE JAN 1    942                       819    123      981
..................................................................


WIND (MPH)
  HIGHEST WIND SPEED    14   HIGHEST WIND DIRECTION     W (290)
  HIGHEST GUST SPEED    20   HIGHEST GUST DIRECTION     W (290)
  AVERAGE WIND SPEED     8.9


SKY COVER
  POSSIBLE SUNSHINE  MM
  AVERAGE SKY COVER 0.0


WEATHER CONDITIONS
 THE FOLLOWING WEATHER WAS RECORDED TODAY.
  NO SIGNIFICANT WEATHER WAS OBSERVED.


RELATIVE HUMIDITY (PERCENT)
 HIGHEST    81           500 AM
 LOWEST     44           200 PM
 AVERAGE    63

..........................................................


THE ATLANTIC CITY NJ CLIMATE NORMALS FOR TOMORROW
                         NORMAL    RECORD    YEAR
 MAXIMUM TEMPERATURE (F)   83        94      2005
 MINIMUM TEMPERATURE (F)   65        49      1995


SUNRISE AND SUNSET
AUGUST 20 2017........SUNRISE   616 AM EDT   SUNSET   747 PM EDT
AUGUST 21 2017........SUNRISE   617 AM EDT   SUNSET   745 PM EDT


-  INDICATES NEGATIVE NUMBERS.
R  INDICATES RECORD WAS SET OR TIED.
MM INDICATES DATA IS MISSING.
T  INDICATES TRACE AMOUNT.




$$
