000
CDUS41 KPHI 292127
CLIACY


CLIMATE REPORT
NATIONAL WEATHER SERVICE MOUNT HOLLY NJ
526 PM EDT WED MAR 29 2017


...................................

...THE ATLANTIC CITY NJ CLIMATE SUMMARY FOR MARCH 29 2017...
VALID TODAY AS OF 0500 PM LOCAL TIME.

CLIMATE NORMAL PERIOD 1981 TO 2010
CLIMATE RECORD PERIOD 1874 TO 2017


WEATHER ITEM   OBSERVED TIME   RECORD YEAR NORMAL DEPARTURE LAST
                VALUE   (LST)  VALUE       VALUE  FROM      YEAR
                                                  NORMAL
..................................................................
TEMPERATURE (F)
 TODAY
  MAXIMUM         63    335 PM  83    1998  56      7       59
  MINIMUM         43    246 AM  15    1923  37      6       40
  AVERAGE         53                        46      7       50

PRECIPITATION (IN)
  TODAY            0.00          2.69 2010   0.14  -0.14     0.00
  MONTH TO DATE    4.16                      3.93   0.23     3.12
  SINCE MAR 1      4.16                      3.93   0.23     3.12
  SINCE JAN 1      9.71                     10.02  -0.31    10.47

SNOWFALL (IN)
  TODAY            0.0           0.1  1887   0.0    0.0      0.0
                                      1974
                                      1970
  MONTH TO DATE    0.2                       1.1   -0.9      5.1
  SINCE MAR 1      0.2                       1.1   -0.9      5.1
  SINCE JUL 1      7.7                      16.2   -8.5     25.7
  SNOW DEPTH       0

DEGREE DAYS
 HEATING
  TODAY           12                        19     -7       15
  MONTH TO DATE  676                       669      7      500
  SINCE MAR 1    676                       669      7      500
  SINCE JUL 1   3672                      4260   -588     3381

 COOLING
  TODAY            0                         0      0        0
  MONTH TO DATE    0                         0      0        3
  SINCE MAR 1      0                         0      0        3
  SINCE JAN 1      0                         0      0        3
..................................................................


WIND (MPH)
  HIGHEST WIND SPEED    18   HIGHEST WIND DIRECTION     N (340)
  HIGHEST GUST SPEED    29   HIGHEST GUST DIRECTION     N (340)
  AVERAGE WIND SPEED    10.8


SKY COVER
  POSSIBLE SUNSHINE  MM
  AVERAGE SKY COVER 0.7


WEATHER CONDITIONS
 THE FOLLOWING WEATHER WAS RECORDED TODAY.
  FOG


RELATIVE HUMIDITY (PERCENT)
 HIGHEST    93          1200 AM
 LOWEST     34           300 PM
 AVERAGE    64

..........................................................


THE ATLANTIC CITY NJ CLIMATE NORMALS FOR TOMORROW
                         NORMAL    RECORD    YEAR
 MAXIMUM TEMPERATURE (F)   56        87      1998
 MINIMUM TEMPERATURE (F)   37        18      1887


SUNRISE AND SUNSET
MARCH 29 2017.........SUNRISE   647 AM EDT   SUNSET   719 PM EDT
MARCH 30 2017.........SUNRISE   645 AM EDT   SUNSET   720 PM EDT


-  INDICATES NEGATIVE NUMBERS.
R  INDICATES RECORD WAS SET OR TIED.
MM INDICATES DATA IS MISSING.
T  INDICATES TRACE AMOUNT.




$$
