000
CDUS41 KPHI 182134
CLIACY


CLIMATE REPORT
NATIONAL WEATHER SERVICE MOUNT HOLLY NJ
434 PM EST THU JAN 18 2018


...................................

...THE ATLANTIC CITY NJ CLIMATE SUMMARY FOR JANUARY 18 2018...
VALID TODAY AS OF 0400 PM LOCAL TIME.

CLIMATE NORMAL PERIOD 1981 TO 2010
CLIMATE RECORD PERIOD 1874 TO 2018


WEATHER ITEM   OBSERVED TIME   RECORD YEAR NORMAL DEPARTURE LAST
                VALUE   (LST)  VALUE       VALUE  FROM      YEAR
                                                  NORMAL
..................................................................
TEMPERATURE (F)
 TODAY
  MAXIMUM         37    304 PM  67    1990  41     -4       47
                                      1986
  MINIMUM         19    728 AM  -9    1977  24     -5       33
  AVERAGE         28                        33     -5       40

PRECIPITATION (IN)
  TODAY            0.00          1.40 2015   0.11  -0.11     0.01
  MONTH TO DATE    1.44                      1.91  -0.47     2.25
  SINCE DEC 1      2.99                      5.60  -2.61     5.54
  SINCE JAN 1      1.44                      1.91  -0.47     2.25

SNOWFALL (IN)
  TODAY            0.0           3.0  1948   0.1   -0.1      0.0
  MONTH TO DATE   14.2                       2.2   12.0      7.0
  SINCE DEC 1     24.2                       5.9   18.3      7.0
  SINCE JUL 1     24.2                       6.1   18.1      7.0
  SNOW DEPTH       0

DEGREE DAYS
 HEATING
  TODAY           37                        32      5       25
  MONTH TO DATE  681                       574    107      511
  SINCE DEC 1   1592                      1436    156     1325
  SINCE JUL 1   2295                      2343    -48     2072

 COOLING
  TODAY            0                         0      0        0
  MONTH TO DATE    0                         0      0        0
  SINCE DEC 1      0                         0      0        0
  SINCE JAN 1      0                         0      0        0
..................................................................


WIND (MPH)
  HIGHEST WIND SPEED    24   HIGHEST WIND DIRECTION    NW (320)
  HIGHEST GUST SPEED    31   HIGHEST GUST DIRECTION    NW (320)
  AVERAGE WIND SPEED    15.8


SKY COVER
  POSSIBLE SUNSHINE  MM
  AVERAGE SKY COVER 0.0


WEATHER CONDITIONS
 THE FOLLOWING WEATHER WAS RECORDED TODAY.
  NO SIGNIFICANT WEATHER WAS OBSERVED.


RELATIVE HUMIDITY (PERCENT)
 HIGHEST    68           200 AM
 LOWEST     32           300 PM
 AVERAGE    50

..........................................................


THE ATLANTIC CITY NJ CLIMATE NORMALS FOR TOMORROW
                         NORMAL    RECORD    YEAR
 MAXIMUM TEMPERATURE (F)   41        64      1929
 MINIMUM TEMPERATURE (F)   24        -3      1994


SUNRISE AND SUNSET
JANUARY 18 2018.......SUNRISE   715 AM EST   SUNSET   502 PM EST
JANUARY 19 2018.......SUNRISE   715 AM EST   SUNSET   503 PM EST


-  INDICATES NEGATIVE NUMBERS.
R  INDICATES RECORD WAS SET OR TIED.
MM INDICATES DATA IS MISSING.
T  INDICATES TRACE AMOUNT.




$$
