000
CDUS41 KPHI 240627
CLIACY


CLIMATE REPORT
NATIONAL WEATHER SERVICE MOUNT HOLLY NJ
227 AM EDT WED MAY 24 2017


...................................

...THE ATLANTIC CITY NJ CLIMATE SUMMARY FOR MAY 23 2017...

CLIMATE NORMAL PERIOD 1981 TO 2010
CLIMATE RECORD PERIOD 1874 TO 2017


WEATHER ITEM   OBSERVED TIME   RECORD YEAR NORMAL DEPARTURE LAST
                VALUE   (LST)  VALUE       VALUE  FROM      YEAR
                                                  NORMAL
..................................................................
TEMPERATURE (F)
 YESTERDAY
  MAXIMUM         69   1045 AM  95    1925  73     -4       69
  MINIMUM         57   1159 PM  39    1981  53      4       54
  AVERAGE         63                        63      0       62

PRECIPITATION (IN)
  YESTERDAY        0.05          0.87 1985   0.12  -0.07     0.15
  MONTH TO DATE    6.12                      2.42   3.70     4.76
  SINCE MAR 1     14.71                     10.26   4.45    10.79
  SINCE JAN 1     20.26                     16.35   3.91    18.14

SNOWFALL (IN)
  YESTERDAY        0.0           0.0    MM   0.0    0.0      0.0
  MONTH TO DATE    0.0                       0.0    0.0      0.0
  SINCE MAR 1      0.2                       1.4   -1.2      6.9
  SINCE JUL 1      7.7                      16.5   -8.8     27.5
  SNOW DEPTH       0

DEGREE DAYS
 HEATING
  YESTERDAY        2                         4     -2        3
  MONTH TO DATE  141                       149     -8      194
  SINCE MAR 1   1109                      1262   -153     1169
  SINCE JUL 1   4105                      4853   -748     4050

 COOLING
  YESTERDAY        0                         2     -2        0
  MONTH TO DATE   46                        32     14        0
  SINCE MAR 1     78                        41     37       14
  SINCE JAN 1     78                        41     37       14
..................................................................


WIND (MPH)
  HIGHEST WIND SPEED    16   HIGHEST WIND DIRECTION     E (70)
  HIGHEST GUST SPEED    21   HIGHEST GUST DIRECTION    NE (60)
  AVERAGE WIND SPEED     7.7


SKY COVER
  POSSIBLE SUNSHINE  MM
  AVERAGE SKY COVER 0.4


WEATHER CONDITIONS
 THE FOLLOWING WEATHER WAS RECORDED YESTERDAY.
  LIGHT RAIN
  FOG


RELATIVE HUMIDITY (PERCENT)
 HIGHEST   100           100 AM
 LOWEST     52           100 PM
 AVERAGE    76

..........................................................


THE ATLANTIC CITY NJ CLIMATE NORMALS FOR TODAY
                         NORMAL    RECORD    YEAR
 MAXIMUM TEMPERATURE (F)   74        94      1964
 MINIMUM TEMPERATURE (F)   54        38      1963


SUNRISE AND SUNSET
MAY 24 2017...........SUNRISE   537 AM EDT   SUNSET   813 PM EDT
MAY 25 2017...........SUNRISE   537 AM EDT   SUNSET   814 PM EDT


-  INDICATES NEGATIVE NUMBERS.
R  INDICATES RECORD WAS SET OR TIED.
MM INDICATES DATA IS MISSING.
T  INDICATES TRACE AMOUNT.




$$
