000
CDUS41 KPHI 232129
CLIACY


CLIMATE REPORT
NATIONAL WEATHER SERVICE MOUNT HOLLY NJ
527 PM EDT MON OCT 23 2017


...................................

...THE ATLANTIC CITY NJ CLIMATE SUMMARY FOR OCTOBER 23 2017...
VALID TODAY AS OF 0500 PM LOCAL TIME.

CLIMATE NORMAL PERIOD 1981 TO 2010
CLIMATE RECORD PERIOD 1874 TO 2017


WEATHER ITEM   OBSERVED TIME   RECORD YEAR NORMAL DEPARTURE LAST
                VALUE   (LST)  VALUE       VALUE  FROM      YEAR
                                                  NORMAL
..................................................................
TEMPERATURE (F)
 TODAY
  MAXIMUM         75    116 PM  79    2007  64     11       65
  MINIMUM         58    243 AM  27    1997  43     15       45
                                      1969
  AVERAGE         67                        54     13       55

PRECIPITATION (IN)
  TODAY            0.00          3.11 1883   0.11  -0.11     0.00
  MONTH TO DATE    0.90                      2.52  -1.62     2.75
  SINCE SEP 1      4.95                      5.67  -0.72     8.04
  SINCE JAN 1     43.52                     33.89   9.63    40.34

SNOWFALL (IN)
  TODAY            0.0           0.0    MM   0.0    0.0      0.0
  MONTH TO DATE    0.0                       0.0    0.0      0.0
  SINCE SEP 1      0.0                       0.0    0.0      0.0
  SINCE JUL 1      0.0                       0.0    0.0      0.0
  SNOW DEPTH       0

DEGREE DAYS
 HEATING
  TODAY            0                        12    -12       10
  MONTH TO DATE   76                       194   -118      122
  SINCE SEP 1     95                       253   -158      137
  SINCE JUL 1     95                       256   -161      137

 COOLING
  TODAY            2                         0      2        0
  MONTH TO DATE   69                        16     53       26
  SINCE SEP 1    242                       141    101      231
  SINCE JAN 1   1259                      1050    209     1334
..................................................................


WIND (MPH)
  HIGHEST WIND SPEED    20   HIGHEST WIND DIRECTION    SE (150)
  HIGHEST GUST SPEED    32   HIGHEST GUST DIRECTION    SE (150)
  AVERAGE WIND SPEED     9.2


SKY COVER
  POSSIBLE SUNSHINE  MM
  AVERAGE SKY COVER 0.5


WEATHER CONDITIONS
 THE FOLLOWING WEATHER WAS RECORDED TODAY.
  FOG


RELATIVE HUMIDITY (PERCENT)
 HIGHEST   100           100 AM
 LOWEST     73          1000 AM
 AVERAGE    87

..........................................................


THE ATLANTIC CITY NJ CLIMATE NORMALS FOR TOMORROW
                         NORMAL    RECORD    YEAR
 MAXIMUM TEMPERATURE (F)   64        81      2001
 MINIMUM TEMPERATURE (F)   43        23      1969


SUNRISE AND SUNSET
OCTOBER 23 2017.......SUNRISE   717 AM EDT   SUNSET   608 PM EDT
OCTOBER 24 2017.......SUNRISE   718 AM EDT   SUNSET   606 PM EDT


-  INDICATES NEGATIVE NUMBERS.
R  INDICATES RECORD WAS SET OR TIED.
MM INDICATES DATA IS MISSING.
T  INDICATES TRACE AMOUNT.




$$
