000
CDUS41 KPHI 060636
CLIACY


CLIMATE REPORT
NATIONAL WEATHER SERVICE MOUNT HOLLY NJ
131 AM EST FRI MAR 6 2015


...................................

...THE ATLANTIC CITY NJ CLIMATE SUMMARY FOR MARCH 5 2015...

CLIMATE NORMAL PERIOD 1981 TO 2010
CLIMATE RECORD PERIOD 1874 TO 2015


WEATHER ITEM   OBSERVED TIME   RECORD YEAR NORMAL DEPARTURE LAST
                VALUE   (LST)  VALUE       VALUE  FROM      YEAR
                                                  NORMAL
..................................................................
TEMPERATURE (F)
 YESTERDAY
  MAXIMUM         42   1217 AM  75    1976  49     -7       41
                                      1961
  MINIMUM         20   1159 PM  10    2009  30    -10       16
                                      1978
  AVERAGE         31                        39     -8       29

PRECIPITATION (IN)
  YESTERDAY        2.40R         2.03 1902   0.13   2.27     0.00
  MONTH TO DATE    3.75                      0.63   3.12     0.65
  SINCE MAR 1      3.75                      0.63   3.12     0.65
  SINCE JAN 1     11.81                      6.72   5.09     9.20

SNOWFALL (IN)
  YESTERDAY        7.0 R         0.3  1960   0.1    6.9      0.0
  MONTH TO DATE    7.1                       0.4    6.7      5.5
  SINCE MAR 1      7.1                       0.4    6.7      5.5
  SINCE JUL 1     22.1                      15.5    6.6     33.7
  SNOW DEPTH       0

DEGREE DAYS
 HEATING
  YESTERDAY       34                        26      8       36
  MONTH TO DATE  167                       132     35      193
  SINCE MAR 1    167                       132     35      193
  SINCE JUL 1   4042                      3723    319     4056

 COOLING
  YESTERDAY        0                         0      0        0
  MONTH TO DATE    0                         0      0        0
  SINCE MAR 1      0                         0      0        0
  SINCE JAN 1      0                         0      0        0
..................................................................


WIND (MPH)
  HIGHEST WIND SPEED    20   HIGHEST WIND DIRECTION     N (340)
  HIGHEST GUST SPEED    25   HIGHEST GUST DIRECTION    NW (330)
  AVERAGE WIND SPEED    12.8


SKY COVER
  POSSIBLE SUNSHINE  MM
  AVERAGE SKY COVER 1.0


WEATHER CONDITIONS
 THE FOLLOWING WEATHER WAS RECORDED YESTERDAY.
  RAIN
  LIGHT RAIN
  HEAVY SNOW
  SNOW
  LIGHT SNOW
  FOG
  FOG W/VISIBILITY <= 1/4 MILE


RELATIVE HUMIDITY (PERCENT)
 HIGHEST   100           200 AM
 LOWEST     73          1100 PM
 AVERAGE    87

..........................................................


THE ATLANTIC CITY NJ CLIMATE NORMALS FOR TODAY
                         NORMAL    RECORD    YEAR
 MAXIMUM TEMPERATURE (F)   49        75      1935
 MINIMUM TEMPERATURE (F)   30        10      1888


SUNRISE AND SUNSET
MARCH  6 2015.........SUNRISE   624 AM EST   SUNSET   556 PM EST
MARCH  7 2015.........SUNRISE   623 AM EST   SUNSET   557 PM EST


-  INDICATES NEGATIVE NUMBERS.
R  INDICATES RECORD WAS SET OR TIED.
MM INDICATES DATA IS MISSING.
T  INDICATES TRACE AMOUNT.




$$
