000
CDUS41 KPHI 242126
CLIACY


CLIMATE REPORT
NATIONAL WEATHER SERVICE MOUNT HOLLY NJ
526 PM EDT FRI OCT 24 2014


...................................

...THE ATLANTIC CITY NJ CLIMATE SUMMARY FOR OCTOBER 24 2014...
VALID TODAY AS OF 0500 PM LOCAL TIME.

CLIMATE NORMAL PERIOD 1981 TO 2010
CLIMATE RECORD PERIOD 1874 TO 2014


WEATHER ITEM   OBSERVED TIME   RECORD YEAR NORMAL DEPARTURE LAST
                VALUE   (LST)  VALUE       VALUE  FROM      YEAR
                                                  NORMAL
..................................................................
TEMPERATURE (F)
 TODAY
  MAXIMUM         68    211 PM  81    2001  64      4       53
  MINIMUM         45    411 AM  23    1969  43      2       34
  AVERAGE         57                        54      3       44

PRECIPITATION (IN)
  TODAY            0.00          1.69 1971   0.10  -0.10     0.00
  MONTH TO DATE    3.22                      2.62   0.60     4.80
  SINCE SEP 1      6.74                      5.77   0.97     5.98
  SINCE JAN 1     43.46                     33.99   9.47    37.40

SNOWFALL (IN)
  TODAY            0.0           T    1960   0.0    0.0      0.0
  MONTH TO DATE    0.0                       0.0    0.0      0.0
  SINCE SEP 1      0.0                       0.0    0.0      0.0
  SINCE JUL 1      0.0                       0.0    0.0      0.0
  SNOW DEPTH       0

DEGREE DAYS
 HEATING
  TODAY            8                        12     -4       21
  MONTH TO DATE  159                       206    -47      147
  SINCE SEP 1    197                       265    -68      249
  SINCE JUL 1    197                       268    -71      249

 COOLING
  TODAY            0                         0      0        0
  MONTH TO DATE   15                        16     -1       36
  SINCE SEP 1    145                       141      4      132
  SINCE JAN 1    857                      1050   -193     1088
..................................................................


WIND (MPH)
  HIGHEST WIND SPEED    23   HIGHEST WIND DIRECTION    NW (310)
  HIGHEST GUST SPEED    30   HIGHEST GUST DIRECTION    NW (310)
  AVERAGE WIND SPEED    11.7


SKY COVER
  POSSIBLE SUNSHINE  MM
  AVERAGE SKY COVER 0.3


WEATHER CONDITIONS
 THE FOLLOWING WEATHER WAS RECORDED TODAY.
  NO SIGNIFICANT WEATHER WAS OBSERVED.


RELATIVE HUMIDITY (PERCENT)
 HIGHEST    93           500 AM
 LOWEST     45           100 PM
 AVERAGE    69

..........................................................


THE ATLANTIC CITY NJ CLIMATE NORMALS FOR TOMORROW
                         NORMAL    RECORD    YEAR
 MAXIMUM TEMPERATURE (F)   64        79      2001
 MINIMUM TEMPERATURE (F)   43        29      1978
                                             1879


SUNRISE AND SUNSET
OCTOBER 24 2014.......SUNRISE   718 AM EDT   SUNSET   607 PM EDT
OCTOBER 25 2014.......SUNRISE   719 AM EDT   SUNSET   605 PM EDT


-  INDICATES NEGATIVE NUMBERS.
R  INDICATES RECORD WAS SET OR TIED.
MM INDICATES DATA IS MISSING.
T  INDICATES TRACE AMOUNT.




$$
