000
CDUS41 KPHI 232127
CLIACY


CLIMATE REPORT
NATIONAL WEATHER SERVICE MOUNT HOLLY NJ
526 PM EDT FRI JUN 23 2017


...................................

...THE ATLANTIC CITY NJ CLIMATE SUMMARY FOR JUNE 23 2017...
VALID TODAY AS OF 0500 PM LOCAL TIME.

CLIMATE NORMAL PERIOD 1981 TO 2010
CLIMATE RECORD PERIOD 1874 TO 2017


WEATHER ITEM   OBSERVED TIME   RECORD YEAR NORMAL DEPARTURE LAST
                VALUE   (LST)  VALUE       VALUE  FROM      YEAR
                                                  NORMAL
..................................................................
TEMPERATURE (F)
 TODAY
  MAXIMUM         86    220 PM  98    1988  83      3       84
  MINIMUM         74    951 AM  39    1992  64     10       65
  AVERAGE         80                        73      7       75

PRECIPITATION (IN)
  TODAY            0.07          1.72 1887   0.10  -0.03     0.01
  MONTH TO DATE    2.35                      2.42  -0.07     0.67
  SINCE JUN 1      2.35                      2.42  -0.07     0.67
  SINCE JAN 1     24.01                     19.70   4.31    20.73

SNOWFALL (IN)
  TODAY            0.0           0.0    MM   0.0    0.0      0.0
  MONTH TO DATE    0.0                       0.0    0.0      0.0
  SINCE JUN 1      0.0                       0.0    0.0      0.0
  SINCE JUL 1      7.7                      16.5   -8.8     27.5
  SNOW DEPTH      MM

DEGREE DAYS
 HEATING
  TODAY            0                         0      0        0
  MONTH TO DATE   24                        24      0        4
  SINCE JUN 1     24                        24      0        4
  SINCE JUL 1   4144                      4902   -758     4054

 COOLING
  TODAY           15                         9      6       10
  MONTH TO DATE  186                       138     48      146
  SINCE JUN 1    186                       138     48      146
  SINCE JAN 1    271                       202     69      225
..................................................................


WIND (MPH)
  HIGHEST WIND SPEED    21   HIGHEST WIND DIRECTION    SW (210)
  HIGHEST GUST SPEED    31   HIGHEST GUST DIRECTION    SW (220)
  AVERAGE WIND SPEED     9.6


SKY COVER
  POSSIBLE SUNSHINE  MM
  AVERAGE SKY COVER 0.4


WEATHER CONDITIONS
 THE FOLLOWING WEATHER WAS RECORDED TODAY.
  RAIN
  LIGHT RAIN
  FOG


RELATIVE HUMIDITY (PERCENT)
 HIGHEST    94          1200 AM
 LOWEST     65           200 PM
 AVERAGE    80

..........................................................


THE ATLANTIC CITY NJ CLIMATE NORMALS FOR TOMORROW
                         NORMAL    RECORD    YEAR
 MAXIMUM TEMPERATURE (F)   83        99      2010
 MINIMUM TEMPERATURE (F)   64        47      1988


SUNRISE AND SUNSET
JUNE 23 2017..........SUNRISE   532 AM EDT   SUNSET   829 PM EDT
JUNE 24 2017..........SUNRISE   532 AM EDT   SUNSET   829 PM EDT


-  INDICATES NEGATIVE NUMBERS.
R  INDICATES RECORD WAS SET OR TIED.
MM INDICATES DATA IS MISSING.
T  INDICATES TRACE AMOUNT.




$$
