000
CDUS41 KPHI 250631
CLIACY


CLIMATE REPORT
NATIONAL WEATHER SERVICE MOUNT HOLLY NJ
230 AM EDT SUN SEP 25 2016


...................................

...THE ATLANTIC CITY NJ CLIMATE SUMMARY FOR SEPTEMBER 24 2016...

CLIMATE NORMAL PERIOD 1981 TO 2010
CLIMATE RECORD PERIOD 1874 TO 2016


WEATHER ITEM   OBSERVED TIME   RECORD YEAR NORMAL DEPARTURE LAST
                VALUE   (LST)  VALUE       VALUE  FROM      YEAR
                                                  NORMAL
..................................................................
TEMPERATURE (F)
 YESTERDAY
  MAXIMUM         71   1239 AM  93    2010  74     -3       79
  MINIMUM         52   1159 PM  32    1967  54     -2       50
  AVERAGE         62                        64     -2       65

PRECIPITATION (IN)
  YESTERDAY        0.00          1.47 1909   0.12  -0.12     0.00
  MONTH TO DATE    2.74                      2.45   0.29     0.61
  SINCE SEP 1      2.74                      2.45   0.29     0.61
  SINCE JAN 1     35.04                     30.67   4.37    33.06

SNOWFALL (IN)
  YESTERDAY        0.0           0.0    MM   0.0    0.0      0.0
  MONTH TO DATE    0.0                       0.0    0.0      0.0
  SINCE SEP 1      0.0                       0.0    0.0      0.0
  SINCE JUL 1      0.0                       0.0    0.0      0.0
  SNOW DEPTH       0

DEGREE DAYS
 HEATING
  YESTERDAY        3                         3      0        0
  MONTH TO DATE    5                        35    -30        0
  SINCE SEP 1      5                        35    -30        0
  SINCE JUL 1      5                        38    -33        0

 COOLING
  YESTERDAY        0                         2     -2        0
  MONTH TO DATE  203                       114     89      171
  SINCE SEP 1    203                       114     89      171
  SINCE JAN 1   1306                      1023    283     1251
..................................................................


WIND (MPH)
  HIGHEST WIND SPEED    17   HIGHEST WIND DIRECTION     N (20)
  HIGHEST GUST SPEED    21   HIGHEST GUST DIRECTION     N (20)
  AVERAGE WIND SPEED     6.6


SKY COVER
  POSSIBLE SUNSHINE  MM
  AVERAGE SKY COVER 0.6


WEATHER CONDITIONS
 THE FOLLOWING WEATHER WAS RECORDED YESTERDAY.
  FOG
  HAZE


RELATIVE HUMIDITY (PERCENT)
 HIGHEST    93           200 AM
 LOWEST     68           300 PM
 AVERAGE    81

..........................................................


THE ATLANTIC CITY NJ CLIMATE NORMALS FOR TODAY
                         NORMAL    RECORD    YEAR
 MAXIMUM TEMPERATURE (F)   74        91      1970
 MINIMUM TEMPERATURE (F)   54        36      1967


SUNRISE AND SUNSET
SEPTEMBER 25 2016.....SUNRISE   649 AM EDT   SUNSET   650 PM EDT
SEPTEMBER 26 2016.....SUNRISE   650 AM EDT   SUNSET   648 PM EDT


-  INDICATES NEGATIVE NUMBERS.
R  INDICATES RECORD WAS SET OR TIED.
MM INDICATES DATA IS MISSING.
T  INDICATES TRACE AMOUNT.




$$
