000
CDUS41 KPHI 260630
CLIACY


CLIMATE REPORT
NATIONAL WEATHER SERVICE MOUNT HOLLY NJ
226 AM EDT SAT JUL 26 2014


...................................

...THE ATLANTIC CITY NJ CLIMATE SUMMARY FOR JULY 25 2014...

CLIMATE NORMAL PERIOD 1981 TO 2010
CLIMATE RECORD PERIOD 1874 TO 2014


WEATHER ITEM   OBSERVED TIME   RECORD YEAR NORMAL DEPARTURE LAST
                VALUE   (LST)  VALUE       VALUE  FROM      YEAR
                                                  NORMAL
..................................................................
TEMPERATURE (F)
 YESTERDAY
  MAXIMUM         81   1137 AM  99    2010  86     -5       70
  MINIMUM         60    532 AM  53    1969  67     -7       63
  AVERAGE         71                        76     -5       67

PRECIPITATION (IN)
  YESTERDAY        0.00          1.67 1926   0.12  -0.12     0.02
  MONTH TO DATE    4.34                      2.96   1.38     3.00
  SINCE JUN 1      5.88                      6.07  -0.19    10.53
  SINCE JAN 1     26.06                     23.35   2.71    28.09

SNOWFALL (IN)
  YESTERDAY        0.0           0.0  1903   0.0    0.0      0.0
  MONTH TO DATE    0.0                       0.0    0.0      0.0
  SINCE JUN 1      0.0                       0.0    0.0      0.0
  SINCE JUL 1      0.0                       0.0    0.0      0.0
  SNOW DEPTH       0

DEGREE DAYS
 HEATING
  YESTERDAY        0                         0      0        0
  MONTH TO DATE    0                         0      0        0
  SINCE JUN 1     10                        27    -17        8
  SINCE JUL 1      0                         0      0        0

 COOLING
  YESTERDAY        6                        11     -5        2
  MONTH TO DATE  247                       280    -33      385
  SINCE JUN 1    443                       483    -40      596
  SINCE JAN 1    479                       547    -68      690
..................................................................


WIND (MPH)
  HIGHEST WIND SPEED    13   HIGHEST WIND DIRECTION    SE (130)
  HIGHEST GUST SPEED    19   HIGHEST GUST DIRECTION     S (180)
  AVERAGE WIND SPEED     6.6


SKY COVER
  POSSIBLE SUNSHINE  MM
  AVERAGE SKY COVER 0.1


WEATHER CONDITIONS
 THE FOLLOWING WEATHER WAS RECORDED YESTERDAY.
  NO SIGNIFICANT WEATHER WAS OBSERVED.


RELATIVE HUMIDITY (PERCENT)
 HIGHEST    93          1200 AM
 LOWEST     48          1200 PM
 AVERAGE    71

..........................................................


THE ATLANTIC CITY NJ CLIMATE NORMALS FOR TODAY
                         NORMAL    RECORD    YEAR
 MAXIMUM TEMPERATURE (F)   86        96      2011
                                             1963
 MINIMUM TEMPERATURE (F)   67        49      1976


SUNRISE AND SUNSET
JULY 26 2014..........SUNRISE   553 AM EDT   SUNSET   816 PM EDT
JULY 27 2014..........SUNRISE   553 AM EDT   SUNSET   816 PM EDT


-  INDICATES NEGATIVE NUMBERS.
R  INDICATES RECORD WAS SET OR TIED.
MM INDICATES DATA IS MISSING.
T  INDICATES TRACE AMOUNT.




$$
