000
CDUS41 KPHI 290630
CLIACY


CLIMATE REPORT
NATIONAL WEATHER SERVICE MOUNT HOLLY NJ
129 AM EST MON DEC 29 2014


...................................

...THE ATLANTIC CITY NJ CLIMATE SUMMARY FOR DECEMBER 28 2014...

CLIMATE NORMAL PERIOD 1981 TO 2010
CLIMATE RECORD PERIOD 1874 TO 2014


WEATHER ITEM   OBSERVED TIME   RECORD YEAR NORMAL DEPARTURE LAST
                VALUE   (LST)  VALUE       VALUE  FROM      YEAR
                                                  NORMAL
..................................................................
TEMPERATURE (F)
 YESTERDAY
  MAXIMUM         54    235 PM  69    2008  43     11       55
  MINIMUM         37    137 AM   9    2004  26     11       23
                                      1977
  AVERAGE         46                        34     12       39

PRECIPITATION (IN)
  YESTERDAY        0.02          2.52 1922   0.11  -0.09     0.00
  MONTH TO DATE    5.50                      3.38   2.12     4.59
  SINCE DEC 1      5.50                      3.38   2.12     4.59
  SINCE JAN 1     54.33                     41.44  12.89    44.65

SNOWFALL (IN)
  YESTERDAY        0.0           1.5  1993   0.1   -0.1      0.0
  MONTH TO DATE    0.4                       3.3   -2.9      3.3
  SINCE DEC 1      0.4                       3.3   -2.9      3.3
  SINCE JUL 1      0.4                       3.5   -3.1      3.3
  SNOW DEPTH       0

DEGREE DAYS
 HEATING
  YESTERDAY       19                        31    -12       26
  MONTH TO DATE  668                       769   -101      722
  SINCE DEC 1    668                       769   -101      722
  SINCE JUL 1   1575                      1676   -101     1725

 COOLING
  YESTERDAY        0                         0      0        0
  MONTH TO DATE    0                         0      0        0
  SINCE DEC 1      0                         0      0        0
  SINCE JAN 1    857                      1055   -198     1088
..................................................................


WIND (MPH)
  HIGHEST WIND SPEED    13   HIGHEST WIND DIRECTION     W (270)
  HIGHEST GUST SPEED    16   HIGHEST GUST DIRECTION     W (260)
  AVERAGE WIND SPEED     5.2


SKY COVER
  POSSIBLE SUNSHINE  MM
  AVERAGE SKY COVER 0.7


WEATHER CONDITIONS
 THE FOLLOWING WEATHER WAS RECORDED YESTERDAY.
  LIGHT RAIN


RELATIVE HUMIDITY (PERCENT)
 HIGHEST    93           900 PM
 LOWEST     59          1200 PM
 AVERAGE    76

..........................................................


THE ATLANTIC CITY NJ CLIMATE NORMALS FOR TODAY
                         NORMAL    RECORD    YEAR
 MAXIMUM TEMPERATURE (F)   43        75      1984
 MINIMUM TEMPERATURE (F)   25        -1      1917


SUNRISE AND SUNSET
DECEMBER 29 2014......SUNRISE   718 AM EST   SUNSET   443 PM EST
DECEMBER 30 2014......SUNRISE   718 AM EST   SUNSET   444 PM EST


-  INDICATES NEGATIVE NUMBERS.
R  INDICATES RECORD WAS SET OR TIED.
MM INDICATES DATA IS MISSING.
T  INDICATES TRACE AMOUNT.




$$
