000
CDUS41 KPHI 282133
CLIACY


CLIMATE REPORT
NATIONAL WEATHER SERVICE MOUNT HOLLY NJ
432 PM EST FRI NOV 28 2014


...................................

...THE ATLANTIC CITY NJ CLIMATE SUMMARY FOR NOVEMBER 28 2014...
VALID TODAY AS OF 0400 PM LOCAL TIME.

CLIMATE NORMAL PERIOD 1981 TO 2010
CLIMATE RECORD PERIOD 1874 TO 2014


WEATHER ITEM   OBSERVED TIME   RECORD YEAR NORMAL DEPARTURE LAST
                VALUE   (LST)  VALUE       VALUE  FROM      YEAR
                                                  NORMAL
..................................................................
TEMPERATURE (F)
 TODAY
  MAXIMUM         41   1208 PM  69    2011  52    -11       38
                                      2001
  MINIMUM         26    243 AM  15    1996  34     -8       23
  AVERAGE         34                        43     -9       31

PRECIPITATION (IN)
  TODAY            T             3.45 1937   0.12  -0.12     0.00
  MONTH TO DATE    5.37                      3.04   2.33     2.55
  SINCE SEP 1     12.11                      9.61   2.50     8.64
  SINCE JAN 1     48.83                     37.83  11.00    40.06

SNOWFALL (IN)
  TODAY            T   R         T    1950   0.1   -0.1      0.0
  MONTH TO DATE    T                         0.2   -0.2       T
  SINCE SEP 1      T                         0.2   -0.2       T
  SINCE JUL 1      T                         0.2   -0.2       T
  SNOW DEPTH       0

DEGREE DAYS
 HEATING
  TODAY           31                        22      9       34
  MONTH TO DATE  582                       502     80      572
  SINCE SEP 1    856                       857     -1      937
  SINCE JUL 1    856                       860     -4      937

 COOLING
  TODAY            0                         0      0        0
  MONTH TO DATE    0                         0      0        0
  SINCE SEP 1    145                       145      0      132
  SINCE JAN 1    857                      1054   -197     1088
..................................................................


WIND (MPH)
  HIGHEST WIND SPEED    24   HIGHEST WIND DIRECTION    NW (330)
  HIGHEST GUST SPEED    30   HIGHEST GUST DIRECTION    NW (330)
  AVERAGE WIND SPEED    11.3


SKY COVER
  POSSIBLE SUNSHINE  MM
  AVERAGE SKY COVER 0.3


WEATHER CONDITIONS
 THE FOLLOWING WEATHER WAS RECORDED TODAY.
  LIGHT SNOW


RELATIVE HUMIDITY (PERCENT)
 HIGHEST    92           400 AM
 LOWEST     44          1200 PM
 AVERAGE    68

..........................................................


THE ATLANTIC CITY NJ CLIMATE NORMALS FOR TOMORROW
                         NORMAL    RECORD    YEAR
 MAXIMUM TEMPERATURE (F)   51        71      1998
                                             1927
 MINIMUM TEMPERATURE (F)   33        17      1955
                                             1930


SUNRISE AND SUNSET
NOVEMBER 28 2014......SUNRISE   656 AM EST   SUNSET   436 PM EST
NOVEMBER 29 2014......SUNRISE   657 AM EST   SUNSET   436 PM EST


-  INDICATES NEGATIVE NUMBERS.
R  INDICATES RECORD WAS SET OR TIED.
MM INDICATES DATA IS MISSING.
T  INDICATES TRACE AMOUNT.




$$
