000
CDAK48 PADQ 021243
CLIADQ

CLIMATE REPORT
NATIONAL WEATHER SERVICE KODIAK, AK
443 AM AKDT THU JUL 2 2015

...................................
...THE KODIAK AP CLIMATE SUMMARY FOR JULY 1 2015...

CLIMATE NORMAL PERIOD  1981 TO  2010
CLIMATE RECORD PERIOD  1949 TO  2015

WEATHER ITEM   OBSERVED TIME    RECORD YEAR NORMAL DEPARTURE LAST
               VALUE    (LST)   VALUE       VALUE  FROM      YEAR
                                                   NORMAL
...................................................................
TEMPERATURE
YESTERDAY
 MAXIMUM            61  0534 PM    78  1989     58       3     59
 MINIMUM            49  1159 PM    38  2009     48       1     48
 AVERAGE            55                          53       2     54

PRECIPITATION
(INCHES)
 YESTERDAY           T           1.48  1990   0.16   -0.16   0.04
 MONTH TO DATE       T                        0.16   -0.16   0.04
 SINCE JUN 1      3.08                        6.07   -2.99   6.26
 SINCE JAN 1     42.20                       37.46    4.74  39.79

SNOWFALL
(INCHES)
 YESTERDAY         0.0            0.0  2015    0.0     0.0    0.0
 MONTH TO DATE     0.0                         0.0     0.0    0.0
 SINCE JUN 1       0.0                         0.0     0.0    0.0
 SINCE JUL 1       0.0                         0.0     0.0    0.0
 SNOW DEPTH (IN)     0                                          0

DEGREE DAYS
 HEATING
  YESTERDAY         10                          13      -3     11
  MONTH TO DATE     10                          13      -3     11
  SINCE JUN 1      321                         474    -153    433
  SINCE JUL 1       10                          13      -3     11

 COOLING
  YESTERDAY          0                           0       0      0
  MONTH TO DATE      0                           0       0      0
  SINCE JUN 1        1                           0       1      0
  SINCE JAN 1        1                           0       1      4
...................................................................

WIND (MPH)
 HIGHEST WIND SPEED    14     HIGHEST WIND DIRECTION     50
 HIGHEST GUST SPEED    21     HIGHEST GUST DIRECTION     50
 AVERAGE WIND SPEED   6.8

SKY COVER
  POSSIBLE SUNSHINE    MM          AVERAGE SKY COVER     MM

WEATHER CONDITIONS
 THE FOLLOWING WEATHER WAS RECORDED YESTERDAY.
  RAIN


RELATIVE HUMIDITY
 HIGHEST RH     MM PERCENT       MM
 LOWEST  RH     MM PERCENT       MM
 AVERAGE RH     MM PERCENT       MM
...................................................................

THE KODIAK CLIMATE NORMALS FOR TODAY
                           NORMAL    RECORD   YEAR
 MAXIMUM TEMPERATURE (F)     58        82     1989
 MINIMUM TEMPERATURE (F)     48        38     1973

SUNRISE AND SUNSET
 JUL 2 2015..........SUNRISE  5:16 AM      SUNSET 11:13 PM
 JUL 3 2015..........SUNRISE  5:17 AM      SUNSET 11:12 PM

-  INDICATES NEGATIVE NUMBERS.
R  INDICATES RECORD HAS BEEN SET OR TIED.
MM INDICATES DATA IS MISSING.
T  INDICATES TRACE OF PRECIPITATION.

&&
-------------------------------------------------------------------

AMOUNT OF DAYLIGHT TODAY  (HOUR:MIN)........17 HOURS 57 MINUTES
GAIN/LOSS SINCE YESTERDAY (HOUR:MIN:SEC)....-0:01:33

$$
*** JUL 15
