000
CDAK48 PADQ 241306
CLIADQ

CLIMATE REPORT
NATIONAL WEATHER SERVICE KODIAK, AK
506 AM AKDT TUE MAY 24 2016

...................................
...THE KODIAK AP CLIMATE SUMMARY FOR MAY 23 2016...

CLIMATE NORMAL PERIOD  1981 TO  2010
CLIMATE RECORD PERIOD  1913 TO  2016

WEATHER ITEM   OBSERVED TIME    RECORD YEAR NORMAL DEPARTURE LAST
               VALUE    (LST)   VALUE       VALUE  FROM      YEAR
                                                   NORMAL
...................................................................
TEMPERATURE
YESTERDAY
 MAXIMUM            58  0418 PM    71  1991     51       7     50
 MINIMUM            45  0607 AM    31  1999     40       5     45
 AVERAGE            52                          46       6     48

PRECIPITATION
(INCHES)
 YESTERDAY        0.00           2.13  2009   0.18   -0.18   0.00
 MONTH TO DATE    2.63                        4.04   -1.41   5.74
 SINCE MAR 1     18.87                       15.38    3.49  19.91
 SINCE JAN 1     42.16                       29.81   12.35  38.83

SNOWFALL
(INCHES)
 YESTERDAY         0.0              T  1951    0.0     0.0    0.0
 MONTH TO DATE     0.0                         0.2    -0.2    0.0
 SINCE MAR 1       3.6                        19.5   -15.9    4.7
 SINCE JUL 1        MM                        68.9      MM   20.1
 SNOW DEPTH (IN)     0                                          0

DEGREE DAYS
 HEATING
  YESTERDAY         13                          19      -6     17
  MONTH TO DATE    400                         493     -93    443
  SINCE MAR 1     1867                        2312    -445   2092
  SINCE JUL 1     6804                        8185   -1381   7010

 COOLING
  YESTERDAY          0                           0       0      0
  MONTH TO DATE      0                           0       0      0
  SINCE MAR 1        0                           0       0      0
  SINCE JAN 1        0                           0       0      0
...................................................................

WIND (MPH)
 HIGHEST WIND SPEED    22     HIGHEST WIND DIRECTION    290
 HIGHEST GUST SPEED    26     HIGHEST GUST DIRECTION    290
 AVERAGE WIND SPEED  10.2

SKY COVER
  POSSIBLE SUNSHINE    MM          AVERAGE SKY COVER     MM

WEATHER CONDITIONS
 THE FOLLOWING WEATHER WAS RECORDED YESTERDAY.
  NO SIGNIFICANT WEATHER WAS OBSERVED.

RELATIVE HUMIDITY
 HIGHEST RH     MM PERCENT       MM
 LOWEST  RH     MM PERCENT       MM
 AVERAGE RH     MM PERCENT       MM
...................................................................

THE KODIAK CLIMATE NORMALS FOR TODAY
                           NORMAL    RECORD   YEAR
 MAXIMUM TEMPERATURE (F)     51        71     1991
 MINIMUM TEMPERATURE (F)     40        30     1977

SUNRISE AND SUNSET
 MAY 24 2016..........SUNRISE  5:30 AM      SUNSET 10:46 PM
 MAY 25 2016..........SUNRISE  5:28 AM      SUNSET 10:48 PM

-  INDICATES NEGATIVE NUMBERS.
R  INDICATES RECORD HAS BEEN SET OR TIED.
MM INDICATES DATA IS MISSING.
T  INDICATES TRACE OF PRECIPITATION.

&&
-------------------------------------------------------------------

AMOUNT OF DAYLIGHT TODAY  (HOUR:MIN)........17 HOURS 16 MINUTES
GAIN/LOSS SINCE YESTERDAY (HOUR:MIN:SEC)....+0:03:26

$$
CSB MAY 16
