000
CDAK48 PADQ 011144
CLIADQ

CLIMATE REPORT
NATIONAL WEATHER SERVICE KODIAK, AK
345 AM AKDT FRI AUG 1 2014

...................................
...THE KODIAK AP CLIMATE SUMMARY FOR JULY 31 2014...

CLIMATE NORMAL PERIOD  1981 TO  2010
CLIMATE RECORD PERIOD  1949 TO  2014

WEATHER ITEM   OBSERVED TIME    RECORD YEAR NORMAL DEPARTURE LAST
               VALUE    (LST)   VALUE       VALUE  FROM      YEAR
                                                   NORMAL
...................................................................
TEMPERATURE
YESTERDAY
 MAXIMUM            62  0527 PM    76  1998     62       0     66
 MINIMUM            55  1146 PM    42  2009     50       5     51
 AVERAGE            59                          56       3     59

PRECIPITATION
(INCHES)
 YESTERDAY        0.00           0.63  1965   0.15   -0.15      T
 MONTH TO DATE    2.58                        4.93   -2.35   1.06
 SINCE JUN 1      8.80                       10.84   -2.04   5.17
 SINCE JAN 1     42.33                       42.23    0.10  30.61

SNOWFALL
(INCHES)
 YESTERDAY         0.0            0.0  2014    0.0     0.0    0.0
 MONTH TO DATE     0.0                         0.0     0.0    0.0
 SINCE JUN 1       0.0                         0.0     0.0    0.0
 SINCE JUL 1       0.0                         0.0     0.0    0.0
 SNOW DEPTH (IN)     0                                          0

DEGREE DAYS
 HEATING
  YESTERDAY          6                           9      -3      6
  MONTH TO DATE    240                         326     -86    211
  SINCE JUN 1      662                         787    -125    542
  SINCE JUL 1      240                         326     -86    211

 COOLING
  YESTERDAY          0                           0       0      0
  MONTH TO DATE      0                           0       0      3
  SINCE JUN 1        0                           0       0      6
  SINCE JAN 1        4                           0       4      6
...................................................................

WIND (MPH)
 HIGHEST WIND SPEED    15     HIGHEST WIND DIRECTION     30
 HIGHEST GUST SPEED    22     HIGHEST GUST DIRECTION     80
 AVERAGE WIND SPEED   5.5

SKY COVER
  POSSIBLE SUNSHINE    MM          AVERAGE SKY COVER     MM

WEATHER CONDITIONS
 THE FOLLOWING WEATHER WAS RECORDED YESTERDAY.
  FOG


RELATIVE HUMIDITY
 HIGHEST RH     MM PERCENT       MM
 LOWEST  RH     MM PERCENT       MM
 AVERAGE RH     MM PERCENT       MM
...................................................................

THE KODIAK CLIMATE NORMALS FOR TODAY
                           NORMAL    RECORD   YEAR
 MAXIMUM TEMPERATURE (F)     62        75     1978
 MINIMUM TEMPERATURE (F)     50        44     2004

SUNRISE AND SUNSET
 AUG 1 2014..........SUNRISE  6:06 AM      SUNSET 10:27 PM
 AUG 2 2014..........SUNRISE  6:08 AM      SUNSET 10:24 PM

-  INDICATES NEGATIVE NUMBERS.
R  INDICATES RECORD HAS BEEN SET OR TIED.
MM INDICATES DATA IS MISSING.
T  INDICATES TRACE OF PRECIPITATION.

&&
-------------------------------------------------------------------

AMOUNT OF DAYLIGHT TODAY  (HOUR:MIN)........16 HOURS 21 MINUTES
GAIN/LOSS SINCE YESTERDAY (HOUR:MIN:SEC)....-0:04:14

$$
*** AUG 14
