000
CDAK48 PADQ 241057
CLIADQ

CLIMATE REPORT
NATIONAL WEATHER SERVICE KODIAK, AK
257 AM AKDT SUN MAY 24 2015

...................................
...THE KODIAK AP CLIMATE SUMMARY FOR MAY 23 2015...

CLIMATE NORMAL PERIOD  1981 TO  2010
CLIMATE RECORD PERIOD  1949 TO  2015

WEATHER ITEM   OBSERVED TIME    RECORD YEAR NORMAL DEPARTURE LAST
               VALUE    (LST)   VALUE       VALUE  FROM      YEAR
                                                   NORMAL
...................................................................
TEMPERATURE
YESTERDAY
 MAXIMUM            50  0102 PM    71  1991     51      -1     64
 MINIMUM            45  0623 AM    31  1999     40       5     44
 AVERAGE            48                          46       2     54

PRECIPITATION
(INCHES)
 YESTERDAY        0.00           2.13  2009   0.18   -0.18   0.00
 MONTH TO DATE    5.74                        4.04    1.70   0.31
 SINCE MAR 1     19.91                       15.38    4.53  11.40
 SINCE JAN 1     38.83                       29.81    9.02  32.65

SNOWFALL
(INCHES)
 YESTERDAY         0.0              T  1951    0.0     0.0    0.0
 MONTH TO DATE     0.0                         0.2    -0.2    0.0
 SINCE MAR 1       4.7                        19.5   -14.8   12.4
 SINCE JUL 1      20.1                        68.9   -48.8     MM
 SNOW DEPTH (IN)     0                                          0

DEGREE DAYS
 HEATING
  YESTERDAY         17                          19      -2     11
  MONTH TO DATE    443                         493     -50    331
  SINCE MAR 1     2092                        2312    -220   2068
  SINCE JUL 1     7010                        8185   -1175   7354

 COOLING
  YESTERDAY          0                           0       0      0
  MONTH TO DATE      0                           0       0      4
  SINCE MAR 1        0                           0       0      4
  SINCE JAN 1        0                           0       0      4
...................................................................

WIND (MPH)
 HIGHEST WIND SPEED    18     HIGHEST WIND DIRECTION    140
 HIGHEST GUST SPEED    23     HIGHEST GUST DIRECTION    130
 AVERAGE WIND SPEED  10.8

SKY COVER
  POSSIBLE SUNSHINE    MM          AVERAGE SKY COVER     MM

WEATHER CONDITIONS
 THE FOLLOWING WEATHER WAS RECORDED YESTERDAY.
  NO SIGNIFICANT WEATHER WAS OBSERVED.

RELATIVE HUMIDITY
 HIGHEST RH     MM PERCENT       MM
 LOWEST  RH     MM PERCENT       MM
 AVERAGE RH     MM PERCENT       MM
...................................................................

THE KODIAK CLIMATE NORMALS FOR TODAY
                           NORMAL    RECORD   YEAR
 MAXIMUM TEMPERATURE (F)     51        71     1991
 MINIMUM TEMPERATURE (F)     40        30     1977

SUNRISE AND SUNSET
 MAY 24 2015..........SUNRISE  5:31 AM      SUNSET 10:45 PM
 MAY 25 2015..........SUNRISE  5:29 AM      SUNSET 10:47 PM

-  INDICATES NEGATIVE NUMBERS.
R  INDICATES RECORD HAS BEEN SET OR TIED.
MM INDICATES DATA IS MISSING.
T  INDICATES TRACE OF PRECIPITATION.

&&
-------------------------------------------------------------------

AMOUNT OF DAYLIGHT TODAY  (HOUR:MIN)........17 HOURS 14 MINUTES
GAIN/LOSS SINCE YESTERDAY (HOUR:MIN:SEC)....+0:03:29

$$
*** MAY 15
