000
CDAK48 PADQ 040922
CLIADQ

CLIMATE REPORT
NATIONAL WEATHER SERVICE KODIAK, AK
1222 AM AKST WED MAR 4 2015

...................................
...THE KODIAK AP CLIMATE SUMMARY FOR MARCH 3 2015...

CLIMATE NORMAL PERIOD  1981 TO  2010
CLIMATE RECORD PERIOD  1949 TO  2015

WEATHER ITEM   OBSERVED TIME    RECORD YEAR NORMAL DEPARTURE LAST
               VALUE    (LST)   VALUE       VALUE  FROM      YEAR
                                                   NORMAL
...................................................................
TEMPERATURE
YESTERDAY
 MAXIMUM            45  1241 PM    50  1995     37       8     39
 MINIMUM            34  0837 AM     1  1994     27       7     23
 AVERAGE            40                          32       8     31

PRECIPITATION
(INCHES)
 YESTERDAY        0.01           1.46  1966   0.18   -0.17   0.00
 MONTH TO DATE    1.72                        0.55    1.17   0.01
 SINCE MAR 1      1.72                        0.55    1.17   0.01
 SINCE JAN 1     20.64                       14.98    5.66  21.26

SNOWFALL
(INCHES)
 YESTERDAY         0.0           14.6  1966    0.4    -0.4    0.0
 MONTH TO DATE     0.0                         1.2    -1.2    0.0
 SINCE MAR 1       0.0                         1.2    -1.2    0.0
 SINCE JUL 1      15.4                        50.6   -35.2   31.0
 SNOW DEPTH (IN)     0                                          0

DEGREE DAYS
 HEATING
  YESTERDAY         25                          33      -8     34
  MONTH TO DATE     81                          99     -18     97
  SINCE MAR 1       81                          99     -18     97
  SINCE JUL 1     4999                        5972    -973   5383

 COOLING
  YESTERDAY          0                           0       0      0
  MONTH TO DATE      0                           0       0      0
  SINCE MAR 1        0                           0       0      0
  SINCE JAN 1        0                           0       0      0
...................................................................

WIND (MPH)
 HIGHEST WIND SPEED    12     HIGHEST WIND DIRECTION    100
 HIGHEST GUST SPEED    14     HIGHEST GUST DIRECTION    100
 AVERAGE WIND SPEED   4.3

SKY COVER
  POSSIBLE SUNSHINE    MM          AVERAGE SKY COVER     MM

WEATHER CONDITIONS
 THE FOLLOWING WEATHER WAS RECORDED YESTERDAY.
  FOG
RAIN


RELATIVE HUMIDITY
 HIGHEST RH     MM PERCENT       MM
 LOWEST  RH     MM PERCENT       MM
 AVERAGE RH     MM PERCENT       MM
...................................................................

THE KODIAK CLIMATE NORMALS FOR TODAY
                           NORMAL    RECORD   YEAR
 MAXIMUM TEMPERATURE (F)     37        47     1996
 MINIMUM TEMPERATURE (F)     27         2     1971

SUNRISE AND SUNSET
 MAR 4 2015..........SUNRISE  7:57 AM      SUNSET  6:49 PM
 MAR 5 2015..........SUNRISE  7:54 AM      SUNSET  6:51 PM

-  INDICATES NEGATIVE NUMBERS.
R  INDICATES RECORD HAS BEEN SET OR TIED.
MM INDICATES DATA IS MISSING.
T  INDICATES TRACE OF PRECIPITATION.

&&
-------------------------------------------------------------------

AMOUNT OF DAYLIGHT TODAY  (HOUR:MIN)........10 HOURS 52 MINUTES
GAIN/LOSS SINCE YESTERDAY (HOUR:MIN:SEC)....+0:04:59

$$
LRM MAR 15
