000
CDAK48 PADQ 302216
CLIADQ

CLIMATE REPORT
NATIONAL WEATHER SERVICE KODIAK, AK
216 PM AKDT SUN AUG 30 2015

...................................
...THE KODIAK AP CLIMATE SUMMARY FOR AUGUST 30 2015...
VALID TODAY AS OF 2:00 PM LOCAL TIME

CLIMATE NORMAL PERIOD  1981 TO  2010
CLIMATE RECORD PERIOD  1949 TO  2015

WEATHER ITEM   OBSERVED TIME    RECORD YEAR NORMAL DEPARTURE LAST
               VALUE    (LST)   VALUE       VALUE  FROM      YEAR
                                                   NORMAL
...................................................................
TEMPERATURE
TODAY
 MAXIMUM            57  1259 PM    75  1930     60      -3     56
 MINIMUM            50  0736 AM    36  1973     47       3     45
 AVERAGE            54                          54       0     51

PRECIPITATION
(INCHES)
 TODAY            0.00           2.23  1963   0.17   -0.17   0.00
 MONTH TO DATE    2.01                        4.38   -2.37   6.90
 SINCE JUN 1      8.41                       15.22   -6.81  15.70
 SINCE JAN 1     47.53                       46.61    0.92  49.23

SNOWFALL
(INCHES)
 TODAY             0.0                         0.0     0.0    0.0
 MONTH TO DATE     0.0                         0.0     0.0    0.0
 SINCE JUN 1       0.0                         0.0     0.0    0.0
 SINCE JUL 1       0.0                         0.0     0.0    0.0
 SNOW DEPTH (IN)     0                                          0

DEGREE DAYS
 HEATING
  TODAY             11                          11       0     14
  MONTH TO DATE    178                         292    -114    250
  SINCE JUN 1      716                        1079    -363    912
  SINCE JUL 1      405                         618    -213    490

 COOLING
  TODAY              0                           0       0      0
  MONTH TO DATE      0                           0       0      0
  SINCE JUN 1        1                           0       1      0
  SINCE JAN 1        1                           0       1      4
...................................................................

WIND (MPH)
 HIGHEST WIND SPEED    39     HIGHEST WIND DIRECTION    290
 HIGHEST GUST SPEED    54     HIGHEST GUST DIRECTION    290
 AVERAGE WIND SPEED    MM

SKY COVER
  POSSIBLE SUNSHINE  MM            AVERAGE SKY COVER MM

WEATHER CONDITIONS
 THE FOLLOWING WEATHER WAS RECORDED TODAY.
NO SIGNIFICANT WEATHER WAS OBSERVED.

RELATIVE HUMIDITY
 HIGHEST RH     MM PERCENT       MM
 LOWEST  RH     MM PERCENT       MM
 AVERAGE RH     MM PERCENT       MM
...................................................................

THE KODIAK CLIMATE NORMALS FOR TOMORROW
                        NORMAL    RECORD   YEAR
 MAXIMUM TEMPERATURE      60        75     1930
 MINIMUM TEMPERATURE      47        36     1919

SUNRISE AND SUNSET
 AUG 30 2015..........SUNRISE  7:07 AM      SUNSET  9:14 PM
 AUG 31 2015..........SUNRISE  7:09 AM      SUNSET  9:11 PM

-  INDICATES NEGATIVE NUMBERS.
R  INDICATES RECORD HAS BEEN SET OR TIED.
MM INDICATES DATA IS MISSING.
T  INDICATES TRACE OF PRECIPITATION.

&&
-------------------------------------------------------------------

AMOUNT OF DAYLIGHT TODAY  (HOUR:MIN)........14 HOURS 7 MINUTES
GAIN/LOSS SINCE YESTERDAY (HOUR:MIN:SEC)....-0:04:51

$$
JAS AUG 15
