000
CDAK48 PADQ 212331
CLIADQ

CLIMATE REPORT
NATIONAL WEATHER SERVICE KODIAK, AK
331 PM AKDT SUN SEP 21 2014

...................................
...THE KODIAK AP CLIMATE SUMMARY FOR SEPTEMBER 21 2014...
VALID TODAY AS OF 2:00 PM LOCAL TIME

CLIMATE NORMAL PERIOD  1981 TO  2010
CLIMATE RECORD PERIOD  1949 TO  2014

WEATHER ITEM   OBSERVED TIME    RECORD YEAR NORMAL DEPARTURE LAST
               VALUE    (LST)   VALUE       VALUE  FROM      YEAR
                                                   NORMAL
...................................................................
TEMPERATURE
TODAY
 MAXIMUM            58  0101 PM    63  2000     54       4     48
 MINIMUM            44  0435 AM    26  1992     42       2     43
 AVERAGE            51                          48       3     46

PRECIPITATION
(INCHES)
 TODAY               T           2.82  1997   0.26   -0.26   0.82
 MONTH TO DATE    7.07                        4.81    2.26   5.93
 SINCE SEP 1      7.07                        4.81    2.26   5.93
 SINCE JAN 1     56.30                       51.60    4.70  45.84

SNOWFALL
(INCHES)
 TODAY             0.0            0.2  1956    0.0     0.0    0.0
 MONTH TO DATE     0.0                         0.0     0.0    0.0
 SINCE SEP 1       0.0                         0.0     0.0    0.0
 SINCE JUL 1       0.0                         0.0     0.0    0.0
 SNOW DEPTH (IN)     0                                          0

DEGREE DAYS
 HEATING
  TODAY             14                          17      -3     19
  MONTH TO DATE    221                         300     -79    270
  SINCE SEP 1      221                         300     -79    270
  SINCE JUL 1      722                         930    -208    749

 COOLING
  TODAY              0                           0       0      0
  MONTH TO DATE      0                           0       0      0
  SINCE SEP 1        0                           0       0      0
  SINCE JAN 1        4                           0       4      6
...................................................................

WIND (MPH)
 HIGHEST WIND SPEED    14     HIGHEST WIND DIRECTION    300
 HIGHEST GUST SPEED    18     HIGHEST GUST DIRECTION    310
 AVERAGE WIND SPEED    MM

SKY COVER
  POSSIBLE SUNSHINE  MM            AVERAGE SKY COVER MM

WEATHER CONDITIONS
 THE FOLLOWING WEATHER WAS RECORDED TODAY.
RAIN


RELATIVE HUMIDITY
 HIGHEST RH     MM PERCENT       MM
 LOWEST  RH     MM PERCENT       MM
 AVERAGE RH     MM PERCENT       MM
...................................................................

THE KODIAK CLIMATE NORMALS FOR TOMORROW
                        NORMAL    RECORD   YEAR
 MAXIMUM TEMPERATURE      54        64     1951
 MINIMUM TEMPERATURE      41        29     2003

SUNRISE AND SUNSET
 SEP 21 2014..........SUNRISE  7:54 AM      SUNSET  8:12 PM
 SEP 22 2014..........SUNRISE  7:56 AM      SUNSET  8:09 PM

-  INDICATES NEGATIVE NUMBERS.
R  INDICATES RECORD HAS BEEN SET OR TIED.
MM INDICATES DATA IS MISSING.
T  INDICATES TRACE OF PRECIPITATION.

&&
-------------------------------------------------------------------

AMOUNT OF DAYLIGHT TODAY  (HOUR:MIN)........12 HOURS 18 MINUTES
GAIN/LOSS SINCE YESTERDAY (HOUR:MIN:SEC)....-0:04:55

$$
*** SEP 14
