000
CDAK48 PADQ 310909
CLIADQ

CLIMATE REPORT
NATIONAL WEATHER SERVICE KODIAK, AK
1209 AM AKST SAT JAN 31 2015

...................................
...THE KODIAK AP CLIMATE SUMMARY FOR JANUARY 30 2015...

CLIMATE NORMAL PERIOD  1981 TO  2010
CLIMATE RECORD PERIOD  1949 TO  2015

WEATHER ITEM   OBSERVED TIME    RECORD YEAR NORMAL DEPARTURE LAST
               VALUE    (LST)   VALUE       VALUE  FROM      YEAR
                                                   NORMAL
...................................................................
TEMPERATURE
YESTERDAY
 MAXIMUM            40  1159 PM    50  1963     35       5     42
 MINIMUM            32  0433 AM    -5  1999     26       6     32
 AVERAGE            36                          30       6     37

PRECIPITATION
(INCHES)
 YESTERDAY        0.03           1.20  2011   0.23   -0.20   0.00
 MONTH TO DATE   10.05                        8.06    1.99  14.30
 SINCE DEC 1     23.84                       16.79    7.05  18.75
 SINCE JAN 1     10.05                        8.06    1.99  14.30

SNOWFALL
(INCHES)
 YESTERDAY         0.0            7.2  1990    0.4    -0.4    0.0
 MONTH TO DATE     4.2                        12.5    -8.3    5.1
 SINCE DEC 1       4.5                        26.3   -21.8   16.7
 SINCE JUL 1       5.2                        33.8   -28.6   24.0
 SNOW DEPTH (IN)     0                                          0

DEGREE DAYS
 HEATING
  YESTERDAY         29                          35      -6     28
  MONTH TO DATE    857                        1038    -181    839
  SINCE DEC 1     1679                        2087    -408   1879
  SINCE JUL 1     4075                        4879    -804   4286

 COOLING
  YESTERDAY          0                           0       0      0
  MONTH TO DATE      0                           0       0      0
  SINCE DEC 1        0                           0       0      0
  SINCE JAN 1        0                           0       0      0
...................................................................

WIND (MPH)
 HIGHEST WIND SPEED    25     HIGHEST WIND DIRECTION    300
 HIGHEST GUST SPEED    31     HIGHEST GUST DIRECTION    290
 AVERAGE WIND SPEED  13.7

SKY COVER
  POSSIBLE SUNSHINE    MM          AVERAGE SKY COVER     MM

WEATHER CONDITIONS
 THE FOLLOWING WEATHER WAS RECORDED YESTERDAY.
  FOG
RAIN


RELATIVE HUMIDITY
 HIGHEST RH     MM PERCENT       MM
 LOWEST  RH     MM PERCENT       MM
 AVERAGE RH     MM PERCENT       MM
...................................................................

THE KODIAK CLIMATE NORMALS FOR TODAY
                           NORMAL    RECORD   YEAR
 MAXIMUM TEMPERATURE (F)     35        54     1963
 MINIMUM TEMPERATURE (F)     26        -4     1999

SUNRISE AND SUNSET
 JAN 31 2015..........SUNRISE  9:15 AM      SUNSET  5:34 PM
 FEB 1 2015..........SUNRISE  9:13 AM      SUNSET  5:36 PM

-  INDICATES NEGATIVE NUMBERS.
R  INDICATES RECORD HAS BEEN SET OR TIED.
MM INDICATES DATA IS MISSING.
T  INDICATES TRACE OF PRECIPITATION.

&&
-------------------------------------------------------------------

AMOUNT OF DAYLIGHT TODAY  (HOUR:MIN)........8 HOURS 19 MINUTES
GAIN/LOSS SINCE YESTERDAY (HOUR:MIN:SEC)....+0:04:22

$$
*** JAN 15
