000
CDAK48 PADQ 281255
CLIADQ


CLIMATE REPORT
NATIONAL WEATHER SERVICE ANCHORAGE, AK
454 AM AKDT SUN MAY 28 2017


...................................

...THE KODIAK CLIMATE SUMMARY FOR MAY 27 2017...

CLIMATE NORMAL PERIOD 1981 TO 2010
CLIMATE RECORD PERIOD 1913 TO 2017


WEATHER ITEM   OBSERVED TIME   RECORD YEAR NORMAL DEPARTURE LAST
                VALUE   (LST)  VALUE       VALUE  FROM      YEAR
                                                  NORMAL
..................................................................
TEMPERATURE (F)
 YESTERDAY
  MAXIMUM         45    551 PM  75    2006  52     -7       56
  MINIMUM         41    826 AM  29    1914  41      0       41
  AVERAGE         43                        46     -3       49

PRECIPITATION (IN)
  YESTERDAY        0.52          1.61 2002   0.19   0.33     0.00
  MONTH TO DATE    6.89                      4.80   2.09     2.63
  SINCE MAR 1     14.94                     16.14  -1.20    18.87
  SINCE JAN 1     20.48                     30.57 -10.09    41.47

SNOWFALL (IN)
  YESTERDAY        0.0          MM      MM   0.0    0.0      0.0
  MONTH TO DATE    0.0                       0.2   -0.2      0.0
  SINCE MAR 1      2.6                      19.5  -16.9      3.6
  SINCE JUL 1     28.4                      68.9  -40.5     20.6
  SNOW DEPTH       0

DEGREE DAYS
 HEATING
  YESTERDAY       22                        19      3       16
  MONTH TO DATE  525                       569    -44      418
  SINCE MAR 1   2385                      2389     -4     1550
  SINCE JUL 1   7726                      8261   -535     6058

 COOLING
  YESTERDAY        0                         0      0        0
  MONTH TO DATE    0                         0      0        0
  SINCE MAR 1      0                         0      0        0
  SINCE JAN 1      0                         0      0        0
..................................................................


WIND (MPH)
  RESULTANT WIND SPEED   7   RESULTANT WIND DIRECTION   E (80)
  HIGHEST WIND SPEED    21   HIGHEST WIND DIRECTION     E (90)
  HIGHEST GUST SPEED    27   HIGHEST GUST DIRECTION     E (90)
  AVERAGE WIND SPEED     8.8



WEATHER CONDITIONS
 THE FOLLOWING WEATHER WAS RECORDED YESTERDAY.
  RAIN
  LIGHT RAIN
  FOG


RELATIVE HUMIDITY (PERCENT)
 HIGHEST    96
 LOWEST     82
 AVERAGE    89

..........................................................


THE KODIAK CLIMATE NORMALS FOR TODAY
                         NORMAL    RECORD    YEAR
 MAXIMUM TEMPERATURE (F)   52        68      1993
 MINIMUM TEMPERATURE (F)   41        30      1977


SUNRISE AND SUNSET
MAY 28 2017...........SUNRISE   524 AM AKDT  SUNSET  1052 PM AKDT
MAY 29 2017...........SUNRISE   522 AM AKDT  SUNSET  1054 PM AKDT


-  INDICATES NEGATIVE NUMBERS.
R  INDICATES RECORD WAS SET OR TIED.
MM INDICATES DATA IS MISSING.
T  INDICATES TRACE AMOUNT.




$$
