260
CDAK48 PAFC 191253
CLIADQ


CLIMATE REPORT
NATIONAL WEATHER SERVICE ANCHORAGE, AK
353 AM AKST FRI JAN 19 2018


...................................

...THE KODIAK CLIMATE SUMMARY FOR JANUARY 18 2018...

CLIMATE NORMAL PERIOD 1981 TO 2010
CLIMATE RECORD PERIOD 1913 TO 2018


WEATHER ITEM   OBSERVED TIME   RECORD YEAR NORMAL DEPARTURE LAST
                VALUE   (LST)  VALUE       VALUE  FROM      YEAR
                                                  NORMAL
..................................................................
TEMPERATURE (F)
 YESTERDAY
  MAXIMUM         41    238 PM  46    1962  35      6       24
  MINIMUM         30   1133 PM  -1    1947  26      4       18
  AVERAGE         36                        30      6       21

PRECIPITATION (IN)
  YESTERDAY        0.09          3.20 1960   0.28  -0.19     0.00
  MONTH TO DATE    5.90                      4.98   0.92     0.53
  SINCE SEP 1     33.09                     36.19  -3.10    30.52
  SINCE JAN 1      5.90                      4.98   0.92     0.53

SNOWFALL (IN)
  YESTERDAY        0.0           5.1  2012   0.4   -0.4      0.0
  MONTH TO DATE    1.5                       7.0   -5.5      0.6
  SINCE SEP 1     11.4                      28.3  -16.9      6.2
  SINCE JUL 1     11.4                      28.3  -16.9      6.2
  SNOW DEPTH       0

DEGREE DAYS
 HEATING
  YESTERDAY       29                        35     -6       44
  MONTH TO DATE  519                       618    -99      666
  SINCE DEC 1   1404                      1666   -262     1699
  SINCE JUL 1   3967                      4461   -494     3901

 COOLING
  YESTERDAY        0                         0      0        0
  MONTH TO DATE    0                         0      0        0
  SINCE DEC 1      0                         0      0        0
  SINCE JAN 1      0                         0      0        0
..................................................................


WIND (MPH)
  RESULTANT WIND SPEED   6   RESULTANT WIND DIRECTION  NW (300)
  HIGHEST WIND SPEED    10   HIGHEST WIND DIRECTION    NW (310)
  HIGHEST GUST SPEED    16   HIGHEST GUST DIRECTION    NW (320)
  AVERAGE WIND SPEED     6.1



WEATHER CONDITIONS
 THE FOLLOWING WEATHER WAS RECORDED YESTERDAY.
  LIGHT RAIN
  FOG


RELATIVE HUMIDITY (PERCENT)
 HIGHEST   100
 LOWEST     79
 AVERAGE    90

..........................................................


THE KODIAK CLIMATE NORMALS FOR TODAY
                         NORMAL    RECORD    YEAR
 MAXIMUM TEMPERATURE (F)   35        49      1937
 MINIMUM TEMPERATURE (F)   26         4      1974


SUNRISE AND SUNSET
JANUARY 19 2018.......SUNRISE   936 AM AKST  SUNSET   507 PM AKST
JANUARY 20 2018.......SUNRISE   934 AM AKST  SUNSET   509 PM AKST


-  INDICATES NEGATIVE NUMBERS.
R  INDICATES RECORD WAS SET OR TIED.
MM INDICATES DATA IS MISSING.
T  INDICATES TRACE AMOUNT.




$$
