000
CDUS44 KLCH 032206
CLIAEX


CLIMATE REPORT
NATIONAL WEATHER SERVICE LAKE CHARLES, LA
406 PM CST TUE MAR 3 2015


...................................

...THE ALEXANDRIA CLIMATE SUMMARY FOR MARCH 3 2015...
VALID TODAY AS OF 0400 PM LOCAL TIME.

CLIMATE NORMAL PERIOD 1981 TO 2010
CLIMATE RECORD PERIOD 1892 TO 2015


WEATHER ITEM   OBSERVED TIME   RECORD YEAR NORMAL DEPARTURE LAST
                VALUE   (LST)  VALUE       VALUE  FROM      YEAR
                                                  NORMAL
..................................................................
TEMPERATURE (F)
 TODAY
  MAXIMUM         76    339 PM  86    1905  67      9       40
  MINIMUM         44   1247 AM  23    1980  45     -1       28
  AVERAGE         60                        56      4       34

PRECIPITATION (IN)
  TODAY            0.00          2.48 1934   0.16  -0.16     0.01
  MONTH TO DATE    2.51                      0.50   2.01     0.31
  SINCE MAR 1      2.51                      0.50   2.01     0.31
  SINCE JAN 1      7.61                     10.18  -2.57     6.69

SNOWFALL (IN)
  TODAY            0.0           T    2014  MM     MM         T
  MONTH TO DATE    0.0                      MM     MM         T
  SINCE MAR 1      0.0                      MM     MM         T
  SINCE JUL 1      0.0                      MM     MM        4.8
  SNOW DEPTH       0

DEGREE DAYS
 HEATING
  TODAY            5                        10     -5       31
  MONTH TO DATE   32                        30      2       38
  SINCE MAR 1     32                        30      2       38
  SINCE JUL 1   1883                      1695    188     2054

 COOLING
  TODAY            0                         1     -1        0
  MONTH TO DATE    0                         3     -3        1
  SINCE MAR 1      0                         3     -3        1
  SINCE JAN 1      1                        20    -19       12
..................................................................


WIND (MPH)
  HIGHEST WIND SPEED    16   HIGHEST WIND DIRECTION     S (190)
  HIGHEST GUST SPEED    23   HIGHEST GUST DIRECTION     S (190)
  AVERAGE WIND SPEED     5.3


SKY COVER
  POSSIBLE SUNSHINE  MM
  AVERAGE SKY COVER 1.0


WEATHER CONDITIONS
 THE FOLLOWING WEATHER WAS RECORDED TODAY.
  FOG
  FOG W/VISIBILITY <= 1/4 MILE


RELATIVE HUMIDITY (PERCENT)
 HIGHEST   100          1200 AM
 LOWEST     79           300 PM
 AVERAGE    90

..........................................................


THE ALEXANDRIA CLIMATE NORMALS FOR TOMORROW
                         NORMAL    RECORD    YEAR
 MAXIMUM TEMPERATURE (F)   68        86      1905
 MINIMUM TEMPERATURE (F)   45        22      2002
                                             1943


SUNRISE AND SUNSET
MARCH  3 2015.........SUNRISE   635 AM CST   SUNSET   610 PM CST
MARCH  4 2015.........SUNRISE   634 AM CST   SUNSET   610 PM CST


-  INDICATES NEGATIVE NUMBERS.
R  INDICATES RECORD WAS SET OR TIED.
MM INDICATES DATA IS MISSING.
T  INDICATES TRACE AMOUNT.




$$
