000
CDUS44 KLCH 261245
CLIAEX


CLIMATE REPORT
NATIONAL WEATHER SERVICE LAKE CHARLES, LA
745 AM CDT THU MAY 26 2016


...................................

...THE ALEXANDRIA CLIMATE SUMMARY FOR MAY 25 2016...

CLIMATE NORMAL PERIOD 1981 TO 2010
CLIMATE RECORD PERIOD 1892 TO 2016


WEATHER ITEM   OBSERVED TIME   RECORD YEAR NORMAL DEPARTURE LAST
                VALUE   (LST)  VALUE       VALUE  FROM      YEAR
                                                  NORMAL
..................................................................
TEMPERATURE (F)
 YESTERDAY
  MAXIMUM         92   1224 PM  96    1898  87      5       88
                                      1896
  MINIMUM         73    430 AM  52    1913  66      7       64
  AVERAGE         83                        76      7       76

PRECIPITATION (IN)
  YESTERDAY        0.00          1.97 1971   0.18  -0.18     0.96
  MONTH TO DATE    1.75                      3.80  -2.05     4.83
  SINCE MAR 1     13.95                     13.40   0.55    17.93
  SINCE JAN 1     20.43                     23.08  -2.65    23.03

DEGREE DAYS
 COOLING
  YESTERDAY       18                        12      6       11
  MONTH TO DATE  189                       221    -32      251
  SINCE MAR 1    377                       363     14      447
  SINCE JAN 1    385                       380      5      448
..................................................................


WIND (MPH)
  HIGHEST WIND SPEED    16   HIGHEST WIND DIRECTION     S (190)
  HIGHEST GUST SPEED    23   HIGHEST GUST DIRECTION     S (180)
  AVERAGE WIND SPEED     9.3


SKY COVER
  POSSIBLE SUNSHINE  MM
  AVERAGE SKY COVER 0.5


WEATHER CONDITIONS
 THE FOLLOWING WEATHER WAS RECORDED YESTERDAY.
  FOG


RELATIVE HUMIDITY (PERCENT)
 HIGHEST   100           200 AM
 LOWEST     56           100 PM
 AVERAGE    78

..........................................................


THE ALEXANDRIA CLIMATE NORMALS FOR TODAY
                         NORMAL    RECORD    YEAR
 MAXIMUM TEMPERATURE (F)   87        96      1912
                                             1902
 MINIMUM TEMPERATURE (F)   66        49      1979


SUNRISE AND SUNSET
MAY 26 2016...........SUNRISE   608 AM CDT   SUNSET   807 PM CDT
MAY 27 2016...........SUNRISE   608 AM CDT   SUNSET   807 PM CDT


-  INDICATES NEGATIVE NUMBERS.
R  INDICATES RECORD WAS SET OR TIED.
MM INDICATES DATA IS MISSING.
T  INDICATES TRACE AMOUNT.




$$
