000
CDUS44 KLCH 310902
CLIAEX


CLIMATE REPORT
NATIONAL WEATHER SERVICE LAKE CHARLES, LA
402 AM CDT MON AUG 31 2015


...................................

...THE ALEXANDRIA CLIMATE SUMMARY FOR AUGUST 30 2015...

CLIMATE NORMAL PERIOD 1981 TO 2010
CLIMATE RECORD PERIOD 1892 TO 2015


WEATHER ITEM   OBSERVED TIME   RECORD YEAR NORMAL DEPARTURE LAST
                VALUE   (LST)  VALUE       VALUE  FROM      YEAR
                                                  NORMAL
..................................................................
TEMPERATURE (F)
 YESTERDAY
  MAXIMUM         93    247 PM 105    1954  93      0       78
  MINIMUM         66    459 AM  57    1986  70     -4       73
                                      1906
                                      1893
  AVERAGE         80                        82     -2       76

PRECIPITATION (IN)
  YESTERDAY        0.00          2.56 2014   0.12  -0.12     2.56
  MONTH TO DATE    0.97                      3.39  -2.42     5.10
  SINCE JUN 1      9.31                     12.12  -2.81    13.13
  SINCE JAN 1     34.56                     36.12  -1.56    31.35

DEGREE DAYS
 COOLING
  YESTERDAY       15                        16     -1       11
  MONTH TO DATE  545                       529     16      513
  SINCE JUN 1   1638                      1521    117     1481
  SINCE JAN 1   2160                      1975    185     1892
..................................................................


WIND (MPH)
  HIGHEST WIND SPEED    13   HIGHEST WIND DIRECTION    SE (130)
  HIGHEST GUST SPEED    17   HIGHEST GUST DIRECTION    SE (130)
  AVERAGE WIND SPEED     2.3


SKY COVER
  POSSIBLE SUNSHINE  MM
  AVERAGE SKY COVER 0.0


WEATHER CONDITIONS
 THE FOLLOWING WEATHER WAS RECORDED YESTERDAY.
  FOG


RELATIVE HUMIDITY (PERCENT)
 HIGHEST    93           500 AM
 LOWEST     36           100 PM
 AVERAGE    65

..........................................................


THE ALEXANDRIA CLIMATE NORMALS FOR TODAY
                         NORMAL    RECORD    YEAR
 MAXIMUM TEMPERATURE (F)   93       108      2000
 MINIMUM TEMPERATURE (F)   70        59      1893


SUNRISE AND SUNSET
AUGUST 31 2015........SUNRISE   645 AM CDT   SUNSET   735 PM CDT
SEPTEMBER  1 2015.....SUNRISE   646 AM CDT   SUNSET   734 PM CDT


-  INDICATES NEGATIVE NUMBERS.
R  INDICATES RECORD WAS SET OR TIED.
MM INDICATES DATA IS MISSING.
T  INDICATES TRACE AMOUNT.




$$
