000
CDUS44 KLCH 280857
CLIAEX


CLIMATE REPORT
NATIONAL WEATHER SERVICE LAKE CHARLES, LA
255 AM CST SUN DEC 28 2014


...................................

...THE ALEXANDRIA CLIMATE SUMMARY FOR DECEMBER 27 2014...

CLIMATE NORMAL PERIOD 1981 TO 2010
CLIMATE RECORD PERIOD 1892 TO 2014


WEATHER ITEM   OBSERVED TIME   RECORD YEAR NORMAL DEPARTURE LAST
                VALUE   (LST)  VALUE       VALUE  FROM      YEAR
                                                  NORMAL
..................................................................
TEMPERATURE (F)
 YESTERDAY
  MAXIMUM         67   1155 AM  78    2008  59      8       55
  MINIMUM         52   1159 PM  16    1892  40     12       36
  AVERAGE         60                        49     11       46

PRECIPITATION (IN)
  YESTERDAY        0.42          4.63 1942   0.16   0.26     0.00
  MONTH TO DATE    1.96                      5.59  -3.63     2.60
  SINCE DEC 1      1.96                      5.59  -3.63     2.60
  SINCE JAN 1     42.43                     55.39 -12.96    55.09

SNOWFALL (IN)
  YESTERDAY        0.0           0.0    MM  MM     MM        0.0
  MONTH TO DATE    0.0                      MM     MM        0.0
  SINCE DEC 1      0.0                      MM     MM        0.0
  SINCE JUL 1      0.0                      MM     MM        0.0
  SNOW DEPTH       0

DEGREE DAYS
 HEATING
  YESTERDAY        5                        16    -11       19
  MONTH TO DATE  311                       401    -90      430
  SINCE DEC 1    311                       401    -90      430
  SINCE JUL 1    704                       726    -22      806
..................................................................


WIND (MPH)
  HIGHEST WIND SPEED    20   HIGHEST WIND DIRECTION    NW (310)
  HIGHEST GUST SPEED    24   HIGHEST GUST DIRECTION    NW (320)
  AVERAGE WIND SPEED     9.1


SKY COVER
  POSSIBLE SUNSHINE  MM
  AVERAGE SKY COVER 1.0


WEATHER CONDITIONS
 THE FOLLOWING WEATHER WAS RECORDED YESTERDAY.
  THUNDERSTORM
  HEAVY RAIN
  RAIN
  LIGHT RAIN
  FOG


RELATIVE HUMIDITY (PERCENT)
 HIGHEST   100           200 PM
 LOWEST     87           100 AM
 AVERAGE    94

..........................................................


THE ALEXANDRIA CLIMATE NORMALS FOR TODAY
                         NORMAL    RECORD    YEAR
 MAXIMUM TEMPERATURE (F)   59        79      1954
 MINIMUM TEMPERATURE (F)   40        18      1925
                                             1894


SUNRISE AND SUNSET
DECEMBER 28 2014......SUNRISE   708 AM CST   SUNSET   516 PM CST
DECEMBER 29 2014......SUNRISE   708 AM CST   SUNSET   516 PM CST


-  INDICATES NEGATIVE NUMBERS.
R  INDICATES RECORD WAS SET OR TIED.
MM INDICATES DATA IS MISSING.
T  INDICATES TRACE AMOUNT.




$$
