000
CDUS44 KLCH 091245
CLIAEX


CLIMATE REPORT
NATIONAL WEATHER SERVICE LAKE CHARLES, LA
645 AM CST TUE FEB 9 2016


...................................

...THE ALEXANDRIA CLIMATE SUMMARY FOR FEBRUARY 8 2016...

CLIMATE NORMAL PERIOD 1981 TO 2010
CLIMATE RECORD PERIOD 1892 TO 2016


WEATHER ITEM   OBSERVED TIME   RECORD YEAR NORMAL DEPARTURE LAST
                VALUE   (LST)  VALUE       VALUE  FROM      YEAR
                                                  NORMAL
..................................................................
TEMPERATURE (F)
 YESTERDAY
  MAXIMUM         57    312 PM  82    1999  61     -4       75
                                      1950
                                      1911
  MINIMUM         38   1159 PM   9    1895  40     -2       50
  AVERAGE         48                        50     -2       63

PRECIPITATION (IN)
  YESTERDAY        0.00          2.05 1946   0.15  -0.15     0.00
  MONTH TO DATE    0.42                      1.23  -0.81     0.07
  SINCE DEC 1     12.26                     12.57  -0.31     6.17
  SINCE JAN 1      4.20                      6.45  -2.25     3.78

SNOWFALL (IN)
  YESTERDAY        0.0           T    1988  MM     MM        0.0
                                      1933
  MONTH TO DATE    0.0                      MM     MM        0.0
  SINCE DEC 1      0.0                      MM     MM        0.0
  SINCE JUL 1      0.0                      MM     MM        0.0
  SNOW DEPTH       0

DEGREE DAYS
 HEATING
  YESTERDAY       17                        15      2        2
  MONTH TO DATE  117                       122     -5      133
  SINCE DEC 1    870                      1088   -218     1094
  SINCE JUL 1   1021                      1413   -392     1487
..................................................................


WIND (MPH)
  HIGHEST WIND SPEED    35   HIGHEST WIND DIRECTION     W (290)
  HIGHEST GUST SPEED    44   HIGHEST GUST DIRECTION     W (290)
  AVERAGE WIND SPEED    15.9


SKY COVER
  POSSIBLE SUNSHINE  MM
  AVERAGE SKY COVER 0.0


WEATHER CONDITIONS
 THE FOLLOWING WEATHER WAS RECORDED YESTERDAY.
  NO SIGNIFICANT WEATHER WAS OBSERVED.


RELATIVE HUMIDITY (PERCENT)
 HIGHEST    89           200 AM
 LOWEST     18           400 PM
 AVERAGE    54

..........................................................


THE ALEXANDRIA CLIMATE NORMALS FOR TODAY
                         NORMAL    RECORD    YEAR
 MAXIMUM TEMPERATURE (F)   62        84      1957
 MINIMUM TEMPERATURE (F)   40        15      1933


SUNRISE AND SUNSET
FEBRUARY  9 2016......SUNRISE   657 AM CST   SUNSET   552 PM CST
FEBRUARY 10 2016......SUNRISE   656 AM CST   SUNSET   553 PM CST


-  INDICATES NEGATIVE NUMBERS.
R  INDICATES RECORD WAS SET OR TIED.
MM INDICATES DATA IS MISSING.
T  INDICATES TRACE AMOUNT.




$$
