000
CDUS44 KLCH 302206
CLIAEX


CLIMATE REPORT
NATIONAL WEATHER SERVICE LAKE CHARLES, LA
506 PM CDT TUE JUN 30 2015


...................................

...THE ALEXANDRIA CLIMATE SUMMARY FOR JUNE 30 2015...
VALID TODAY AS OF 0500 PM LOCAL TIME.

CLIMATE NORMAL PERIOD 1981 TO 2010
CLIMATE RECORD PERIOD 1892 TO 2015


WEATHER ITEM   OBSERVED TIME   RECORD YEAR NORMAL DEPARTURE LAST
                VALUE   (LST)  VALUE       VALUE  FROM      YEAR
                                                  NORMAL
..................................................................
TEMPERATURE (F)
 TODAY
  MAXIMUM         91    210 PM 101    1954  92     -1       91
                                      1917
                                      1902
  MINIMUM         73    316 AM  54    1974  72      1       75
  AVERAGE         82                        82      0       83

PRECIPITATION (IN)
  TODAY            0.07          5.05 1992   0.17  -0.10     0.00
  MONTH TO DATE    4.80                      5.10  -0.30     2.88
  SINCE JUN 1      4.80                      5.10  -0.30     2.88
  SINCE JAN 1     30.05                     29.10   0.95    21.10

DEGREE DAYS
 COOLING
  TODAY           17                        17      0       18
  MONTH TO DATE  485                       453     32      473
  SINCE JUN 1    485                       453     32      473
  SINCE JAN 1   1007                       907    100      884
..................................................................


WIND (MPH)
  HIGHEST WIND SPEED    21   HIGHEST WIND DIRECTION    SW (210)
  HIGHEST GUST SPEED    35   HIGHEST GUST DIRECTION     S (200)
  AVERAGE WIND SPEED     6.6


SKY COVER
  POSSIBLE SUNSHINE  MM
  AVERAGE SKY COVER 0.3


WEATHER CONDITIONS
 THE FOLLOWING WEATHER WAS RECORDED TODAY.
  THUNDERSTORM
  LIGHT RAIN
  FOG
  HAZE


RELATIVE HUMIDITY (PERCENT)
 HIGHEST    94           400 AM
 LOWEST     52           200 PM
 AVERAGE    73

..........................................................


THE ALEXANDRIA CLIMATE NORMALS FOR TOMORROW
                         NORMAL    RECORD    YEAR
 MAXIMUM TEMPERATURE (F)   92       104      1954
 MINIMUM TEMPERATURE (F)   72        63      1950


SUNRISE AND SUNSET
JUNE 30 2015..........SUNRISE   609 AM CDT   SUNSET   819 PM CDT
JULY  1 2015..........SUNRISE   609 AM CDT   SUNSET   819 PM CDT


-  INDICATES NEGATIVE NUMBERS.
R  INDICATES RECORD WAS SET OR TIED.
MM INDICATES DATA IS MISSING.
T  INDICATES TRACE AMOUNT.




$$
