000
CDUS44 KLCH 280813
CLIAEX


CLIMATE REPORT
NATIONAL WEATHER SERVICE LAKE CHARLES, LA
313 AM CDT MON JUL 28 2014


...................................

...THE ALEXANDRIA CLIMATE SUMMARY FOR JULY 27 2014...

CLIMATE NORMAL PERIOD 1981 TO 2010
CLIMATE RECORD PERIOD 1892 TO 2014


WEATHER ITEM   OBSERVED TIME   RECORD YEAR NORMAL DEPARTURE LAST
                VALUE   (LST)  VALUE       VALUE  FROM      YEAR
                                                  NORMAL
..................................................................
TEMPERATURE (F)
 YESTERDAY
  MAXIMUM         95    152 PM 104    2008  92      3       86
  MINIMUM         76    527 AM  61    1911  73      3       73
                                      1894
  AVERAGE         86                        83      3       80

PRECIPITATION (IN)
  YESTERDAY        0.00          2.00 1928   0.08  -0.08     1.39
  MONTH TO DATE    5.15                      3.31   1.84     3.46
  SINCE JUN 1      8.03                      8.41  -0.38     7.65
  SINCE JAN 1     26.25                     32.41  -6.16    32.91

DEGREE DAYS
 COOLING
  YESTERDAY       21                        18      3       15
  MONTH TO DATE  432                       468    -36      452
  SINCE JUN 1    905                       921    -16      933
  SINCE JAN 1   1316                      1375    -59     1326
..................................................................


WIND (MPH)
  HIGHEST WIND SPEED    10   HIGHEST WIND DIRECTION    SW (210)
  HIGHEST GUST SPEED    17   HIGHEST GUST DIRECTION    SW (230)
  AVERAGE WIND SPEED     4.6


SKY COVER
  POSSIBLE SUNSHINE  MM
  AVERAGE SKY COVER 0.1


WEATHER CONDITIONS
 THE FOLLOWING WEATHER WAS RECORDED YESTERDAY.
  FOG


RELATIVE HUMIDITY (PERCENT)
 HIGHEST    94           400 AM
 LOWEST     52          1200 PM
 AVERAGE    73

..........................................................


THE ALEXANDRIA CLIMATE NORMALS FOR TODAY
                         NORMAL    RECORD    YEAR
 MAXIMUM TEMPERATURE (F)   93       103      2008
 MINIMUM TEMPERATURE (F)   73        64      1911


SUNRISE AND SUNSET
JULY 28 2014..........SUNRISE   624 AM CDT   SUNSET   809 PM CDT
JULY 29 2014..........SUNRISE   625 AM CDT   SUNSET   808 PM CDT


-  INDICATES NEGATIVE NUMBERS.
R  INDICATES RECORD WAS SET OR TIED.
MM INDICATES DATA IS MISSING.
T  INDICATES TRACE AMOUNT.




$$
