000
CDUS44 KLCH 010820
CLIAEX


CLIMATE REPORT
NATIONAL WEATHER SERVICE LAKE CHARLES, LA
320 AM CDT SAT NOV 1 2014


...................................

...THE ALEXANDRIA CLIMATE SUMMARY FOR OCTOBER 31 2014...

CLIMATE NORMAL PERIOD 1981 TO 2010
CLIMATE RECORD PERIOD 1892 TO 2014


WEATHER ITEM   OBSERVED TIME   RECORD YEAR NORMAL DEPARTURE LAST
                VALUE   (LST)  VALUE       VALUE  FROM      YEAR
                                                  NORMAL
..................................................................
TEMPERATURE (F)
 YESTERDAY
  MAXIMUM         73    228 PM  89    1951  75     -2       75
  MINIMUM         43    536 AM  29    1917  50     -7       62
                                      1910
  AVERAGE         58                        63     -5       69

PRECIPITATION (IN)
  YESTERDAY        0.00          3.29 1979   0.06  -0.06     1.76
  MONTH TO DATE    4.55                      5.18  -0.63     4.89
  SINCE SEP 1      5.42                      8.08  -2.66    10.28
  SINCE JAN 1     36.77                     44.31  -7.54    47.87

SNOWFALL (IN)
  YESTERDAY        0.0           0.0    MM  MM     MM        0.0
  MONTH TO DATE    0.0                      MM     MM        0.0
  SINCE SEP 1      0.0                      MM     MM        0.0
  SINCE JUL 1      0.0                      MM     MM        0.0
  SNOW DEPTH       0

DEGREE DAYS
 HEATING
  YESTERDAY        7                         5      2        0
  MONTH TO DATE   35                        71    -36       43
  SINCE SEP 1     35                        73    -38       43
  SINCE JUL 1     35                        73    -38       43

 COOLING
  YESTERDAY        0                         2     -2        4
  MONTH TO DATE  161                       136     25      163
  SINCE SEP 1    562                       499     63      624
  SINCE JAN 1   2470                      2486    -16     2589
..................................................................


WIND (MPH)
  HIGHEST WIND SPEED    18   HIGHEST WIND DIRECTION     N (340)
  HIGHEST GUST SPEED    26   HIGHEST GUST DIRECTION    NW (320)
  AVERAGE WIND SPEED     7.2


SKY COVER
  POSSIBLE SUNSHINE  MM
  AVERAGE SKY COVER 0.1


WEATHER CONDITIONS
 THE FOLLOWING WEATHER WAS RECORDED YESTERDAY.
  FOG


RELATIVE HUMIDITY (PERCENT)
 HIGHEST    93          1200 AM
 LOWEST     38          1200 PM
 AVERAGE    66

..........................................................


THE ALEXANDRIA CLIMATE NORMALS FOR TODAY
                         NORMAL    RECORD    YEAR
 MAXIMUM TEMPERATURE (F)   75        87      1946
 MINIMUM TEMPERATURE (F)   50        29      1898


SUNRISE AND SUNSET
NOVEMBER  1 2014......SUNRISE   726 AM CDT   SUNSET   621 PM CDT
NOVEMBER  2 2014......SUNRISE   627 AM CST   SUNSET   520 PM CST


-  INDICATES NEGATIVE NUMBERS.
R  INDICATES RECORD WAS SET OR TIED.
MM INDICATES DATA IS MISSING.
T  INDICATES TRACE AMOUNT.




$$
