000
CDUS44 KLCH 280827
CLIAEX


CLIMATE REPORT
NATIONAL WEATHER SERVICE LAKE CHARLES, LA
327 AM CDT TUE JUL 28 2015


...................................

...THE ALEXANDRIA CLIMATE SUMMARY FOR JULY 27 2015...

CLIMATE NORMAL PERIOD 1981 TO 2010
CLIMATE RECORD PERIOD 1892 TO 2015


WEATHER ITEM   OBSERVED TIME   RECORD YEAR NORMAL DEPARTURE LAST
                VALUE   (LST)  VALUE       VALUE  FROM      YEAR
                                                  NORMAL
..................................................................
TEMPERATURE (F)
 YESTERDAY
  MAXIMUM         95    434 PM 104    2008  92      3       95
  MINIMUM         73    534 AM  61    1911  73      0       76
                                      1894
  AVERAGE         84                        83      1       86

PRECIPITATION (IN)
  YESTERDAY        0.00          2.00 1928   0.08  -0.08     0.00
  MONTH TO DATE    2.80                      3.31  -0.51     5.15
  SINCE JUN 1      7.60                      8.41  -0.81     8.03
  SINCE JAN 1     32.85                     32.41   0.44    26.25

DEGREE DAYS
 COOLING
  YESTERDAY       19                        18      1       21
  MONTH TO DATE  522                       468     54      432
  SINCE JUN 1   1007                       921     86      905
  SINCE JAN 1   1529                      1375    154     1316
..................................................................


WIND (MPH)
  HIGHEST WIND SPEED     9   HIGHEST WIND DIRECTION    SE (150)
  HIGHEST GUST SPEED    14   HIGHEST GUST DIRECTION    SE (140)
  AVERAGE WIND SPEED     2.8


SKY COVER
  POSSIBLE SUNSHINE  MM
  AVERAGE SKY COVER 0.0


WEATHER CONDITIONS
 THE FOLLOWING WEATHER WAS RECORDED YESTERDAY.
  FOG


RELATIVE HUMIDITY (PERCENT)
 HIGHEST   100          1200 AM
 LOWEST     46           300 PM
 AVERAGE    73

..........................................................


THE ALEXANDRIA CLIMATE NORMALS FOR TODAY
                         NORMAL    RECORD    YEAR
 MAXIMUM TEMPERATURE (F)   93       103      2008
 MINIMUM TEMPERATURE (F)   73        64      1911


SUNRISE AND SUNSET
JULY 28 2015..........SUNRISE   624 AM CDT   SUNSET   809 PM CDT
JULY 29 2015..........SUNRISE   625 AM CDT   SUNSET   808 PM CDT


-  INDICATES NEGATIVE NUMBERS.
R  INDICATES RECORD WAS SET OR TIED.
MM INDICATES DATA IS MISSING.
T  INDICATES TRACE AMOUNT.




$$
