000
CDUS44 KLCH 180814
CLIAEX


CLIMATE REPORT
NATIONAL WEATHER SERVICE LAKE CHARLES, LA
212 AM CST MON DEC 18 2017


...................................

...THE ALEXANDRIA CLIMATE SUMMARY FOR DECEMBER 17 2017...

CLIMATE NORMAL PERIOD 1981 TO 2010
CLIMATE RECORD PERIOD 1892 TO 2017


WEATHER ITEM   OBSERVED TIME   RECORD YEAR NORMAL DEPARTURE LAST
                VALUE   (LST)  VALUE       VALUE  FROM      YEAR
                                                  NORMAL
..................................................................
TEMPERATURE (F)
 YESTERDAY
  MAXIMUM         57    111 AM  79    2016  60     -3       79
                                      1924
  MINIMUM         47    342 AM  18    1989  40      7       54
  AVERAGE         52                        50      2       67

PRECIPITATION (IN)
  YESTERDAY        0.35          3.13 1959   0.21   0.14     0.39
  MONTH TO DATE    0.46                      3.89  -3.43     8.12
  SINCE DEC 1      0.46                      3.89  -3.43     8.12
  SINCE JAN 1     46.10                     53.69  -7.59    55.09

SNOWFALL (IN)
  YESTERDAY       MM             0.0    MM  MM     MM        0.0
  MONTH TO DATE    2.1                      MM     MM        0.0
  SINCE DEC 1      2.1                      MM     MM        0.0
  SINCE JUL 1      2.1                      MM     MM        0.0
  SNOW DEPTH       0

DEGREE DAYS
 HEATING
  YESTERDAY       13                        15     -2        0
  MONTH TO DATE  269                       244     25      233
  SINCE DEC 1    269                       244     25      233
  SINCE JUL 1    539                       569    -30      408
..................................................................


WIND (MPH)
  HIGHEST WIND SPEED    24   HIGHEST WIND DIRECTION    NW (310)
  HIGHEST GUST SPEED    32   HIGHEST GUST DIRECTION    NW (310)
  AVERAGE WIND SPEED     4.0


SKY COVER
  POSSIBLE SUNSHINE  MM
  AVERAGE SKY COVER 1.0


WEATHER CONDITIONS
 THE FOLLOWING WEATHER WAS RECORDED YESTERDAY.
  HEAVY RAIN
  RAIN
  LIGHT RAIN
  FOG
  FOG W/VISIBILITY <= 1/4 MILE


RELATIVE HUMIDITY (PERCENT)
 HIGHEST   100           800 AM
 LOWEST     66          1200 AM
 AVERAGE    83

..........................................................


THE ALEXANDRIA CLIMATE NORMALS FOR TODAY
                         NORMAL    RECORD    YEAR
 MAXIMUM TEMPERATURE (F)   60        81      1908
 MINIMUM TEMPERATURE (F)   40        15      1901


SUNRISE AND SUNSET
DECEMBER 18 2017......SUNRISE   704 AM CST   SUNSET   510 PM CST
DECEMBER 19 2017......SUNRISE   704 AM CST   SUNSET   511 PM CST


-  INDICATES NEGATIVE NUMBERS.
R  INDICATES RECORD WAS SET OR TIED.
MM INDICATES DATA IS MISSING.
T  INDICATES TRACE AMOUNT.




$$
