000
CDUS44 KLCH 222230
CLIAEX


CLIMATE REPORT
NATIONAL WEATHER SERVICE LAKE CHARLES, LA
429 PM CST WED FEB 22 2017


...................................

...THE ALEXANDRIA CLIMATE SUMMARY FOR FEBRUARY 22 2017...
VALID TODAY AS OF 0400 PM LOCAL TIME.

CLIMATE NORMAL PERIOD 1981 TO 2010
CLIMATE RECORD PERIOD 1892 TO 2017


WEATHER ITEM   OBSERVED TIME   RECORD YEAR NORMAL DEPARTURE LAST
                VALUE   (LST)  VALUE       VALUE  FROM      YEAR
                                                  NORMAL
..................................................................
TEMPERATURE (F)
 TODAY
  MAXIMUM         73    354 PM  82    1993  65      8       67
                                      1909
  MINIMUM         59    509 AM  21    1978  43     16       53
                                      1968
  AVERAGE         66                        54     12       60

PRECIPITATION (IN)
  TODAY            0.03          2.40 1969   0.16  -0.13     0.07
  MONTH TO DATE    1.91                      3.51  -1.60     2.12
  SINCE DEC 1     16.73                     14.85   1.88    13.96
  SINCE JAN 1      7.68                      8.73  -1.05     5.90

SNOWFALL (IN)
  TODAY            0.0           0.0    MM  MM     MM        0.0
  MONTH TO DATE    0.0                      MM     MM        0.0
  SINCE DEC 1      0.5                      MM     MM        0.0
  SINCE JUL 1      0.5                      MM     MM        0.0
  SNOW DEPTH       0

DEGREE DAYS
 HEATING
  TODAY            0                        12    -12        5
  MONTH TO DATE  115                       308   -193      218
  SINCE DEC 1    780                      1274   -494      971
  SINCE JUL 1    955                      1599   -644     1122
..................................................................


WIND (MPH)
  HIGHEST WIND SPEED    13   HIGHEST WIND DIRECTION    NW (320)
  HIGHEST GUST SPEED    16   HIGHEST GUST DIRECTION    NW (320)
  AVERAGE WIND SPEED     4.9


SKY COVER
  POSSIBLE SUNSHINE  MM
  AVERAGE SKY COVER 0.8


WEATHER CONDITIONS
 THE FOLLOWING WEATHER WAS RECORDED TODAY.
  RAIN
  LIGHT RAIN
  FOG


RELATIVE HUMIDITY (PERCENT)
 HIGHEST   100           500 AM
 LOWEST     49           400 PM
 AVERAGE    75

..........................................................


THE ALEXANDRIA CLIMATE NORMALS FOR TOMORROW
                         NORMAL    RECORD    YEAR
 MAXIMUM TEMPERATURE (F)   65        84      1907
 MINIMUM TEMPERATURE (F)   43        19      1968


SUNRISE AND SUNSET
FEBRUARY 22 2017......SUNRISE   644 AM CST   SUNSET   603 PM CST
FEBRUARY 23 2017......SUNRISE   643 AM CST   SUNSET   604 PM CST


-  INDICATES NEGATIVE NUMBERS.
R  INDICATES RECORD WAS SET OR TIED.
MM INDICATES DATA IS MISSING.
T  INDICATES TRACE AMOUNT.




$$
