000
CDUS42 KCAE 190520
CLIAGS


CLIMATE REPORT
NATIONAL WEATHER SERVICE COLUMBIA SC
120 AM EDT SAT APR 19 2014


...................................

...THE AUGUSTA REGIONAL BUSH FIELD GA CLIMATE SUMMARY FOR APRIL 18 2014...

CLIMATE NORMAL PERIOD 1981 TO 2010
CLIMATE RECORD PERIOD 1873 TO 2014


WEATHER ITEM   OBSERVED TIME   RECORD YEAR NORMAL DEPARTURE LAST
                VALUE   (LST)  VALUE       VALUE  FROM      YEAR
                                                  NORMAL
..................................................................
TEMPERATURE (F)
 YESTERDAY
  MAXIMUM         58   1122 AM  91    1896  78    -20       83
  MINIMUM         49   1202 AM  34    2001  49      0       58
                                      1999
  AVERAGE         54                        63     -9       71

PRECIPITATION (IN)
  YESTERDAY        1.76          2.19 1900   0.09   1.67     0.00
  MONTH TO DATE    3.71                      1.81   1.90     1.22
  SINCE MAR 1      6.27                      5.99   0.28     4.33
  SINCE JAN 1     12.48                     13.82  -1.34    14.33

SNOWFALL (IN)
  YESTERDAY        0.0          MM      MM   0.0             0.0
  MONTH TO DATE    0.0                       0.0             0.0
  SINCE MAR 1      0.0                       0.0             0.0
  SINCE JUL 1      3.3                       0.9             0.0

DEGREE DAYS
 HEATING
  YESTERDAY       11                         4      7        0
  MONTH TO DATE   83                        91     -8       76
  SINCE MAR 1    483                       387     96      511
  SINCE JUL 1   2645                      2419    226     2315

 COOLING
  YESTERDAY        0                         2     -2        6
  MONTH TO DATE   18                        24     -6       34
  SINCE MAR 1     18                        39    -21       40
  SINCE JAN 1     20                        42    -22       55
..................................................................


WIND (MPH)
  HIGHEST WIND SPEED    23   HIGHEST WIND DIRECTION    NE (30)
  HIGHEST GUST SPEED    29   HIGHEST GUST DIRECTION    NE (30)
  AVERAGE WIND SPEED     9.8


SKY COVER
  AVERAGE SKY COVER 0.6


WEATHER CONDITIONS
 THE FOLLOWING WEATHER WAS RECORDED YESTERDAY.
  HEAVY RAIN
  RAIN
  LIGHT RAIN
  FOG


RELATIVE HUMIDITY (PERCENT)
 HIGHEST    96          1100 PM
 LOWEST     62          1000 AM
 AVERAGE    79

..........................................................


THE AUGUSTA REGIONAL BUSH FIELD GA CLIMATE NORMALS FOR TODAY
                         NORMAL    RECORD    YEAR
 MAXIMUM TEMPERATURE (F)   78        92      2002
                                             1976
 MINIMUM TEMPERATURE (F)   49        33      2001
                                             1983


SUNRISE AND SUNSET
APRIL 19 2014.........SUNRISE   653 AM EDT   SUNSET   802 PM EDT
APRIL 20 2014.........SUNRISE   652 AM EDT   SUNSET   802 PM EDT


-  INDICATES NEGATIVE NUMBERS.
R  INDICATES RECORD WAS SET OR TIED.
MM INDICATES DATA IS MISSING.
T  INDICATES TRACE AMOUNT.




$$
