000
CDUS42 KCAE 290640
CLIAGS


CLIMATE REPORT
NATIONAL WEATHER SERVICE COLUMBIA SC
139 AM EST MON DEC 29 2014


...................................

...THE AUGUSTA REGIONAL BUSH FIELD GA CLIMATE SUMMARY FOR DECEMBER 28 2014...

CLIMATE NORMAL PERIOD 1981 TO 2010
CLIMATE RECORD PERIOD 1873 TO 2014


WEATHER ITEM   OBSERVED TIME   RECORD YEAR NORMAL DEPARTURE LAST
                VALUE   (LST)  VALUE       VALUE  FROM      YEAR
                                                  NORMAL
..................................................................
TEMPERATURE (F)
 YESTERDAY
  MAXIMUM         69    401 PM  80    1984  58     11       56
  MINIMUM         51    148 AM  15    1925  33     18       26
                                      1894
  AVERAGE         60                        45     15       41

PRECIPITATION (IN)
  YESTERDAY        0.03          1.85 1901   0.11  -0.08     0.22
  MONTH TO DATE    4.14                      3.05   1.09     4.83
  SINCE DEC 1      4.14                      3.05   1.09     4.83
  SINCE JAN 1     38.62                     43.23  -4.61    53.45

SNOWFALL (IN)
  YESTERDAY        0.0          MM      MM   0.0             0.0
  MONTH TO DATE    0.0                       0.1             0.0
  SINCE DEC 1      0.0                       0.1             0.0
  SINCE JUL 1      0.0                       0.1             0.0

DEGREE DAYS
 HEATING
  YESTERDAY        5                        20    -15       24
  MONTH TO DATE  412                       495    -83      409
  SINCE DEC 1    412                       495    -83      409
  SINCE JUL 1    976                       917     59      868

 COOLING
  YESTERDAY        0                         0      0        0
  MONTH TO DATE    0                         0      0       11
  SINCE DEC 1      0                         0      0       11
  SINCE JAN 1   2099                      2086     13     1876
..................................................................


WIND (MPH)
  HIGHEST WIND SPEED    16   HIGHEST WIND DIRECTION     W (280)
  HIGHEST GUST SPEED    21   HIGHEST GUST DIRECTION     W (290)
  AVERAGE WIND SPEED     3.4


SKY COVER
  AVERAGE SKY COVER 0.8


WEATHER CONDITIONS
 THE FOLLOWING WEATHER WAS RECORDED YESTERDAY.
  LIGHT RAIN
  FOG


RELATIVE HUMIDITY (PERCENT)
 HIGHEST   100           600 AM
 LOWEST     73           300 PM
 AVERAGE    87

..........................................................


THE AUGUSTA REGIONAL BUSH FIELD GA CLIMATE NORMALS FOR TODAY
                         NORMAL    RECORD    YEAR
 MAXIMUM TEMPERATURE (F)   58        80      1984
 MINIMUM TEMPERATURE (F)   33         9      1894


SUNRISE AND SUNSET
DECEMBER 29 2014......SUNRISE   731 AM EST   SUNSET   529 PM EST
DECEMBER 30 2014......SUNRISE   731 AM EST   SUNSET   530 PM EST


-  INDICATES NEGATIVE NUMBERS.
R  INDICATES RECORD WAS SET OR TIED.
MM INDICATES DATA IS MISSING.
T  INDICATES TRACE AMOUNT.




$$
