000
CDUS42 KCAE 162140
CLIAGS


CLIMATE REPORT
NATIONAL WEATHER SERVICE COLUMBIA SC
540 PM EDT MON OCT 16 2017


...................................

...THE AUGUSTA BUSH FIELD GA CLIMATE SUMMARY FOR OCTOBER 16 2017...
VALID TODAY AS OF 0500 PM LOCAL TIME.

CLIMATE NORMAL PERIOD 1981 TO 2010
CLIMATE RECORD PERIOD 1873 TO 2017


WEATHER ITEM   OBSERVED TIME   RECORD YEAR NORMAL DEPARTURE LAST
                VALUE   (LST)  VALUE       VALUE  FROM      YEAR
                                                  NORMAL
..................................................................
TEMPERATURE (F)
 TODAY
  MAXIMUM         83    159 PM  89    1984  78      5       84
                                      1925
  MINIMUM         66    132 AM  34    1987  51     15       60
  AVERAGE         75                        64     11       72

PRECIPITATION (IN)
  TODAY            T             2.91 1932   0.11  -0.11     0.00
  MONTH TO DATE    0.63                      1.87  -1.24     2.09
  SINCE SEP 1      4.91                      5.09  -0.18     6.67
  SINCE JAN 1     39.29                     35.96   3.33    33.24

SNOWFALL (IN)
  TODAY            0.0          MM      MM   0.0             0.0
  MONTH TO DATE    0.0                       0.0             0.0
  SINCE SEP 1      0.0                       0.0             0.0
  SINCE JUL 1      0.0                       0.0             0.0

DEGREE DAYS
 HEATING
  TODAY            0                         3     -3        0
  MONTH TO DATE    0                        33    -33        8
  SINCE SEP 1      0                        40    -40        8
  SINCE JUL 1      0                        40    -40        8

 COOLING
  TODAY           10                         3      7        7
  MONTH TO DATE  183                        63    120       73
  SINCE SEP 1    542                       359    183      457
  SINCE JAN 1   2670                      2047    623     2428
..................................................................


WIND (MPH)
  HIGHEST WIND SPEED    16   HIGHEST WIND DIRECTION    NE (50)
  HIGHEST GUST SPEED    21   HIGHEST GUST DIRECTION    NE (50)
  AVERAGE WIND SPEED     5.0


SKY COVER
  AVERAGE SKY COVER 0.5


WEATHER CONDITIONS
 THE FOLLOWING WEATHER WAS RECORDED TODAY.
  LIGHT RAIN
  FOG


RELATIVE HUMIDITY (PERCENT)
 HIGHEST    97           400 AM
 LOWEST     58           200 PM
 AVERAGE    78

..........................................................


THE AUGUSTA BUSH FIELD GA CLIMATE NORMALS FOR TOMORROW
                         NORMAL    RECORD    YEAR
 MAXIMUM TEMPERATURE (F)   77        91      1984
 MINIMUM TEMPERATURE (F)   51        32      1954


SUNRISE AND SUNSET
OCTOBER 16 2017.......SUNRISE   733 AM EDT   SUNSET   653 PM EDT
OCTOBER 17 2017.......SUNRISE   734 AM EDT   SUNSET   652 PM EDT


-  INDICATES NEGATIVE NUMBERS.
R  INDICATES RECORD WAS SET OR TIED.
MM INDICATES DATA IS MISSING.
T  INDICATES TRACE AMOUNT.




$$
