000
CDUS42 KCAE 290534
CLIAGS


CLIMATE REPORT
NATIONAL WEATHER SERVICE COLUMBIA SC
132 AM EDT FRI APR 29 2016


...................................

...THE AUGUSTA REGIONAL BUSH FIELD GA CLIMATE SUMMARY FOR APRIL 28 2016...

CLIMATE NORMAL PERIOD 1981 TO 2010
CLIMATE RECORD PERIOD 1873 TO 2016


WEATHER ITEM   OBSERVED TIME   RECORD YEAR NORMAL DEPARTURE LAST
                VALUE   (LST)  VALUE       VALUE  FROM      YEAR
                                                  NORMAL
..................................................................
TEMPERATURE (F)
 YESTERDAY
  MAXIMUM         87    443 PM  91    2012  80      7       72
                                      1986
                                      1985
  MINIMUM         64    618 AM  37    2005  51     13       51
  AVERAGE         76                        66     10       62

PRECIPITATION (IN)
  YESTERDAY        0.01          2.22 2013   0.09  -0.08      T
  MONTH TO DATE    4.42                      2.68   1.74     4.50
  SINCE MAR 1      7.60                      6.86   0.74     7.54
  SINCE JAN 1     13.02                     14.69  -1.67    14.34

SNOWFALL (IN)
  YESTERDAY        0.0          MM      MM   0.0             0.0
  MONTH TO DATE    0.0                       0.0             0.0
  SINCE MAR 1      0.0                       0.0             0.0
  SINCE JUL 1      0.5                       0.9              T

DEGREE DAYS
 HEATING
  YESTERDAY        0                         2     -2        3
  MONTH TO DATE   93                       119    -26       41
  SINCE MAR 1    266                       415   -149      254
  SINCE JUL 1   1843                      2447   -604     2540

 COOLING
  YESTERDAY       11                         3      8        0
  MONTH TO DATE   44                        48     -4      102
  SINCE MAR 1     95                        63     32      114
  SINCE JAN 1     98                        66     32      114
..................................................................


WIND (MPH)
  HIGHEST WIND SPEED    18   HIGHEST WIND DIRECTION     S (190)
  HIGHEST GUST SPEED    26   HIGHEST GUST DIRECTION     S (190)
  AVERAGE WIND SPEED     7.2


SKY COVER
  AVERAGE SKY COVER 0.4


WEATHER CONDITIONS
 THE FOLLOWING WEATHER WAS RECORDED YESTERDAY.
  LIGHT RAIN
  FOG


RELATIVE HUMIDITY (PERCENT)
 HIGHEST   100           500 AM
 LOWEST     51           300 PM
 AVERAGE    76

..........................................................


THE AUGUSTA REGIONAL BUSH FIELD GA CLIMATE NORMALS FOR TODAY
                         NORMAL    RECORD    YEAR
 MAXIMUM TEMPERATURE (F)   81        91      2012
                                             1970
                                             1888
 MINIMUM TEMPERATURE (F)   52        38      1973
                                             1967


SUNRISE AND SUNSET
APRIL 29 2016.........SUNRISE   641 AM EDT   SUNSET   809 PM EDT
APRIL 30 2016.........SUNRISE   640 AM EDT   SUNSET   810 PM EDT


-  INDICATES NEGATIVE NUMBERS.
R  INDICATES RECORD WAS SET OR TIED.
MM INDICATES DATA IS MISSING.
T  INDICATES TRACE AMOUNT.




$$
