364
CDUS42 KFFC 080020
CLIAHN


CLIMATE REPORT
NATIONAL WEATHER SERVICE PEACHTREE CITY GA
720 PM EST SUN FEB 7 2016


...................................

...THE ATHENS CLIMATE SUMMARY FOR FEBRUARY 7 2016...
VALID AS OF 0700 PM LOCAL TIME.

CLIMATE NORMAL PERIOD 1981 TO 2010
CLIMATE RECORD PERIOD 1898 TO 2016


WEATHER ITEM   OBSERVED TIME   RECORD YEAR NORMAL DEPARTURE LAST
                VALUE   (LST)  VALUE       VALUE  FROM      YEAR
                                                  NORMAL
..................................................................
TEMPERATURE (F)
 TODAY
  MAXIMUM         58    348 PM  76    1927  57      1       65
                                      1925
  MINIMUM         28    636 AM  15    1978  35     -7       27
                                      1889
  AVERAGE         43                        46     -3       46

PRECIPITATION (IN)
  TODAY            0.00          2.55 1873   0.15  -0.15     0.00
  MONTH TO DATE    1.83                      1.09   0.74     0.67
  SINCE DEC 1     17.88                      8.87   9.01     8.34
  SINCE JAN 1      5.51                      5.14   0.37     3.65

SNOWFALL (IN)
  TODAY            0.0           0.0  2002   0.0    0.0      0.0
  MONTH TO DATE    0.0                       0.2   -0.2      0.0
  SINCE DEC 1      0.1                       1.7   -1.6      0.0
  SINCE JUL 1      0.1                       1.7   -1.6      0.0
  SNOW DEPTH       0

DEGREE DAYS
 HEATING
  TODAY           22                        19      3       19
  MONTH TO DATE   96                       139    -43      164
  SINCE DEC 1   1081                      1416   -335     1374
  SINCE JUL 1   1441                      1896   -455     1987

 COOLING
  TODAY            0                         0      0        0
  MONTH TO DATE    0                         0      0        0
  SINCE DEC 1     19                         1     18        0
  SINCE JAN 1      0                         0      0        0
..................................................................


WIND (MPH)
  HIGHEST WIND SPEED    15   HIGHEST WIND DIRECTION    NW (300)
  HIGHEST GUST SPEED    22   HIGHEST GUST DIRECTION    NW (300)
  AVERAGE WIND SPEED     6.2


SKY COVER
  AVERAGE SKY COVER 0.0


WEATHER CONDITIONS
 THE FOLLOWING WEATHER WAS RECORDED TODAY.
  NO SIGNIFICANT WEATHER WAS OBSERVED.


RELATIVE HUMIDITY (PERCENT)
 HIGHEST    78           600 AM
 LOWEST     23           400 PM

..........................................................


THE ATHENS CLIMATE NORMALS FOR TOMORROW
                         NORMAL    RECORD    YEAR
 MAXIMUM TEMPERATURE (F)   57        77      1957
 MINIMUM TEMPERATURE (F)   35        16      1951


SUNRISE AND SUNSET
FEBRUARY  7 2016......SUNRISE   726 AM EST   SUNSET   609 PM EST
FEBRUARY  8 2016......SUNRISE   725 AM EST   SUNSET   610 PM EST


-  INDICATES NEGATIVE NUMBERS.
R  INDICATES RECORD WAS SET OR TIED.
MM INDICATES DATA IS MISSING.
T  INDICATES TRACE AMOUNT.




$$
