000
CDUS42 KFFC 290823
CLIAHN


CLIMATE REPORT
NATIONAL WEATHER SERVICE PEACHTREE CITY GA
421 AM EDT SUN MAY 29 2016


...................................

...THE ATHENS CLIMATE SUMMARY FOR MAY 28 2016...

CLIMATE NORMAL PERIOD 1981 TO 2010
CLIMATE RECORD PERIOD 1898 TO 2016


WEATHER ITEM   OBSERVED TIME   RECORD YEAR NORMAL DEPARTURE LAST
                VALUE   (LST)  VALUE       VALUE  FROM      YEAR
                                                  NORMAL
..................................................................
TEMPERATURE (F)
 YESTERDAY
  MAXIMUM         87    401 PM  97    1914  85      2       85
  MINIMUM         60    554 AM  43    1925  62     -2       65
  AVERAGE         74                        73      1       75

PRECIPITATION (IN)
  YESTERDAY        0.00          4.48 1973   0.10  -0.10     1.64
  MONTH TO DATE    2.33                      2.70  -0.37     2.49
  SINCE MAR 1      6.85                     10.28  -3.43    13.29
  SINCE JAN 1     15.02                     18.81  -3.79    20.26

DEGREE DAYS
 COOLING
  YESTERDAY        9                         9      0       10
  MONTH TO DATE  159                       155      4      213
  SINCE MAR 1    266                       212     54      292
  SINCE JAN 1    266                       213     53      292
..................................................................


WIND (MPH)
  RESULTANT WIND SPEED   3   RESULTANT WIND DIRECTION   E (90)
  HIGHEST WIND SPEED    14   HIGHEST WIND DIRECTION     E (90)
  HIGHEST GUST SPEED    19   HIGHEST GUST DIRECTION     E (90)
  AVERAGE WIND SPEED     3.3


SKY COVER
  POSSIBLE SUNSHINE  MM
  AVERAGE SKY COVER 0.1


WEATHER CONDITIONS
 THE FOLLOWING WEATHER WAS RECORDED YESTERDAY.
  NO SIGNIFICANT WEATHER WAS OBSERVED.


RELATIVE HUMIDITY (PERCENT)
 HIGHEST    97           500 AM
 LOWEST     37           300 PM
 AVERAGE    67

..........................................................


THE ATHENS CLIMATE NORMALS FOR TODAY
                         NORMAL    RECORD    YEAR
 MAXIMUM TEMPERATURE (F)   85        99      1941
 MINIMUM TEMPERATURE (F)   62        50      1968


SUNRISE AND SUNSET
MAY 29 2016...........SUNRISE   624 AM EDT   SUNSET   838 PM EDT
MAY 30 2016...........SUNRISE   624 AM EDT   SUNSET   838 PM EDT


-  INDICATES NEGATIVE NUMBERS.
R  INDICATES RECORD WAS SET OR TIED.
MM INDICATES DATA IS MISSING.
T  INDICATES TRACE AMOUNT.




$$
