694
CDUS42 KFFC 232203
CLIAHN


CLIMATE REPORT
NATIONAL WEATHER SERVICE PEACHTREE CITY GA
502 PM EST THU NOV 23 2017


...................................

...THE ATHENS CLIMATE SUMMARY FOR NOVEMBER 23 2017...
VALID TODAY AS OF 0500 PM LOCAL TIME.

CLIMATE NORMAL PERIOD 1981 TO 2010
CLIMATE RECORD PERIOD 1898 TO 2017


WEATHER ITEM   OBSERVED TIME   RECORD YEAR NORMAL DEPARTURE LAST
                VALUE   (LST)  VALUE       VALUE  FROM      YEAR
                                                  NORMAL
..................................................................
TEMPERATURE (F)
 TODAY
  MAXIMUM         58    353 PM  78    1982  63     -5       68
                                      1921
  MINIMUM         41    824 AM  20    1970  40      1       36
                                      1937
  AVERAGE         50                        51     -1       52

PRECIPITATION (IN)
  TODAY            0.00          1.73 1891   0.14  -0.14     0.00
  MONTH TO DATE    1.20                      2.88  -1.68     0.33
  SINCE SEP 1     11.10                     10.37   0.73     1.58
  SINCE JAN 1     53.09                     41.66  11.43    32.55

SNOWFALL (IN)
  TODAY            0.0           0.0  2001   0.0    0.0      0.0
  MONTH TO DATE    0.0                       0.0    0.0      0.0
  SINCE SEP 1      0.0                       0.0    0.0      0.0
  SINCE JUL 1      0.0                       0.0    0.0      0.0
  SNOW DEPTH       0

DEGREE DAYS
 HEATING
  TODAY           15                        14      1       13
  MONTH TO DATE  232                       240     -8      207
  SINCE SEP 1    366                       375     -9      238
  SINCE JUL 1    366                       375     -9      238

 COOLING
  TODAY            0                         0      0        0
  MONTH TO DATE   23                         5     18       16
  SINCE SEP 1    380                       327     53      530
  SINCE JAN 1   2019                      1882    137     2444
..................................................................


WIND (MPH)
  HIGHEST WIND SPEED    12   HIGHEST WIND DIRECTION     E (70)
  HIGHEST GUST SPEED    16   HIGHEST GUST DIRECTION    NE (60)
  AVERAGE WIND SPEED     7.3


SKY COVER
  AVERAGE SKY COVER 0.1


WEATHER CONDITIONS
 THE FOLLOWING WEATHER WAS RECORDED TODAY.
  NO SIGNIFICANT WEATHER WAS OBSERVED.


RELATIVE HUMIDITY (PERCENT)
 HIGHEST    71          1200 AM
 LOWEST     43           200 PM
 AVERAGE    57

..........................................................


THE ATHENS CLIMATE NORMALS FOR TOMORROW
                         NORMAL    RECORD    YEAR
 MAXIMUM TEMPERATURE (F)   62        77      2014
                                             1958
                                             1931
 MINIMUM TEMPERATURE (F)   40        15      1970


SUNRISE AND SUNSET
NOVEMBER 23 2017......SUNRISE   713 AM EST   SUNSET   526 PM EST
NOVEMBER 24 2017......SUNRISE   714 AM EST   SUNSET   526 PM EST


-  INDICATES NEGATIVE NUMBERS.
R  INDICATES RECORD WAS SET OR TIED.
MM INDICATES DATA IS MISSING.
T  INDICATES TRACE AMOUNT.




$$
