000
CDUS42 KFFC 210819
CLIAHN


CLIMATE REPORT
NATIONAL WEATHER SERVICE PEACHTREE CITY GA
418 AM EDT THU SEP 21 2017


...................................

...THE ATHENS CLIMATE SUMMARY FOR SEPTEMBER 20 2017...

CLIMATE NORMAL PERIOD 1981 TO 2010
CLIMATE RECORD PERIOD 1898 TO 2017


WEATHER ITEM   OBSERVED TIME   RECORD YEAR NORMAL DEPARTURE LAST
                VALUE   (LST)  VALUE       VALUE  FROM      YEAR
                                                  NORMAL
..................................................................
TEMPERATURE (F)
 YESTERDAY
  MAXIMUM         91    250 PM 104    1925  83      8       90
  MINIMUM         65    631 AM  47    1929  61      4       68
  AVERAGE         78                        72      6       79

PRECIPITATION (IN)
  YESTERDAY        0.00          1.98 1953   0.14  -0.14     0.00
  MONTH TO DATE    4.19                      2.46   1.73     1.08
  SINCE SEP 1      4.19                      2.46   1.73     1.08
  SINCE JAN 1     46.18                     33.75  12.43    32.05

DEGREE DAYS
 HEATING
  YESTERDAY        0                         0      0        0
  MONTH TO DATE    9                         0      9        0
  SINCE SEP 1      9                         0      9        0
  SINCE JUL 1      9                         0      9        0

 COOLING
  YESTERDAY       13                         7      6       14
  MONTH TO DATE  126                       202    -76      276
  SINCE SEP 1    126                       202    -76      276
  SINCE JAN 1   1765                      1757      8     2190
..................................................................


WIND (MPH)
  RESULTANT WIND SPEED   0   RESULTANT WIND DIRECTION  NW (310)
  HIGHEST WIND SPEED     7   HIGHEST WIND DIRECTION    NW (310)
  HIGHEST GUST SPEED    10   HIGHEST GUST DIRECTION    NW (320)
  AVERAGE WIND SPEED     1.3


SKY COVER
  POSSIBLE SUNSHINE  MM
  AVERAGE SKY COVER 0.0


WEATHER CONDITIONS
 THE FOLLOWING WEATHER WAS RECORDED YESTERDAY.
  FOG


RELATIVE HUMIDITY (PERCENT)
 HIGHEST   100           400 AM
 LOWEST     44           200 PM
 AVERAGE    72

..........................................................


THE ATHENS CLIMATE NORMALS FOR TODAY
                         NORMAL    RECORD    YEAR
 MAXIMUM TEMPERATURE (F)   82       102      1925
 MINIMUM TEMPERATURE (F)   61        40      1918


SUNRISE AND SUNSET
SEPTEMBER 21 2017.....SUNRISE   721 AM EDT   SUNSET   731 PM EDT
SEPTEMBER 22 2017.....SUNRISE   721 AM EDT   SUNSET   730 PM EDT


-  INDICATES NEGATIVE NUMBERS.
R  INDICATES RECORD WAS SET OR TIED.
MM INDICATES DATA IS MISSING.
T  INDICATES TRACE AMOUNT.




$$
