000
CDUS42 KFFC 302031
CLIAHN


CLIMATE REPORT
NATIONAL WEATHER SERVICE PEACHTREE CITY GA
431 PM EDT TUE SEP 30 2014


...................................

...THE ATHENS CLIMATE SUMMARY FOR SEPTEMBER 30 2014...
VALID TODAY AS OF 0400 PM LOCAL TIME.

CLIMATE NORMAL PERIOD 1981 TO 2010
CLIMATE RECORD PERIOD 1898 TO 2014


WEATHER ITEM   OBSERVED TIME   RECORD YEAR NORMAL DEPARTURE LAST
                VALUE   (LST)  VALUE       VALUE  FROM      YEAR
                                                  NORMAL
..................................................................
TEMPERATURE (F)
 TODAY
  MAXIMUM         82    315 PM  96    1933  79      3       78
                                      1911
  MINIMUM         59    619 AM  36    1967  57      2       52
  AVERAGE         71                        68      3       65

PRECIPITATION (IN)
  TODAY            0.00          3.54 1989   0.16  -0.16     0.00
  MONTH TO DATE    4.82                      3.94   0.88     2.42
  SINCE SEP 1      4.82                      3.94   0.88     2.42
  SINCE JAN 1     34.31                     35.23  -0.92    48.58

DEGREE DAYS
 HEATING
  TODAY            0                         1     -1        0
  MONTH TO DATE    2                         8     -6        2
  SINCE SEP 1      2                        10     -8        2
  SINCE JUL 1      2                        10     -8        5

 COOLING
  TODAY            6                         5      1        0
  MONTH TO DATE  310                       260     50      255
  SINCE SEP 1    310                       260     50      255
  SINCE JAN 1   1895                      1815     80     1582
..................................................................


WIND (MPH)
  HIGHEST WIND SPEED     7   HIGHEST WIND DIRECTION     N (340)
  HIGHEST GUST SPEED     9   HIGHEST GUST DIRECTION     N (340)
  AVERAGE WIND SPEED     1.4


SKY COVER
  AVERAGE SKY COVER 0.6


WEATHER CONDITIONS
 THE FOLLOWING WEATHER WAS RECORDED TODAY.
  NO SIGNIFICANT WEATHER WAS OBSERVED.


RELATIVE HUMIDITY (PERCENT)
 HIGHEST   100          1200 AM
 LOWEST     51           300 PM
 AVERAGE    76

..........................................................


THE ATHENS CLIMATE NORMALS FOR TOMORROW
                         NORMAL    RECORD    YEAR
 MAXIMUM TEMPERATURE (F)   79        95      1933
 MINIMUM TEMPERATURE (F)   57        36      1924


SUNRISE AND SUNSET
SEPTEMBER 30 2014.....SUNRISE   727 AM EDT   SUNSET   719 PM EDT
OCTOBER  1 2014.......SUNRISE   728 AM EDT   SUNSET   718 PM EDT


-  INDICATES NEGATIVE NUMBERS.
R  INDICATES RECORD WAS SET OR TIED.
MM INDICATES DATA IS MISSING.
T  INDICATES TRACE AMOUNT.




$$
