000
CDUS45 KCYS 080327
CLIAIA


CLIMATE REPORT
NATIONAL WEATHER SERVICE CHEYENNE WY
927 PM MDT TUE JUL 7 2015


...................................

...THE ALLIANCE NE AIRPORT CLIMATE SUMMARY FOR JULY 7 2015...
VALID TODAY AS OF 0900 PM LOCAL TIME.

CLIMATE NORMAL PERIOD 1981 TO 2010
CLIMATE RECORD PERIOD 1896 TO 2015


WEATHER ITEM   OBSERVED TIME   RECORD YEAR NORMAL DEPARTURE LAST
                VALUE   (LST)  VALUE       VALUE  FROM      YEAR
                                                  NORMAL
..................................................................
TEMPERATURE (F)
 TODAY
  MAXIMUM         71    136 PM 103    1930  87    -16       89
  MINIMUM         51    401 AM  41    1908  55     -4       55
  AVERAGE         61                        71    -10       72

PRECIPITATION (IN)
  TODAY            0.00          1.21 2002   0.08  -0.08     0.00
  MONTH TO DATE    0.98                      0.53   0.45     0.01
  SINCE JAN 1     16.18                      8.92   7.26    12.19

DEGREE DAYS
 HEATING
  TODAY            4                         0      4        0
  MONTH TO DATE    5                         5      0       10
  SINCE JUN 1     14                        98    -84      109
  SINCE JUL 1      5                         5      0       10

 COOLING
  TODAY            0                         7     -7        7
  MONTH TO DATE   42                        43     -1       41
  SINCE JUN 1    146                       131     15       77
  SINCE JAN 1    146                       141      5       91
..................................................................


WIND (MPH)
  HIGHEST WIND SPEED    21   HIGHEST WIND DIRECTION     S (170)
  HIGHEST GUST SPEED    26   HIGHEST GUST DIRECTION    SE (150)
  AVERAGE WIND SPEED    11.5


SKY COVER
  AVERAGE SKY COVER 0.8


WEATHER CONDITIONS
 THE FOLLOWING WEATHER WAS RECORDED TODAY.
  FOG
  HAZE


RELATIVE HUMIDITY (PERCENT)
 HIGHEST    96           400 AM
 LOWEST     49           500 PM
 AVERAGE    73

..........................................................


THE ALLIANCE NE AIRPORT CLIMATE NORMALS FOR TOMORROW
                         NORMAL    RECORD    YEAR
 MAXIMUM TEMPERATURE (F)   87       104      1989
                                             1901
 MINIMUM TEMPERATURE (F)   55        40      1952


SUNRISE AND SUNSET
JULY  7 2015..........SUNRISE   523 AM MDT   SUNSET   829 PM MDT
JULY  8 2015..........SUNRISE   523 AM MDT   SUNSET   829 PM MDT


-  INDICATES NEGATIVE NUMBERS.
R  INDICATES RECORD WAS SET OR TIED.
MM INDICATES DATA IS MISSING.
T  INDICATES TRACE AMOUNT.




$$
