000
CDUS45 KCYS 280729
CLIAIA


CLIMATE REPORT
NATIONAL WEATHER SERVICE CHEYENNE WY
128 AM MDT TUE JUL 28 2015


...................................

...THE ALLIANCE NE AIRPORT CLIMATE SUMMARY FOR JULY 27 2015...

CLIMATE NORMAL PERIOD 1981 TO 2010
CLIMATE RECORD PERIOD 1896 TO 2015


WEATHER ITEM   OBSERVED TIME   RECORD YEAR NORMAL DEPARTURE LAST
                VALUE   (LST)  VALUE       VALUE  FROM      YEAR
                                                  NORMAL
..................................................................
TEMPERATURE (F)
 YESTERDAY
  MAXIMUM         92    447 PM 104    1931  89      3       87
  MINIMUM         54    443 AM  38    1913  57     -3       48
  AVERAGE         73                        73      0       68

PRECIPITATION (IN)
  YESTERDAY        0.20          1.95 1913   0.06   0.14     0.00
  MONTH TO DATE    2.40                      2.07   0.33     0.17
  SINCE JAN 1     17.60                     10.46   7.14    12.35

DEGREE DAYS
 HEATING
  YESTERDAY        0                         0      0        0
  MONTH TO DATE   12                         5      7       27
  SINCE JUN 1     21                        98    -77      126
  SINCE JUL 1     12                         5      7       27

 COOLING
  YESTERDAY        8                         9     -1        3
  MONTH TO DATE  160                       202    -42      204
  SINCE JUN 1    264                       290    -26      240
  SINCE JAN 1    264                       300    -36      254
..................................................................


WIND (MPH)
  HIGHEST WIND SPEED    33   HIGHEST WIND DIRECTION     S (200)
  HIGHEST GUST SPEED    41   HIGHEST GUST DIRECTION     S (190)
  AVERAGE WIND SPEED    11.8


SKY COVER
  AVERAGE SKY COVER 0.0


WEATHER CONDITIONS
 THE FOLLOWING WEATHER WAS RECORDED YESTERDAY.
  THUNDERSTORM
  HEAVY RAIN
  LIGHT RAIN
  FOG
  FOG W/VISIBILITY <= 1/4 MILE


RELATIVE HUMIDITY (PERCENT)
 HIGHEST   100           400 AM
 LOWEST     38           500 PM
 AVERAGE    69

..........................................................


THE ALLIANCE NE AIRPORT CLIMATE NORMALS FOR TODAY
                         NORMAL    RECORD    YEAR
 MAXIMUM TEMPERATURE (F)   89       104      1933
 MINIMUM TEMPERATURE (F)   57        47      1971
                                             1913
                                             1911


SUNRISE AND SUNSET
JULY 28 2015..........SUNRISE   540 AM MDT   SUNSET   814 PM MDT
JULY 29 2015..........SUNRISE   541 AM MDT   SUNSET   813 PM MDT


-  INDICATES NEGATIVE NUMBERS.
R  INDICATES RECORD WAS SET OR TIED.
MM INDICATES DATA IS MISSING.
T  INDICATES TRACE AMOUNT.




$$
