000
CDUS45 KCYS 010728
CLIAIA


CLIMATE REPORT
NATIONAL WEATHER SERVICE CHEYENNE WY
1227 AM MST SUN MAR 1 2015


...................................

...THE ALLIANCE NE AIRPORT CLIMATE SUMMARY FOR FEBRUARY 28 2015...

CLIMATE NORMAL PERIOD 1981 TO 2010
CLIMATE RECORD PERIOD 1896 TO 2015


WEATHER ITEM   OBSERVED TIME   RECORD YEAR NORMAL DEPARTURE LAST
                VALUE   (LST)  VALUE       VALUE  FROM      YEAR
                                                  NORMAL
..................................................................
TEMPERATURE (F)
 YESTERDAY
  MAXIMUM         32    329 PM  75    2006  46    -14       26
  MINIMUM          2    647 AM -23    1913  16    -14        8
  AVERAGE         17                        31    -14       17

PRECIPITATION (IN)
  YESTERDAY        0.00          0.33 1958   0.01  -0.01     0.02
  MONTH TO DATE    0.05                      0.38  -0.33     0.98
  SINCE JAN 1      0.50                      0.56  -0.06     1.25

DEGREE DAYS
 HEATING
  YESTERDAY       48                        34     14       48
  MONTH TO DATE 1008                      1060    -52     1344
  SINCE DEC 1   3519                      3605    -86     3834
  SINCE JUL 1   5227                      5404   -177     5564

 COOLING
  YESTERDAY        0                         0      0        0
  MONTH TO DATE    0                         0      0        0
  SINCE DEC 1      0                         0      0        0
  SINCE JAN 1      0                         0      0        0
..................................................................


WIND (MPH)
  HIGHEST WIND SPEED    17   HIGHEST WIND DIRECTION     S (170)
  HIGHEST GUST SPEED    22   HIGHEST GUST DIRECTION     S (170)
  AVERAGE WIND SPEED     6.9


SKY COVER
  AVERAGE SKY COVER 0.0


WEATHER CONDITIONS
 THE FOLLOWING WEATHER WAS RECORDED YESTERDAY.
  NO SIGNIFICANT WEATHER WAS OBSERVED.


RELATIVE HUMIDITY (PERCENT)
 HIGHEST    88           300 AM
 LOWEST     39           400 PM
 AVERAGE    64

..........................................................


THE ALLIANCE NE AIRPORT CLIMATE NORMALS FOR TODAY
                         NORMAL    RECORD    YEAR
 MAXIMUM TEMPERATURE (F)   46        72      2008
 MINIMUM TEMPERATURE (F)   17       -14      2002


SUNRISE AND SUNSET
MARCH  1 2015.........SUNRISE   627 AM MST   SUNSET   541 PM MST
MARCH  2 2015.........SUNRISE   625 AM MST   SUNSET   542 PM MST


-  INDICATES NEGATIVE NUMBERS.
R  INDICATES RECORD WAS SET OR TIED.
MM INDICATES DATA IS MISSING.
T  INDICATES TRACE AMOUNT.




$$
