000
CDAK48 PAKN 200925
CLIAKN

CLIMATE REPORT
NATIONAL WEATHER SERVICE KING SALMON, AK
125 AM AKDT WED AUG 20 2014

...................................
...THE KING SALMON AP CLIMATE SUMMARY FOR AUGUST 19 2014...

CLIMATE NORMAL PERIOD  1981 TO  2010
CLIMATE RECORD PERIOD  1949 TO  2014

WEATHER ITEM   OBSERVED TIME    RECORD YEAR NORMAL DEPARTURE LAST
               VALUE    (LST)   VALUE       VALUE  FROM      YEAR
                                                   NORMAL
...................................................................
TEMPERATURE
YESTERDAY
 MAXIMUM            67  0255 PM    79  1973     63       4     55
 MINIMUM            53  0713 AM    33  1969     47       6     49
 AVERAGE            60                          55       5     52

PRECIPITATION
(INCHES)
 YESTERDAY           T           1.37  2011   0.09   -0.09   0.51
 MONTH TO DATE    2.35                        1.75    0.60   4.09
 SINCE JUN 1      7.98                        5.70    2.28   6.44
 SINCE JAN 1     13.11                       10.40    2.71  12.80

SNOWFALL
(INCHES)
 YESTERDAY         0.0            0.0  2014    0.0     0.0    0.0
 MONTH TO DATE     0.0                         0.0     0.0    0.0
 SINCE JUN 1       0.0                         0.0     0.0    0.0
 SINCE JUL 1       0.0                         0.0     0.0    0.0
 SNOW DEPTH (IN)     0                                          0

DEGREE DAYS
 HEATING
  YESTERDAY          5                          10      -5     13
  MONTH TO DATE     99                         185     -86    152
  SINCE JUN 1      768                         882    -114    656
  SINCE JUL 1      337                         475    -138    374

 COOLING
  YESTERDAY          0                           0       0      0
  MONTH TO DATE      0                           0       0      0
  SINCE JUN 1        0                           0       0      4
  SINCE JAN 1        0                           0       0      4
...................................................................

WIND (MPH)
 HIGHEST WIND SPEED    10     HIGHEST WIND DIRECTION    160
 HIGHEST GUST SPEED    13     HIGHEST GUST DIRECTION    160
 AVERAGE WIND SPEED   8.3

SKY COVER
  POSSIBLE SUNSHINE    MM          AVERAGE SKY COVER     MM

WEATHER CONDITIONS
 THE FOLLOWING WEATHER WAS RECORDED YESTERDAY.
  FOG
RAIN


RELATIVE HUMIDITY
 HIGHEST RH     MM PERCENT       MM
 LOWEST  RH     MM PERCENT       MM
 AVERAGE RH     MM PERCENT       MM
...................................................................

THE KING SALMON CLIMATE NORMALS FOR TODAY
                           NORMAL    RECORD   YEAR
 MAXIMUM TEMPERATURE (F)     62        75     1977
 MINIMUM TEMPERATURE (F)     46        35     1963

SUNRISE AND SUNSET
 AUG 20 2014..........SUNRISE  6:59 AM      SUNSET 10:00 PM
 AUG 21 2014..........SUNRISE  7:01 AM      SUNSET  9:57 PM

-  INDICATES NEGATIVE NUMBERS.
R  INDICATES RECORD HAS BEEN SET OR TIED.
MM INDICATES DATA IS MISSING.
T  INDICATES TRACE OF PRECIPITATION.

&&
-------------------------------------------------------------------

AMOUNT OF DAYLIGHT TODAY  (HOUR:MIN)........15 HOURS 1 MINUTES
GAIN/LOSS SINCE YESTERDAY (HOUR:MIN:SEC)....-0:04:57

$$
DJH AUG 14
