000
CDAK48 PAKN 031229
CLIAKN

CLIMATE REPORT
NATIONAL WEATHER SERVICE KING SALMON, AK
429 AM AKDT WED JUN 3 2015

...................................
...THE KING SALMON AP CLIMATE SUMMARY FOR JUNE 2 2015...

CLIMATE NORMAL PERIOD  1981 TO  2010
CLIMATE RECORD PERIOD  1917 TO  2015

WEATHER ITEM   OBSERVED TIME    RECORD YEAR NORMAL DEPARTURE LAST
               VALUE    (LST)   VALUE       VALUE  FROM      YEAR
                                                   NORMAL
...................................................................
TEMPERATURE
YESTERDAY
 MAXIMUM            59  0637 PM    78  1957     59       0     50
 MINIMUM            46  0812 AM    28  1933     38       8     40
 AVERAGE            53                          48       5     45

PRECIPITATION
(INCHES)
 YESTERDAY        0.05           0.80  1934   0.05    0.00   0.11
 MONTH TO DATE    0.05                        0.10   -0.05   0.16
 SINCE JUN 1      0.05                        0.10   -0.05   0.16
 SINCE JAN 1      7.29                        4.80    2.49   5.29

SNOWFALL
(INCHES)
 YESTERDAY         0.0            1.2  1972    0.0     0.0    0.0
 MONTH TO DATE     0.0                         0.0     0.0    0.0
 SINCE JUN 1       0.0                         0.0     0.0    0.0
 SINCE JUL 1      26.1                        46.6   -20.5   36.0
 SNOW DEPTH (IN)     0                                          0

DEGREE DAYS
 HEATING
  YESTERDAY         12                          17      -5     20
  MONTH TO DATE     20                          34     -14     40
  SINCE JUN 1       20                          34     -14     40
  SINCE JUL 1     8665                       10503   -1838   8938

 COOLING
  YESTERDAY          0                           0       0      0
  MONTH TO DATE      0                           0       0      0
  SINCE JUN 1        0                           0       0      0
  SINCE JAN 1        0                           0       0      0
...................................................................

WIND (MPH)
 HIGHEST WIND SPEED    17     HIGHEST WIND DIRECTION    180
 HIGHEST GUST SPEED    22     HIGHEST GUST DIRECTION    190
 AVERAGE WIND SPEED  10.1

SKY COVER
  POSSIBLE SUNSHINE    MM          AVERAGE SKY COVER     MM

WEATHER CONDITIONS
 THE FOLLOWING WEATHER WAS RECORDED YESTERDAY.
  RAIN


RELATIVE HUMIDITY
 HIGHEST RH     MM PERCENT       MM
 LOWEST  RH     MM PERCENT       MM
 AVERAGE RH     MM PERCENT       MM
...................................................................

THE KING SALMON CLIMATE NORMALS FOR TODAY
                           NORMAL    RECORD   YEAR
 MAXIMUM TEMPERATURE (F)     59        80     1936
 MINIMUM TEMPERATURE (F)     39        28     2014

SUNRISE AND SUNSET
 JUN 3 2015..........SUNRISE  5:26 AM      SUNSET 11:26 PM
 JUN 4 2015..........SUNRISE  5:25 AM      SUNSET 11:27 PM

-  INDICATES NEGATIVE NUMBERS.
R  INDICATES RECORD HAS BEEN SET OR TIED.
MM INDICATES DATA IS MISSING.
T  INDICATES TRACE OF PRECIPITATION.

&&
-------------------------------------------------------------------

AMOUNT OF DAYLIGHT TODAY  (HOUR:MIN)........18 HOURS 0 MINUTES
GAIN SINCE YESTERDAY (HOUR:MIN:SEC).........+0:02:41

$$
AM JUN 15
