000
CDAK48 PAFC 061305 RRA
CLIAKN

CLIMATE REPORT
NATIONAL WEATHER SERVICE ANCHORAGE, AK
403 AM AKST TUE DEC 6 2016


...................................

...THE KING SALMON CLIMATE SUMMARY FOR DECEMBER 5 2016...

CLIMATE NORMAL PERIOD 1981 TO 2010
CLIMATE RECORD PERIOD 1917 TO 2016


WEATHER ITEM   OBSERVED TIME   RECORD YEAR NORMAL DEPARTURE LAST
                VALUE   (LST)  VALUE       VALUE  FROM      YEAR
                                                  NORMAL
..................................................................
TEMPERATURE (F)
 YESTERDAY
  MAXIMUM         23   1038 PM  49    2002  28     -5       22
  MINIMUM         -9   1209 AM -24    1975  12    -21        9
  AVERAGE          7                        20    -13       16

PRECIPITATION (IN)
  YESTERDAY        0.19          0.60 1978   0.04   0.15    MM
  MONTH TO DATE    0.29                      0.22   0.07     0.06
  SINCE DEC 1      0.29                      0.22   0.07     0.06
  SINCE JAN 1     25.15                     18.48   6.67    22.40

SNOWFALL (IN)
  YESTERDAY        2.1           5.6  1952   0.4    1.7     MM
  MONTH TO DATE    3.1                       1.8    1.3     MM
  SINCE DEC 1      3.1                       1.8    1.3     MM
  SINCE JUL 1      7.7                      11.6   -3.9     13.1
  SNOW DEPTH       5

DEGREE DAYS
 HEATING
  YESTERDAY       58                        45     13       49
  MONTH TO DATE  336                       225    111      246
  SINCE DEC 1    336                       225    111      246
  SINCE JUL 1   3062                      3602   -540     2843

 COOLING
  YESTERDAY        0                         0      0        0
  MONTH TO DATE    0                         0      0        0
  SINCE DEC 1      0                         0      0        0
  SINCE JAN 1      0                         1     -1        2
..................................................................


WIND (MPH)
  RESULTANT WIND SPEED  10   RESULTANT WIND DIRECTION   N (0)
  HIGHEST WIND SPEED    15   HIGHEST WIND DIRECTION     N (10)
  HIGHEST GUST SPEED    18   HIGHEST GUST DIRECTION     N (10)
  AVERAGE WIND SPEED    10.1



WEATHER CONDITIONS
 THE FOLLOWING WEATHER WAS RECORDED YESTERDAY.
  LIGHT SNOW
  FOG


RELATIVE HUMIDITY (PERCENT)
 HIGHEST    96
 LOWEST     78
 AVERAGE    87

..........................................................


THE KING SALMON CLIMATE NORMALS FOR TODAY
                         NORMAL    RECORD    YEAR
 MAXIMUM TEMPERATURE (F)   28        54      2013
 MINIMUM TEMPERATURE (F)   12       -24      1975


SUNRISE AND SUNSET
DECEMBER  6 2016......SUNRISE  1001 AM AKST  SUNSET   434 PM AKST
DECEMBER  7 2016......SUNRISE  1003 AM AKST  SUNSET   434 PM AKST

CIVIL TWILIGHT
DECEMBER 6 2016         START    910 AM GMT     END    527 PM GMT
DECEMBER 7 2016         START    911 AM GMT     END    527 PM GMT



-  INDICATES NEGATIVE NUMBERS.
R  INDICATES RECORD WAS SET OR TIED.
MM INDICATES DATA IS MISSING.
T  INDICATES TRACE AMOUNT.




$$
&&
------------------------------------------------------
AMOUNT OF DAYLIGHT TODAY  (HOUR:MIN)........ 6:33
GAIN/LOSS SINCE YESTERDAY (HOUR:MIN:SEC)....-0:02:19

$$
