000
CDAK48 PAFC 201305
CLIAKN

CLIMATE REPORT
NATIONAL WEATHER SERVICE ANCHORAGE, AK
402 AM AKST MON FEB 20 2017


...................................

...THE KING SALMON CLIMATE SUMMARY FOR FEBRUARY 19 2017...

CLIMATE NORMAL PERIOD 1981 TO 2010
CLIMATE RECORD PERIOD 1917 TO 2017


WEATHER ITEM   OBSERVED TIME   RECORD YEAR NORMAL DEPARTURE LAST
                VALUE   (LST)  VALUE       VALUE  FROM      YEAR
                                                  NORMAL
..................................................................
TEMPERATURE (F)
 YESTERDAY
  MAXIMUM         10    121 AM  48    1936  28    -18       34
  MINIMUM        -18   1119 PM -32    1954  12    -30       16
  AVERAGE         -4                        20    -24       25

PRECIPITATION (IN)
  YESTERDAY        T             0.29 1962   0.03  -0.03     0.00
  MONTH TO DATE    0.54                      0.53   0.01     0.81
  SINCE DEC 1      1.78                      2.78  -1.00     2.79
  SINCE JAN 1      0.69                      1.55  -0.86     1.29

SNOWFALL (IN)
  YESTERDAY        T            MM      MM   0.2   -0.2      0.0
  MONTH TO DATE    6.7                       4.1    2.6      0.0
  SINCE DEC 1     15.2                      23.8   -8.6      0.0
  SINCE JUL 1     19.8                      33.6  -13.8     13.1
  SNOW DEPTH       6

DEGREE DAYS
 HEATING
  YESTERDAY       69                        45     24       40
  MONTH TO DATE  998                       891    107      588
  SINCE DEC 1   4036                      3842    194     2816
  SINCE JUL 1   6762                      7219   -457     5413

 COOLING
  YESTERDAY        0                         0      0        0
  MONTH TO DATE    0                         0      0        0
  SINCE DEC 1      0                         0      0        0
  SINCE JAN 1      0                         0      0        0
..................................................................


WIND (MPH)
  RESULTANT WIND SPEED   9   RESULTANT WIND DIRECTION   N (350)
  HIGHEST WIND SPEED    17   HIGHEST WIND DIRECTION     N (360)
  HIGHEST GUST SPEED    23   HIGHEST GUST DIRECTION     N (340)
  AVERAGE WIND SPEED     8.8



WEATHER CONDITIONS
 THE FOLLOWING WEATHER WAS RECORDED YESTERDAY.
  LIGHT SNOW
  FOG
  HAZE


RELATIVE HUMIDITY (PERCENT)
 HIGHEST    95
 LOWEST     58
 AVERAGE    77

..........................................................


THE KING SALMON CLIMATE NORMALS FOR TODAY
                         NORMAL    RECORD    YEAR
 MAXIMUM TEMPERATURE (F)   28        46      1934
 MINIMUM TEMPERATURE (F)   12       -36      1954


SUNRISE AND SUNSET
FEBRUARY 20 2017......SUNRISE   846 AM AKST  SUNSET   636 PM AKST
FEBRUARY 21 2017......SUNRISE   843 AM AKST  SUNSET   638 PM AKST

CIVIL TWILIGHT
FEBRUARY 20 2017        START    805 AM GMT     END    718 PM GMT
FEBRUARY 21 2017        START    802 AM GMT     END    720 PM GMT



-  INDICATES NEGATIVE NUMBERS.
R  INDICATES RECORD WAS SET OR TIED.
MM INDICATES DATA IS MISSING.
T  INDICATES TRACE AMOUNT.




$$
&&
------------------------------------------------------
AMOUNT OF DAYLIGHT TODAY  (HOUR:MIN)........ 9:51
GAIN/LOSS SINCE YESTERDAY (HOUR:MIN:SEC)....+0:05:05
