000
CDAK48 PAKN 280059
CLIAKN


CLIMATE REPORT
NATIONAL WEATHER SERVICE ANCHORAGE, AK
459 PM AKDT THU JUL 27 2017


...................................

...THE KING SALMON CLIMATE SUMMARY FOR JULY 27 2017...
VALID TODAY AS OF 0400 PM LOCAL TIME.

CLIMATE NORMAL PERIOD 1981 TO 2010
CLIMATE RECORD PERIOD 1917 TO 2017


WEATHER ITEM   OBSERVED TIME   RECORD YEAR NORMAL DEPARTURE LAST
                VALUE   (LST)  VALUE       VALUE  FROM      YEAR
                                                  NORMAL
..................................................................
TEMPERATURE (F)
 TODAY
  MAXIMUM         72    232 PM  82    1987  64      8       71
  MINIMUM         48    614 AM  36    1967  48      0       55
  AVERAGE         60                        56      4       63

PRECIPITATION (IN)
  TODAY            0.09          1.01 1933   0.08   0.01     0.16
  MONTH TO DATE    1.79                      1.95  -0.16     2.91
  SINCE JUN 1      4.19                      3.60   0.59     5.19
  SINCE JAN 1      7.26                      8.30  -1.04    12.60

SNOWFALL (IN)
  TODAY           MM            MM      MM   0.0   MM        0.0
  MONTH TO DATE    0.0                       0.0    0.0      0.0
  SINCE JUN 1      0.0                       T      0.0      0.0
  SINCE JUL 1      0.0                       0.0    0.0      0.0
  SNOW DEPTH       0

DEGREE DAYS
 HEATING
  TODAY            5                         9     -4        2
  MONTH TO DATE  190                       254    -64      147
  SINCE JUN 1    520                       661   -141      406
  SINCE JUL 1    190                       254    -64      147

 COOLING
  TODAY            0                         0      0        0
  MONTH TO DATE    1                         0      1        0
  SINCE JUN 1      1                         0      1        0
  SINCE JAN 1      1                         0      1        0
..................................................................


WIND (MPH)
  RESULTANT WIND SPEED   1   RESULTANT WIND DIRECTION  NE (40)
  HIGHEST WIND SPEED     9   HIGHEST WIND DIRECTION     S (190)
  HIGHEST GUST SPEED    12   HIGHEST GUST DIRECTION     S (180)
  AVERAGE WIND SPEED     3.5



WEATHER CONDITIONS
 THE FOLLOWING WEATHER WAS RECORDED TODAY.
  LIGHT RAIN
  FOG
  FOG W/VISIBILITY <= 1/4 MILE


RELATIVE HUMIDITY (PERCENT)
 HIGHEST   100
 LOWEST     61
 AVERAGE    81

..........................................................


THE KING SALMON CLIMATE NORMALS FOR TOMORROW
                         NORMAL    RECORD    YEAR
 MAXIMUM TEMPERATURE (F)   64        78      1997
 MINIMUM TEMPERATURE (F)   48        36      2008


SUNRISE AND SUNSET
JULY 27 2017..........SUNRISE   606 AM AKDT  SUNSET  1059 PM AKDT
JULY 28 2017..........SUNRISE   608 AM AKDT  SUNSET  1056 PM AKDT


-  INDICATES NEGATIVE NUMBERS.
R  INDICATES RECORD WAS SET OR TIED.
MM INDICATES DATA IS MISSING.
T  INDICATES TRACE AMOUNT.




$$
