411
CDAK48 PAFC 171314
CLIAKN

CLIMATE REPORT
NATIONAL WEATHER SERVICE ANCHORAGE, AK
412 AM AKST TUE JAN 17 2017


...................................

...THE KING SALMON CLIMATE SUMMARY FOR JANUARY 16 2017...

CLIMATE NORMAL PERIOD 1981 TO 2010
CLIMATE RECORD PERIOD 1917 TO 2017


WEATHER ITEM   OBSERVED TIME   RECORD YEAR NORMAL DEPARTURE LAST
                VALUE   (LST)  VALUE       VALUE  FROM      YEAR
                                                  NORMAL
..................................................................
TEMPERATURE (F)
 YESTERDAY
  MAXIMUM          1    405 PM  48    1963  23    -22       37
  MINIMUM        -15   1144 PM -30    1925   9    -24       20
  AVERAGE         -7                        16    -23       29

PRECIPITATION (IN)
  YESTERDAY        0.00          0.37 1998   0.03  -0.03     0.00
  MONTH TO DATE    0.01                      0.51  -0.50     0.18
  SINCE DEC 1      1.10                      1.74  -0.64     1.68
  SINCE JAN 1      0.01                      0.51  -0.50     0.18

SNOWFALL (IN)
  YESTERDAY        0.0          MM      MM   0.4   -0.4      0.0
  MONTH TO DATE    0.5                       5.0   -4.5      0.0
  SINCE DEC 1      6.0                      14.5   -8.5      0.0
  SINCE JUL 1     10.6                      24.3  -13.7     13.1
  SNOW DEPTH       T

DEGREE DAYS
 HEATING
  YESTERDAY       72                        49     23       36
  MONTH TO DATE  847                       780     67      508
  SINCE DEC 1   2269                      2218     51     1758
  SINCE JUL 1   4995                      5595   -600     4355

 COOLING
  YESTERDAY        0                         0      0        0
  MONTH TO DATE    0                         0      0        0
  SINCE DEC 1      0                         0      0        0
  SINCE JAN 1      0                         0      0        0
..................................................................


WIND (MPH)
  RESULTANT WIND SPEED   1   RESULTANT WIND DIRECTION  NE (40)
  HIGHEST WIND SPEED     9   HIGHEST WIND DIRECTION     N (360)
  HIGHEST GUST SPEED    12   HIGHEST GUST DIRECTION     N (20)
  AVERAGE WIND SPEED     3.0



WEATHER CONDITIONS
 THE FOLLOWING WEATHER WAS RECORDED YESTERDAY.
  NO SIGNIFICANT WEATHER WAS OBSERVED.


RELATIVE HUMIDITY (PERCENT)
 HIGHEST    90
 LOWEST     62
 AVERAGE    76

..........................................................


THE KING SALMON CLIMATE NORMALS FOR TODAY
                         NORMAL    RECORD    YEAR
 MAXIMUM TEMPERATURE (F)   23        47      1963
 MINIMUM TEMPERATURE (F)    9       -34      1925


SUNRISE AND SUNSET
JANUARY 17 2017.......SUNRISE  1001 AM AKST  SUNSET   514 PM AKST
JANUARY 18 2017.......SUNRISE   959 AM AKST  SUNSET   516 PM AKST

CIVIL TWILIGHT
JANUARY 17 2017         START    912 AM GMT     END    603 PM GMT
JANUARY 18 2017         START    911 AM GMT     END    605 PM GMT



-  INDICATES NEGATIVE NUMBERS.
R  INDICATES RECORD WAS SET OR TIED.
MM INDICATES DATA IS MISSING.
T  INDICATES TRACE AMOUNT.




$$
&&
------------------------------------------------------
AMOUNT OF DAYLIGHT TODAY  (HOUR:MIN)........ 7:13
GAIN/LOSS SINCE YESTERDAY (HOUR:MIN:SEC)....+0:03:41
