000
CDAK48 PAKN 260000
CLIAKN

CLIMATE REPORT
NATIONAL WEATHER SERVICE KING SALMON, AK
400 PM AKDT MON JUL 25 2016

...................................
...THE KING SALMON AP CLIMATE SUMMARY FOR JULY 25 2016...
VALID TODAY AS OF 2:00 PM LOCAL TIME

CLIMATE NORMAL PERIOD  1981 TO  2010
CLIMATE RECORD PERIOD  1917 TO  2016

WEATHER ITEM   OBSERVED TIME    RECORD YEAR NORMAL DEPARTURE LAST
               VALUE    (LST)   VALUE       VALUE  FROM      YEAR
                                                   NORMAL
...................................................................
TEMPERATURE
TODAY
 MAXIMUM            71  0207 PM    80  2013     64       7     55
 MINIMUM            52  0357 AM    36  1976     48       4     51
 AVERAGE            62                          56       6     53

PRECIPITATION
(INCHES)
 TODAY               T           0.67  2010   0.08   -0.08   0.17
 MONTH TO DATE    2.45                        1.79    0.66   2.40
 SINCE JUN 1      4.73                        3.44    1.29   3.24
 SINCE JAN 1     12.14                        8.14    4.00  10.48

SNOWFALL
(INCHES)
 TODAY             0.0            0.0  2016    0.0     0.0    0.0
 MONTH TO DATE     0.0                         0.0     0.0    0.0
 SINCE JUN 1       0.0                         0.0     0.0    0.0
 SINCE JUL 1       0.0                         0.0     0.0    0.0
 SNOW DEPTH (IN)     0                                          0

DEGREE DAYS
 HEATING
  TODAY              3                           9      -6     12
  MONTH TO DATE    151                         236     -85    195
  SINCE JUN 1      422                         643    -221    444
  SINCE JUL 1      151                         236     -85    195

 COOLING
  TODAY              0                           0       0      0
  MONTH TO DATE      0                           0       0      0
  SINCE JUN 1        0                           0       0      2
  SINCE JAN 1        0                           0       0      2
...................................................................

WIND (MPH)
 HIGHEST WIND SPEED    12     HIGHEST WIND DIRECTION     90
 HIGHEST GUST SPEED    14     HIGHEST GUST DIRECTION     50
 AVERAGE WIND SPEED    MM

SKY COVER
  POSSIBLE SUNSHINE  MM            AVERAGE SKY COVER MM

WEATHER CONDITIONS
 THE FOLLOWING WEATHER WAS RECORDED TODAY.
 FOG
 RAIN


RELATIVE HUMIDITY
 HIGHEST RH     MM PERCENT       MM
 LOWEST  RH     MM PERCENT       MM
 AVERAGE RH     MM PERCENT       MM
...................................................................

THE KING SALMON CLIMATE NORMALS FOR TOMORROW
                        NORMAL    RECORD   YEAR
 MAXIMUM TEMPERATURE      64        82     2013
 MINIMUM TEMPERATURE      48        36     1970

SUNRISE AND SUNSET
 JUL 25 2016..........SUNRISE  6:03 AM      SUNSET 11:03 PM
 JUL 26 2016..........SUNRISE  6:05 AM      SUNSET 11:01 PM

-  INDICATES NEGATIVE NUMBERS.
R  INDICATES RECORD HAS BEEN SET OR TIED.
MM INDICATES DATA IS MISSING.
T  INDICATES TRACE OF PRECIPITATION.

&&
-------------------------------------------------------------------

AMOUNT OF DAYLIGHT TODAY  (HOUR:MIN)........17 HOURS 0 MINUTES
LOSS SINCE YESTERDAY (HOUR:MIN:SEC).........-0:04:07

$$

DT JUL 16
