437
CDAK48 PAKN 121012
CLIAKN

CLIMATE REPORT
NATIONAL WEATHER SERVICE KING SALMON, AK
112 AM AKST FRI FEB 12 2016

...................................
...THE KING SALMON AP CLIMATE SUMMARY FOR FEBRUARY 11 2016...

CLIMATE NORMAL PERIOD  1981 TO  2010
CLIMATE RECORD PERIOD  1917 TO  2016

WEATHER ITEM   OBSERVED TIME    RECORD YEAR NORMAL DEPARTURE LAST
               VALUE    (LST)   VALUE       VALUE  FROM      YEAR
                                                   NORMAL
...................................................................
TEMPERATURE
YESTERDAY
 MAXIMUM            46  0412 PM    54  1986     26      20     39
 MINIMUM            29  0336 AM   -35  1990     10      19     30
 AVERAGE            38                          18      20     35

PRECIPITATION
(INCHES)
 YESTERDAY        0.00           0.80  1929   0.02   -0.02      T
 MONTH TO DATE    0.24                        0.31   -0.07   0.01
 SINCE DEC 1      3.07                        2.56    0.51   2.49
 SINCE JAN 1      0.72                        1.33   -0.61   0.53

SNOWFALL
(INCHES)
 YESTERDAY         0.0            6.0  2006    0.2    -0.2      T
 MONTH TO DATE     1.3                         2.5    -1.2      T
 SINCE DEC 1      18.1                        22.2    -4.1    8.2
 SINCE JUL 1      31.2                        32.0    -0.8   11.7
 SNOW DEPTH (IN)     0                                          T

DEGREE DAYS
 HEATING
  YESTERDAY         27                          47     -20     30
  MONTH TO DATE    333                         523    -190    549
  SINCE DEC 1     2622                        3474    -852   2932
  SINCE JUL 1     5400                        6849   -1449   5684

 COOLING
  YESTERDAY          0                           0       0      0
  MONTH TO DATE      0                           0       0      0
  SINCE DEC 1        0                           0       0      0
  SINCE JAN 1        0                           0       0      0
...................................................................

WIND (MPH)
 HIGHEST WIND SPEED    20     HIGHEST WIND DIRECTION    100
 HIGHEST GUST SPEED    26     HIGHEST GUST DIRECTION    110
 AVERAGE WIND SPEED  11.5

SKY COVER
  POSSIBLE SUNSHINE    MM          AVERAGE SKY COVER     MM

WEATHER CONDITIONS
 THE FOLLOWING WEATHER WAS RECORDED YESTERDAY.
 NO SIGNIFICANT WEATHER WAS OBSERVED.

RELATIVE HUMIDITY
 HIGHEST RH     MM PERCENT       MM
 LOWEST  RH     MM PERCENT       MM
 AVERAGE RH     MM PERCENT       MM
...................................................................

THE KING SALMON CLIMATE NORMALS FOR TODAY
                           NORMAL    RECORD   YEAR
 MAXIMUM TEMPERATURE (F)     26        54     1986
 MINIMUM TEMPERATURE (F)     11       -25     1964

SUNRISE AND SUNSET
 FEB 12 2016..........SUNRISE  9:09 AM      SUNSET  6:15 PM
 FEB 13 2016..........SUNRISE  9:06 AM      SUNSET  6:17 PM

-  INDICATES NEGATIVE NUMBERS.
R  INDICATES RECORD HAS BEEN SET OR TIED.
MM INDICATES DATA IS MISSING.
T  INDICATES TRACE OF PRECIPITATION.

&&
-------------------------------------------------------------------

AMOUNT OF DAYLIGHT TODAY  (HOUR:MIN)........9 HOURS 6 MINUTES
GAIN/LOSS SINCE YESTERDAY (HOUR:MIN:SEC)....+0:04:57

$$
JML FEB 16
