000
CDAK48 PAFC 220101
CLIAKN


CLIMATE REPORT
NATIONAL WEATHER SERVICE ANCHORAGE, AK
500 PM AKDT THU SEP 21 2017


...................................

...THE KING SALMON CLIMATE SUMMARY FOR SEPTEMBER 21 2017...
VALID TODAY AS OF 0500 PM LOCAL TIME.

CLIMATE NORMAL PERIOD 1981 TO 2010
CLIMATE RECORD PERIOD 1917 TO 2017


WEATHER ITEM   OBSERVED TIME   RECORD YEAR NORMAL DEPARTURE LAST
                VALUE   (LST)  VALUE       VALUE  FROM      YEAR
                                                  NORMAL
..................................................................
TEMPERATURE (F)
 TODAY
  MAXIMUM         54        MM  70    1929  54      0       57
  MINIMUM         46        MM  19    1992  38      8       43
  AVERAGE         50                        46      4       50

PRECIPITATION (IN)
  TODAY            0.38          0.85 1937   0.11   0.27     0.05
  MONTH TO DATE    1.94                      2.28  -0.34     3.77
  SINCE SEP 1      1.94                      2.28  -0.34     3.77
  SINCE JAN 1     12.63                     13.88  -1.25    21.74

SNOWFALL (IN)
  TODAY            0.0          MM      MM   0.0    0.0      0.0
  MONTH TO DATE    T                         0.0    0.0      0.0
  SINCE SEP 1      T                         0.0    0.0      0.0
  SINCE JUL 1      T                         0.0    0.0      0.0
  SNOW DEPTH       0

DEGREE DAYS
 HEATING
  TODAY           15                        19     -4       15
  MONTH TO DATE  310                       327    -17      230
  SINCE SEP 1    310                       327    -17      230
  SINCE JUL 1    807                       943   -136      547

 COOLING
  TODAY            0                         0      0        0
  MONTH TO DATE    0                         0      0        0
  SINCE SEP 1      0                         0      0        0
  SINCE JAN 1      1                         1      0        0
..................................................................


WIND (MPH)
  RESULTANT WIND SPEED   3   RESULTANT WIND DIRECTION   E (80)
  HIGHEST WIND SPEED     8   HIGHEST WIND DIRECTION     E (90)
  HIGHEST GUST SPEED    MM   HIGHEST GUST DIRECTION    MM
  AVERAGE WIND SPEED     4.0



WEATHER CONDITIONS
 THE FOLLOWING WEATHER WAS RECORDED TODAY.
  LIGHT RAIN
  FOG


RELATIVE HUMIDITY (PERCENT)
 HIGHEST   100
 LOWEST    100
 AVERAGE   100

..........................................................


THE KING SALMON CLIMATE NORMALS FOR TOMORROW
                         NORMAL    RECORD    YEAR
 MAXIMUM TEMPERATURE (F)   53        70      1934
 MINIMUM TEMPERATURE (F)   37        15      2003


SUNRISE AND SUNSET
SEPTEMBER 21 2017.....SUNRISE   810 AM AKDT  SUNSET   827 PM AKDT
SEPTEMBER 22 2017.....SUNRISE   812 AM AKDT  SUNSET   825 PM AKDT


-  INDICATES NEGATIVE NUMBERS.
R  INDICATES RECORD WAS SET OR TIED.
MM INDICATES DATA IS MISSING.
T  INDICATES TRACE AMOUNT.




$$
