000
CDUS45 KBOU 071226
CLIAKO


CLIMATE REPORT
NATIONAL WEATHER SERVICE BOULDER, CO
626 AM MDT TUE JUL 7 2015


...................................

...THE AKRON CO CLIMATE SUMMARY FOR JULY 6 2015...

CLIMATE NORMAL PERIOD 1981 TO 2010
CLIMATE RECORD PERIOD 9999 TO 9999


WEATHER ITEM   OBSERVED TIME   RECORD YEAR NORMAL DEPARTURE LAST
                VALUE   (LST)  VALUE       VALUE  FROM      YEAR
                                                  NORMAL
..................................................................
TEMPERATURE (F)
 YESTERDAY
  MAXIMUM         69    422 PM 101    1973  88    -19
  MINIMUM         59   1025 AM  49    1958  59      0
  AVERAGE         64                        73     -9

PRECIPITATION (IN)
  YESTERDAY        0.01          0.21 1938   0.08  -0.07     0.00
  MONTH TO DATE    0.52                      0.43   0.09     0.04
  SINCE JUN 1      1.57                      2.89  -1.32     3.86
  SINCE JAN 1      9.58                      9.07   0.51     8.56

DEGREE DAYS
 HEATING
  YESTERDAY        1
  MONTH TO DATE    1

 COOLING
  YESTERDAY        0
  MONTH TO DATE   51
..................................................................


WIND (MPH)
  HIGHEST WIND SPEED    24   HIGHEST WIND DIRECTION     N (10)
  HIGHEST GUST SPEED    28   HIGHEST GUST DIRECTION     N (10)




RELATIVE HUMIDITY (PERCENT)
 HIGHEST    97
 LOWEST     58
 AVERAGE    78

..........................................................


THE AKRON CO CLIMATE NORMALS FOR TODAY
                         NORMAL    RECORD    YEAR
 MAXIMUM TEMPERATURE (F)   88       102      1959
 MINIMUM TEMPERATURE (F)   59        43      1952


SUNRISE AND SUNSET
JULY  7 2015..........SUNRISE   530 AM MDT   SUNSET   825 PM MDT
JULY  8 2015..........SUNRISE   531 AM MDT   SUNSET   824 PM MDT


-  INDICATES NEGATIVE NUMBERS.
R  INDICATES RECORD WAS SET OR TIED.
MM INDICATES DATA IS MISSING.
T  INDICATES TRACE AMOUNT.




$$
