000
CDUS45 KBOU 250725
CLIAKO


CLIMATE REPORT
NATIONAL WEATHER SERVICE BOULDER, CO
125 AM MDT FRI JUL 25 2014


...................................

...THE AKRON CO CLIMATE SUMMARY FOR JULY 24 2014...

CLIMATE NORMAL PERIOD 1981 TO 2010
CLIMATE RECORD PERIOD 9999 TO 9999


WEATHER ITEM   OBSERVED TIME   RECORD YEAR NORMAL DEPARTURE LAST
                VALUE   (LST)  VALUE       VALUE  FROM      YEAR
                                                  NORMAL
..................................................................
TEMPERATURE (F)
 YESTERDAY
  MAXIMUM        101    226 PM 106    1940  89     12
  MINIMUM         68    500 AM  51    1991  60      8
  AVERAGE         85                        74     11

PRECIPITATION (IN)
  YESTERDAY        0.00          1.31 1968   0.10  -0.10     0.00
  MONTH TO DATE    1.12                      1.93  -0.81     3.01
  SINCE JUN 1      4.94                      4.39   0.55     4.21
  SINCE JAN 1      9.64                     10.57  -0.93     8.10

DEGREE DAYS
 HEATING
  YESTERDAY        0
  MONTH TO DATE   10

 COOLING
  YESTERDAY       20
  MONTH TO DATE  225
..................................................................


WIND (MPH)
  HIGHEST WIND SPEED    29   HIGHEST WIND DIRECTION    NW (320)
  HIGHEST GUST SPEED    37   HIGHEST GUST DIRECTION    NW (320)




RELATIVE HUMIDITY (PERCENT)
 HIGHEST    81
 LOWEST     12
 AVERAGE    47

..........................................................


THE AKRON CO CLIMATE NORMALS FOR TODAY
                         NORMAL    RECORD    YEAR
 MAXIMUM TEMPERATURE (F)   89       102      1940
 MINIMUM TEMPERATURE (F)   60        48      1924


SUNRISE AND SUNSET
JULY 25 2014..........SUNRISE   545 AM MDT   SUNSET   814 PM MDT
JULY 26 2014..........SUNRISE   545 AM MDT   SUNSET   813 PM MDT


-  INDICATES NEGATIVE NUMBERS.
R  INDICATES RECORD WAS SET OR TIED.
MM INDICATES DATA IS MISSING.
T  INDICATES TRACE AMOUNT.




$$
