000
CDUS41 KALY 252146
CLIALB


CLIMATE REPORT
NATIONAL WEATHER SERVICE ALBANY NY
446 PM EST SUN FEB 25 2018


...................................

...THE ALBANY NY CLIMATE SUMMARY FOR FEBRUARY 25 2018...
VALID TODAY AS OF 0400 PM LOCAL TIME.

CLIMATE NORMAL PERIOD 1981 TO 2010
CLIMATE RECORD PERIOD 1874 TO 2018


WEATHER ITEM   OBSERVED TIME   RECORD YEAR NORMAL DEPARTURE LAST
                VALUE   (LST)  VALUE       VALUE  FROM      YEAR
                                                  NORMAL
..................................................................
TEMPERATURE (F)
 TODAY
  MAXIMUM         42    436 PM  70    2017  37      5       70
  MINIMUM         32    525 AM -14    1914  20     12       37
  AVERAGE         37                        28      9       54

PRECIPITATION (IN)
  TODAY            0.64          1.17 1916   0.08   0.56     0.71
  MONTH TO DATE    3.07                      1.93   1.14     2.85
  SINCE DEC 1      7.39                      7.45  -0.06     7.73
  SINCE JAN 1      5.46                      4.52   0.94     5.98

SNOWFALL (IN)
  TODAY           MM            16.8  1966   0.4   MM        0.0
  MONTH TO DATE   14.0                      10.9    3.1     22.2
  SINCE DEC 1     38.9                      42.5   -3.6     38.9
  SINCE JUL 1     38.9                      45.6   -6.7     41.2
  SNOW DEPTH      MM

DEGREE DAYS
 HEATING
  TODAY           28                        37     -9       11
  MONTH TO DATE  839                       986   -147      803
  SINCE DEC 1   3363                      3433    -70     2930
  SINCE JUL 1   4477                      4837   -360     4086

 COOLING
  TODAY            0                         0      0        0
  MONTH TO DATE    0                         0      0        0
  SINCE DEC 1      0                         0      0        0
  SINCE JAN 1      0                         0      0        0
..................................................................


WIND (MPH)
  HIGHEST WIND SPEED    17   HIGHEST WIND DIRECTION     S (160)
  HIGHEST GUST SPEED    26   HIGHEST GUST DIRECTION     S (180)
  AVERAGE WIND SPEED     8.5


SKY COVER
  AVERAGE SKY COVER 1.0



RELATIVE HUMIDITY (PERCENT)
 HIGHEST    89           700 AM
 LOWEST     69           200 AM
 AVERAGE    79

..........................................................


THE ALBANY NY CLIMATE NORMALS FOR TOMORROW
                         NORMAL    RECORD    YEAR
 MAXIMUM TEMPERATURE (F)   38        63      1976
 MINIMUM TEMPERATURE (F)   20       -11      1950


SUNRISE AND SUNSET
FEBRUARY 25 2018......SUNRISE   637 AM EST   SUNSET   540 PM EST
FEBRUARY 26 2018......SUNRISE   636 AM EST   SUNSET   541 PM EST


-  INDICATES NEGATIVE NUMBERS.
R  INDICATES RECORD WAS SET OR TIED.
MM INDICATES DATA IS MISSING.
T  INDICATES TRACE AMOUNT.




$$
