000
CDUS43 KDMX 280649
CLIALO

CLIMATE REPORT
NATIONAL WEATHER SERVICE DES MOINES IA
1234 AM CST TUE FEB 28 2017

...................................

...THE WATERLOO IA CLIMATE SUMMARY FOR FEBRUARY 27 2017...

CLIMATE NORMAL PERIOD 1981 TO 2010
CLIMATE RECORD PERIOD 1895 TO 2017

WEATHER ITEM   OBSERVED TIME   RECORD YEAR NORMAL DEPARTURE LAST
                VALUE   (LST)  VALUE       VALUE  FROM      YEAR
                                                  NORMAL
..................................................................
TEMPERATURE (F)
 YESTERDAY
  MAXIMUM         51    355 PM  64    2016  37     14       64
  MINIMUM         19    648 AM -24    2015  19      0       28
  AVERAGE         35                        28      7       46

PRECIPITATION (IN)
  YESTERDAY        T             0.20 2013   0.04  -0.04     0.00
  MONTH TO DATE    1.01                      0.94   0.07     0.86
  SINCE DEC 1      5.77                      2.97   2.80     7.56
  SINCE JAN 1      3.90                      1.77   2.13     1.64

SNOWFALL (IN)
  YESTERDAY        0.0           4.0  2013   0.2   -0.2      0.0
  MONTH TO DATE    1.4                       7.2   -5.8     11.3
  SINCE DEC 1     15.6                      25.3   -9.7     28.8
  SINCE JUL 1     15.6                      28.7  -13.1     41.5
  SNOW DEPTH       0

DEGREE DAYS
 HEATING
  YESTERDAY       30                        37     -7       19
  MONTH TO DATE  854                      1127   -273     1051
  SINCE DEC 1   3454                      3898   -444     3433
  SINCE JUL 1   4443                      5381   -938     4648

 COOLING
  YESTERDAY        0                         0      0        0
  MONTH TO DATE    0                         0      0        0
  SINCE DEC 1      0                         0      0        0
  SINCE JAN 1      0                         0      0        0
..................................................................

WIND (MPH)
  HIGHEST WIND SPEED    18   HIGHEST WIND DIRECTION     S (170)
  HIGHEST GUST SPEED    27   HIGHEST GUST DIRECTION    SE (140)
  AVERAGE WIND SPEED     7.6

SKY COVER
  POSSIBLE SUNSHINE  MM
  AVERAGE SKY COVER 0.3

WEATHER CONDITIONS
 THE FOLLOWING WEATHER WAS RECORDED YESTERDAY.
  LIGHT RAIN
  FOG

RELATIVE HUMIDITY (PERCENT)
 HIGHEST    92           300 AM
 LOWEST     38           300 PM
 AVERAGE    65
..........................................................

THE WATERLOO IA CLIMATE NORMALS FOR TODAY
                         NORMAL    RECORD    YEAR
 MAXIMUM TEMPERATURE (F)   37        61      2000
                                             1932
 MINIMUM TEMPERATURE (F)   20       -29      1962

SUNRISE AND SUNSET
FEBRUARY 28 2017......SUNRISE   646 AM CST   SUNSET   558 PM CST
MARCH  1 2017.........SUNRISE   645 AM CST   SUNSET   600 PM CST

-  INDICATES NEGATIVE NUMBERS.
R  INDICATES RECORD WAS SET OR TIED.
MM INDICATES DATA IS MISSING.
T  INDICATES TRACE AMOUNT.

$$

FAB
