000
CDUS43 KDMX 170629 RRA
CLIALO

CLIMATE REPORT
NATIONAL WEATHER SERVICE DES MOINES IA
128 AM CDT THU APR 17 2014


...................................

...THE WATERLOO IA CLIMATE SUMMARY FOR APRIL 16 2014...

CLIMATE NORMAL PERIOD 1981 TO 2010
CLIMATE RECORD PERIOD 1895 TO 2014


WEATHER ITEM   OBSERVED TIME   RECORD YEAR NORMAL DEPARTURE LAST
                VALUE   (LST)  VALUE       VALUE  FROM      YEAR
                                                  NORMAL
..................................................................
TEMPERATURE (F)
 YESTERDAY
  MAXIMUM         60    342 PM  88    2004  61     -1       50
                                      2002
  MINIMUM         33    207 AM  19    1949  37     -4       31
                                      1904
  AVERAGE         47                        49     -2       41

PRECIPITATION (IN)
  YESTERDAY        0.00          1.14 1945   0.13  -0.13     0.00
  MONTH TO DATE    4.70                      1.77   2.93     3.56
  SINCE MAR 1      6.20                      3.83   2.37     6.13
  SINCE JAN 1      8.83                      5.65   3.18     9.21

SNOWFALL (IN)
  YESTERDAY        0.0           4.7  1921   0.1   -0.1      0.0
  MONTH TO DATE    0.4                       1.4   -1.0       T
  SINCE MAR 1      6.2                       6.0    0.2     11.2
  SINCE JUL 1     58.0                      34.9   23.1     48.3
  SNOW DEPTH       0

DEGREE DAYS
 HEATING
  YESTERDAY       18                        16      2       24
  MONTH TO DATE  342                       307     35      379
  SINCE MAR 1   1474                      1213    261     1562
  SINCE JUL 1   7882                      6632   1250     6772

 COOLING
  YESTERDAY        0                         0      0        0
  MONTH TO DATE    1                         0      1        0
  SINCE MAR 1      1                         0      1        0
  SINCE JAN 1      1                         0      1        0
..................................................................


WIND (MPH)
  HIGHEST WIND SPEED    33   HIGHEST WIND DIRECTION     S (170)
  HIGHEST GUST SPEED    50   HIGHEST GUST DIRECTION     S (170)
  AVERAGE WIND SPEED    20.9


SKY COVER
  POSSIBLE SUNSHINE  MM
  AVERAGE SKY COVER 0.5


WEATHER CONDITIONS
 THE FOLLOWING WEATHER WAS RECORDED YESTERDAY.
  NO SIGNIFICANT WEATHER WAS OBSERVED.


RELATIVE HUMIDITY (PERCENT)
 HIGHEST    59           500 AM
 LOWEST     33           400 PM
 AVERAGE    46

..........................................................


THE WATERLOO IA CLIMATE NORMALS FOR TODAY
                         NORMAL    RECORD    YEAR
 MAXIMUM TEMPERATURE (F)   61        85      1985
 MINIMUM TEMPERATURE (F)   38        14      1921


SUNRISE AND SUNSET
APRIL 17 2014.........SUNRISE   625 AM CDT   SUNSET   754 PM CDT
APRIL 18 2014.........SUNRISE   624 AM CDT   SUNSET   755 PM CDT


-  INDICATES NEGATIVE NUMBERS.
R  INDICATES RECORD WAS SET OR TIED.
MM INDICATES DATA IS MISSING.
T  INDICATES TRACE AMOUNT.




$$
