652
CDUS43 KDMX 080632 RRA
CLIALO

CLIMATE REPORT
NATIONAL WEATHER SERVICE DES MOINES IA
1231 AM CST MON FEB 8 2016


...................................

...THE WATERLOO IA CLIMATE SUMMARY FOR FEBRUARY 7 2016...

CLIMATE NORMAL PERIOD 1981 TO 2010
CLIMATE RECORD PERIOD 1895 TO 2016


WEATHER ITEM   OBSERVED TIME   RECORD YEAR NORMAL DEPARTURE LAST
                VALUE   (LST)  VALUE       VALUE  FROM      YEAR
                                                  NORMAL
..................................................................
TEMPERATURE (F)
 YESTERDAY
  MAXIMUM         40    214 PM  52    1987  30     10       41
  MINIMUM         25   1159 PM -21    1905  12     13       16
  AVERAGE         33                        21     12       29

PRECIPITATION (IN)
  YESTERDAY        T             0.80 1900   0.03  -0.03     0.00
  MONTH TO DATE    0.67                      0.21   0.46     0.58
  SINCE DEC 1      7.37                      2.24   5.13     3.22
  SINCE JAN 1      1.45                      1.04   0.41     1.58

SNOWFALL (IN)
  YESTERDAY        T             5.0  1901   0.3   -0.3      0.0
  MONTH TO DATE    7.7                       2.1    5.6      6.7
  SINCE DEC 1     25.2                      20.2    5.0     17.9
  SINCE JUL 1     37.9                      23.6   14.3     23.3
  SNOW DEPTH       4

DEGREE DAYS
 HEATING
  YESTERDAY       32                        44    -12       36
  MONTH TO DATE  280                       314    -34      378
  SINCE DEC 1   2662                      3085   -423     2884
  SINCE JUL 1   3877                      4568   -691     4633

 COOLING
  YESTERDAY        0                         0      0        0
  MONTH TO DATE    0                         0      0        0
  SINCE DEC 1      0                         0      0        0
  SINCE JAN 1      0                         0      0        0
..................................................................


WIND (MPH)
  HIGHEST WIND SPEED    33   HIGHEST WIND DIRECTION    NW (310)
  HIGHEST GUST SPEED    40   HIGHEST GUST DIRECTION    NW (310)
  AVERAGE WIND SPEED    15.9


SKY COVER
  POSSIBLE SUNSHINE  MM
  AVERAGE SKY COVER 0.4


WEATHER CONDITIONS
 THE FOLLOWING WEATHER WAS RECORDED YESTERDAY.
  LIGHT SNOW
  FOG


RELATIVE HUMIDITY (PERCENT)
 HIGHEST    89           800 PM
 LOWEST     59          1100 AM
 AVERAGE    74

..........................................................


THE WATERLOO IA CLIMATE NORMALS FOR TODAY
                         NORMAL    RECORD    YEAR
 MAXIMUM TEMPERATURE (F)   30        55      1999
 MINIMUM TEMPERATURE (F)   12       -27      1971


SUNRISE AND SUNSET
FEBRUARY  8 2016......SUNRISE   716 AM CST   SUNSET   532 PM CST
FEBRUARY  9 2016......SUNRISE   715 AM CST   SUNSET   533 PM CST


-  INDICATES NEGATIVE NUMBERS.
R  INDICATES RECORD WAS SET OR TIED.
MM INDICATES DATA IS MISSING.
T  INDICATES TRACE AMOUNT.




$$
