000
CDUS43 KDMX 230630 RRB
CLIALO

CLIMATE REPORT
NATIONAL WEATHER SERVICE DES MOINES IA
129 AM CDT SAT JUL 23 2016


...................................

...THE WATERLOO IA CLIMATE SUMMARY FOR JULY 22 2016...

CLIMATE NORMAL PERIOD 1981 TO 2010
CLIMATE RECORD PERIOD 1895 TO 2016


WEATHER ITEM   OBSERVED TIME   RECORD YEAR NORMAL DEPARTURE LAST
                VALUE   (LST)  VALUE       VALUE  FROM      YEAR
                                                  NORMAL
..................................................................
TEMPERATURE (F)
 YESTERDAY
  MAXIMUM         89    334 PM 104    1901  84      5       81
  MINIMUM         72    542 AM  45    1947  63      9       56
  AVERAGE         81                        74      7       69

PRECIPITATION (IN)
  YESTERDAY        0.00          2.24 2010   0.15  -0.15     0.00
  MONTH TO DATE    3.29                      3.61  -0.32     1.20
  SINCE JUN 1     12.26                      8.59   3.67     6.67
  SINCE JAN 1     22.70                     20.71   1.99    17.53

SNOWFALL (IN)
  YESTERDAY        0.0          MM      MM   0.0    0.0      0.0
  MONTH TO DATE    0.0                       0.0    0.0      0.0
  SINCE JUN 1      0.0                       0.0    0.0      0.0
  SINCE JUL 1      0.0                       0.0    0.0      0.0
  SNOW DEPTH       0

DEGREE DAYS
 HEATING
  YESTERDAY        0                         0      0        0
  MONTH TO DATE    2                         0      2       11
  SINCE JUN 1      6                        26    -20       23
  SINCE JUL 1      2                         0      2       11

 COOLING
  YESTERDAY       16                         9      7        4
  MONTH TO DATE  171                       198    -27      145
  SINCE JUN 1    388                       375     13      294
  SINCE JAN 1    451                       431     20      341
..................................................................


WIND (MPH)
  HIGHEST WIND SPEED    17   HIGHEST WIND DIRECTION    SE (140)
  HIGHEST GUST SPEED    24   HIGHEST GUST DIRECTION    SE (140)
  AVERAGE WIND SPEED     6.6


SKY COVER
  POSSIBLE SUNSHINE  MM
  AVERAGE SKY COVER 0.4


WEATHER CONDITIONS
 THE FOLLOWING WEATHER WAS RECORDED YESTERDAY.
  NO SIGNIFICANT WEATHER WAS OBSERVED.


RELATIVE HUMIDITY (PERCENT)
 HIGHEST    94          1100 PM
 LOWEST     65          1200 PM
 AVERAGE    80

..........................................................


THE WATERLOO IA CLIMATE NORMALS FOR TODAY
                         NORMAL    RECORD    YEAR
 MAXIMUM TEMPERATURE (F)   84       103      2012
                                             1934
                                             1901
 MINIMUM TEMPERATURE (F)   63        46      1925


SUNRISE AND SUNSET
JULY 23 2016..........SUNRISE   553 AM CDT   SUNSET   838 PM CDT
JULY 24 2016..........SUNRISE   554 AM CDT   SUNSET   837 PM CDT


-  INDICATES NEGATIVE NUMBERS.
R  INDICATES RECORD WAS SET OR TIED.
MM INDICATES DATA IS MISSING.
T  INDICATES TRACE AMOUNT.




$$
