000
CDUS43 KDMX 290645 RRA
CLIALO

CLIMATE REPORT
NATIONAL WEATHER SERVICE DES MOINES IA
144 AM CDT THU SEP 29 2016


...................................

...THE WATERLOO IA CLIMATE SUMMARY FOR SEPTEMBER 28 2016...

CLIMATE NORMAL PERIOD 1981 TO 2010
CLIMATE RECORD PERIOD 1895 TO 2016


WEATHER ITEM   OBSERVED TIME   RECORD YEAR NORMAL DEPARTURE LAST
                VALUE   (LST)  VALUE       VALUE  FROM      YEAR
                                                  NORMAL
..................................................................
TEMPERATURE (F)
 YESTERDAY
  MAXIMUM         64    343 PM  91    1953  70     -6       84
                                      1939
                                      1898
  MINIMUM         48    122 AM  21    1942  45      3       58
  AVERAGE         56                        58     -2       71

PRECIPITATION (IN)
  YESTERDAY        0.00          1.34 1974   0.08  -0.08     0.25
  MONTH TO DATE    7.32                      2.46   4.86     1.64
  SINCE SEP 1      7.32                      2.46   4.86     1.64
  SINCE JAN 1     36.01                     28.74   7.27    26.87

SNOWFALL (IN)
  YESTERDAY        0.0          MM      MM   0.0    0.0      0.0
  MONTH TO DATE    0.0                       0.0    0.0      0.0
  SINCE SEP 1      0.0                       0.0    0.0      0.0
  SINCE JUL 1      0.0                       0.0    0.0      0.0
  SNOW DEPTH       0

DEGREE DAYS
 HEATING
  YESTERDAY        9                         9      0        0
  MONTH TO DATE   32                       121    -89       43
  SINCE SEP 1     32                       121    -89       43
  SINCE JUL 1     37                       141   -104       74

 COOLING
  YESTERDAY        0                         1     -1        6
  MONTH TO DATE  104                        76     28      169
  SINCE SEP 1    104                        76     28      169
  SINCE JAN 1    857                       788     69      743
..................................................................


WIND (MPH)
  HIGHEST WIND SPEED    24   HIGHEST WIND DIRECTION     N (340)
  HIGHEST GUST SPEED    29   HIGHEST GUST DIRECTION     N (350)
  AVERAGE WIND SPEED    13.0


SKY COVER
  POSSIBLE SUNSHINE  MM
  AVERAGE SKY COVER 0.9


WEATHER CONDITIONS
 THE FOLLOWING WEATHER WAS RECORDED YESTERDAY.
  NO SIGNIFICANT WEATHER WAS OBSERVED.


RELATIVE HUMIDITY (PERCENT)
 HIGHEST    89          1100 PM
 LOWEST     64          1200 PM
 AVERAGE    77

..........................................................


THE WATERLOO IA CLIMATE NORMALS FOR TODAY
                         NORMAL    RECORD    YEAR
 MAXIMUM TEMPERATURE (F)   70        93      1904
 MINIMUM TEMPERATURE (F)   45        22      1967


SUNRISE AND SUNSET
SEPTEMBER 29 2016.....SUNRISE   705 AM CDT   SUNSET   654 PM CDT
SEPTEMBER 30 2016.....SUNRISE   706 AM CDT   SUNSET   652 PM CDT


-  INDICATES NEGATIVE NUMBERS.
R  INDICATES RECORD WAS SET OR TIED.
MM INDICATES DATA IS MISSING.
T  INDICATES TRACE AMOUNT.




$$
