000
CDUS43 KDMX 272234 RRA
CLIALO

CLIMATE REPORT
NATIONAL WEATHER SERVICE DES MOINES IA
526 PM CDT SAT AUG 27 2016


...................................

...THE WATERLOO IA CLIMATE SUMMARY FOR AUGUST 27 2016...
VALID TODAY AS OF 0500 PM LOCAL TIME.

CLIMATE NORMAL PERIOD 1981 TO 2010
CLIMATE RECORD PERIOD 1895 TO 2016


WEATHER ITEM   OBSERVED TIME   RECORD YEAR NORMAL DEPARTURE LAST
                VALUE   (LST)  VALUE       VALUE  FROM      YEAR
                                                  NORMAL
..................................................................
TEMPERATURE (F)
 TODAY
  MAXIMUM         77    346 PM  96    1955  81     -4       75
  MINIMUM         60   1237 AM  41    1971  59      1       49
                                      1916
  AVERAGE         69                        70     -1       62

PRECIPITATION (IN)
  TODAY            0.02          3.60 1928   0.13  -0.11     0.00
  MONTH TO DATE    5.20                      3.78   1.42     1.40
  SINCE JUN 1     18.18                     13.67   4.51    10.22
  SINCE JAN 1     28.62                     25.79   2.83    21.08

SNOWFALL (IN)
  TODAY            0.0          MM      MM   0.0    0.0      0.0
  MONTH TO DATE    0.0                       0.0    0.0      0.0
  SINCE JUN 1      0.0                       0.0    0.0      0.0
  SINCE JUL 1      0.0                       0.0    0.0      0.0
  SNOW DEPTH       0

DEGREE DAYS
 HEATING
  TODAY            0                         1     -1        3
  MONTH TO DATE    3                        10     -7       18
  SINCE JUN 1      9                        40    -31       41
  SINCE JUL 1      5                        14     -9       29

 COOLING
  TODAY            4                         6     -2        0
  MONTH TO DATE  201                       188     13      139
  SINCE JUN 1    668                       636     32      520
  SINCE JAN 1    731                       692     39      567
..................................................................


WIND (MPH)
  HIGHEST WIND SPEED    14   HIGHEST WIND DIRECTION     E (80)
  HIGHEST GUST SPEED    18   HIGHEST GUST DIRECTION     E (80)
  AVERAGE WIND SPEED     6.4


SKY COVER
  POSSIBLE SUNSHINE  MM
  AVERAGE SKY COVER 0.9


WEATHER CONDITIONS
 THE FOLLOWING WEATHER WAS RECORDED TODAY.
  LIGHT RAIN
  FOG


RELATIVE HUMIDITY (PERCENT)
 HIGHEST   100           700 AM
 LOWEST     74           400 PM
 AVERAGE    87

..........................................................


THE WATERLOO IA CLIMATE NORMALS FOR TOMORROW
                         NORMAL    RECORD    YEAR
 MAXIMUM TEMPERATURE (F)   81        98      1926
 MINIMUM TEMPERATURE (F)   58        39      1935


SUNRISE AND SUNSET
AUGUST 27 2016........SUNRISE   630 AM CDT   SUNSET   751 PM CDT
AUGUST 28 2016........SUNRISE   631 AM CDT   SUNSET   750 PM CDT


-  INDICATES NEGATIVE NUMBERS.
R  INDICATES RECORD WAS SET OR TIED.
MM INDICATES DATA IS MISSING.
T  INDICATES TRACE AMOUNT.




$$
