000
CDUS43 KDMX 270632 RRA
CLIALO

CLIMATE REPORT
NATIONAL WEATHER SERVICE DES MOINES IA
131 AM CDT TUE JUN 27 2017


...................................

...THE WATERLOO IA CLIMATE SUMMARY FOR JUNE 26 2017...

CLIMATE NORMAL PERIOD 1981 TO 2010
CLIMATE RECORD PERIOD 1895 TO 2017


WEATHER ITEM   OBSERVED TIME   RECORD YEAR NORMAL DEPARTURE LAST
                VALUE   (LST)  VALUE       VALUE  FROM      YEAR
                                                  NORMAL
..................................................................
TEMPERATURE (F)
 YESTERDAY
  MAXIMUM         72    313 PM 105    1931  84    -12       87
  MINIMUM         49    105 AM  40    1926  62    -13       71
  AVERAGE         61                        73    -12       79

PRECIPITATION (IN)
  YESTERDAY        T             3.22 2005   0.18  -0.18     1.15
  MONTH TO DATE    5.11                      4.28   0.83     8.52
  SINCE JUN 1      5.11                      4.28   0.83     8.52
  SINCE JAN 1     18.13                     16.40   1.73    19.01

SNOWFALL (IN)
  YESTERDAY       MM            MM      MM   0.0   MM        0.0
  MONTH TO DATE    0.0                       0.0    0.0      0.0
  SINCE JUN 1      0.0                       0.0    0.0      0.0
  SINCE JUL 1     26.2                      35.3   -9.1     46.0
  SNOW DEPTH       0

DEGREE DAYS
 HEATING
  YESTERDAY        4                         0      4        0
  MONTH TO DATE   13                        23    -10        4
  SINCE JUN 1     13                        23    -10        4
  SINCE JUL 1   6046                      7027   -981     6133

 COOLING
  YESTERDAY        0                         8     -8       14
  MONTH TO DATE  186                       145     41      205
  SINCE JUN 1    186                       145     41      205
  SINCE JAN 1    222                       201     21      268
..................................................................


WIND (MPH)
  HIGHEST WIND SPEED    20   HIGHEST WIND DIRECTION     N (360)
  HIGHEST GUST SPEED    25   HIGHEST GUST DIRECTION    NW (330)
  AVERAGE WIND SPEED     8.2


SKY COVER
  POSSIBLE SUNSHINE  MM
  AVERAGE SKY COVER 0.2


WEATHER CONDITIONS
 THE FOLLOWING WEATHER WAS RECORDED YESTERDAY.
  LIGHT RAIN


RELATIVE HUMIDITY (PERCENT)
 HIGHEST    83           600 AM
 LOWEST     31           300 PM
 AVERAGE    57

..........................................................


THE WATERLOO IA CLIMATE NORMALS FOR TODAY
                         NORMAL    RECORD    YEAR
 MAXIMUM TEMPERATURE (F)   84       107      1934
 MINIMUM TEMPERATURE (F)   62        43      1926


SUNRISE AND SUNSET
JUNE 27 2017..........SUNRISE   534 AM CDT   SUNSET   851 PM CDT
JUNE 28 2017..........SUNRISE   535 AM CDT   SUNSET   851 PM CDT


-  INDICATES NEGATIVE NUMBERS.
R  INDICATES RECORD WAS SET OR TIED.
MM INDICATES DATA IS MISSING.
T  INDICATES TRACE AMOUNT.




$$
