000
CDUS45 KPUB 191035
CLIALS


CLIMATE REPORT
NATIONAL WEATHER SERVICE PUEBLO
435 AM MDT THU OCT 19 2017


...................................

...THE ALAMOSA CO CLIMATE SUMMARY FOR OCTOBER 18 2017...

CLIMATE NORMAL PERIOD 1981 TO 2010
CLIMATE RECORD PERIOD 1932 TO 2017


WEATHER ITEM   OBSERVED TIME   RECORD YEAR NORMAL DEPARTURE LAST
                VALUE   (LST)  VALUE       VALUE  FROM      YEAR
                                                  NORMAL
..................................................................
TEMPERATURE (F)
 YESTERDAY
  MAXIMUM         68    226 PM  75    2003  61      7       73
  MINIMUM         21    545 AM   7    1968  24     -3       32
  AVERAGE         45                        42      3       53

PRECIPITATION (IN)
  YESTERDAY        0.00          0.24 1985   0.03  -0.03     0.00
  MONTH TO DATE    0.05                      0.40  -0.35     0.02
  SINCE SEP 1      1.80                      1.31   0.49     0.30
  SINCE JAN 1     10.49                      6.26   4.23     7.65

SNOWFALL (IN)
  YESTERDAY        0.0           1.0  1984   0.0    0.0      0.0
  MONTH TO DATE    T                         0.7   -0.7      0.0
  SINCE SEP 1      T                         0.7   -0.7      0.0
  SINCE JUL 1      T                         0.7   -0.7      0.0
  SNOW DEPTH       0

DEGREE DAYS
 HEATING
  YESTERDAY       20                        23     -3       12
  MONTH TO DATE  328                       348    -20      285
  SINCE SEP 1    573                       650    -77      536
  SINCE JUL 1    672                       779   -107      680

 COOLING
  YESTERDAY        0                         0      0        0
  MONTH TO DATE    0                         0      0        0
  SINCE SEP 1      0                         0      0        0
  SINCE JAN 1     76                        51     25      115
..................................................................


WIND (MPH)
  HIGHEST WIND SPEED    13   HIGHEST WIND DIRECTION    NE (30)
  HIGHEST GUST SPEED    18   HIGHEST GUST DIRECTION    NE (30)
  AVERAGE WIND SPEED     4.0


SKY COVER
  POSSIBLE SUNSHINE  MM
  AVERAGE SKY COVER 0.0


WEATHER CONDITIONS
 THE FOLLOWING WEATHER WAS RECORDED YESTERDAY.
  NO SIGNIFICANT WEATHER WAS OBSERVED.


RELATIVE HUMIDITY (PERCENT)
 HIGHEST    81           600 AM
 LOWEST      9           200 PM
 AVERAGE    45

..........................................................


THE ALAMOSA CO CLIMATE NORMALS FOR TODAY
                         NORMAL    RECORD    YEAR
 MAXIMUM TEMPERATURE (F)   61        76      2003
 MINIMUM TEMPERATURE (F)   23         5      1976


SUNRISE AND SUNSET
OCTOBER 19 2017.......SUNRISE   716 AM MDT   SUNSET   620 PM MDT
OCTOBER 20 2017.......SUNRISE   717 AM MDT   SUNSET   619 PM MDT


-  INDICATES NEGATIVE NUMBERS.
R  INDICATES RECORD WAS SET OR TIED.
MM INDICATES DATA IS MISSING.
T  INDICATES TRACE AMOUNT.




$$
