000
CDUS45 KPUB 231053
CLIALS


CLIMATE REPORT
NATIONAL WEATHER SERVICE PUEBLO
444 AM MDT FRI JUN 23 2017


...................................

...THE ALAMOSA CO CLIMATE SUMMARY FOR JUNE 22 2017...

CLIMATE NORMAL PERIOD 1981 TO 2010
CLIMATE RECORD PERIOD 1932 TO 2017


WEATHER ITEM   OBSERVED TIME   RECORD YEAR NORMAL DEPARTURE LAST
                VALUE   (LST)  VALUE       VALUE  FROM      YEAR
                                                  NORMAL
..................................................................
TEMPERATURE (F)
 YESTERDAY
  MAXIMUM         84   1202 PM  92    2015  81      3       87
                                      2012
  MINIMUM         45    516 AM  27    1906  42      3       47
  AVERAGE         65                        61      4       67

PRECIPITATION (IN)
  YESTERDAY        0.04          0.25 1996   0.02   0.02      T
  MONTH TO DATE    0.19                      0.33  -0.14      T
  SINCE JUN 1      0.19                      0.33  -0.14      T
  SINCE JAN 1      4.44                      2.55   1.89     4.37

SNOWFALL (IN)
  YESTERDAY        0.0           0.0  2002   0.0    0.0      0.0
  MONTH TO DATE    0.0                       0.0    0.0      0.0
  SINCE JUN 1      0.0                       0.0    0.0      0.0
  SINCE JUL 1     42.2                      27.6   14.6     43.0
  SNOW DEPTH       0

DEGREE DAYS
 HEATING
  YESTERDAY        0                         4     -4        0
  MONTH TO DATE   77                       144    -67       52
  SINCE JUN 1     77                       144    -67       52
  SINCE JUL 1   7686                      8570   -884     7864

 COOLING
  YESTERDAY        0                         0      0        2
  MONTH TO DATE   15                         0     15       19
  SINCE JUN 1     15                         0     15       19
  SINCE JAN 1     15                         0     15       19
..................................................................


WIND (MPH)
  HIGHEST WIND SPEED    45   HIGHEST WIND DIRECTION     W (280)
  HIGHEST GUST SPEED    54   HIGHEST GUST DIRECTION     W (270)
  AVERAGE WIND SPEED     8.1


SKY COVER
  POSSIBLE SUNSHINE  MM
  AVERAGE SKY COVER 0.0


WEATHER CONDITIONS
 THE FOLLOWING WEATHER WAS RECORDED YESTERDAY.
  THUNDERSTORM
  LIGHT RAIN
  HAZE


RELATIVE HUMIDITY (PERCENT)
 HIGHEST    86           400 AM
 LOWEST     18           600 PM
 AVERAGE    52

..........................................................


THE ALAMOSA CO CLIMATE NORMALS FOR TODAY
                         NORMAL    RECORD    YEAR
 MAXIMUM TEMPERATURE (F)   81        92      2012
 MINIMUM TEMPERATURE (F)   43        32      2010
                                             1964


SUNRISE AND SUNSET
JUNE 23 2017..........SUNRISE   543 AM MDT   SUNSET   828 PM MDT
JUNE 24 2017..........SUNRISE   544 AM MDT   SUNSET   828 PM MDT


-  INDICATES NEGATIVE NUMBERS.
R  INDICATES RECORD WAS SET OR TIED.
MM INDICATES DATA IS MISSING.
T  INDICATES TRACE AMOUNT.




$$
