000
CDUS45 KPUB 301032
CLIALS


CLIMATE REPORT
NATIONAL WEATHER SERVICE PUEBLO
432 AM MDT SAT MAY 30 2015


...................................

...THE ALAMOSA CO CLIMATE SUMMARY FOR MAY 29 2015...

CLIMATE NORMAL PERIOD 1981 TO 2010
CLIMATE RECORD PERIOD 1932 TO 2015


WEATHER ITEM   OBSERVED TIME   RECORD YEAR NORMAL DEPARTURE LAST
                VALUE   (LST)  VALUE       VALUE  FROM      YEAR
                                                  NORMAL
..................................................................
TEMPERATURE (F)
 YESTERDAY
  MAXIMUM         67   1211 PM  89    2000  73     -6       78
  MINIMUM         33    512 AM  24    1996  37     -4       41
  AVERAGE         50                        55     -5       60

PRECIPITATION (IN)
  YESTERDAY        T             0.34 1937   0.01  -0.01      T
  MONTH TO DATE    1.77                      0.54   1.23     0.22
  SINCE MAR 1      2.60                      1.66   0.94     1.68
  SINCE JAN 1      3.94                      2.18   1.76     1.80

SNOWFALL (IN)
  YESTERDAY        0.0           T    1990   0.0    0.0      0.0
  MONTH TO DATE    T                         0.9   -0.9      1.3
  SINCE MAR 1      0.7                       9.5   -8.8     11.7
  SINCE JUL 1     23.8                      27.6   -3.8     39.8
  SNOW DEPTH       0

DEGREE DAYS
 HEATING
  YESTERDAY       15                        10      5        5
  MONTH TO DATE  446                       407     39      427
  SINCE MAR 1   1871                      2078   -207     1968
  SINCE JUL 1   7363                      8407  -1044     8536

 COOLING
  YESTERDAY        0                         0      0        0
  MONTH TO DATE    0                         0      0        0
  SINCE MAR 1      0                         0      0        0
  SINCE JAN 1      0                         0      0        0
..................................................................


WIND (MPH)
  HIGHEST WIND SPEED    41   HIGHEST WIND DIRECTION     W (250)
  HIGHEST GUST SPEED    55   HIGHEST GUST DIRECTION     W (250)
  AVERAGE WIND SPEED     7.2


SKY COVER
  POSSIBLE SUNSHINE  MM
  AVERAGE SKY COVER 0.3


WEATHER CONDITIONS
 THE FOLLOWING WEATHER WAS RECORDED YESTERDAY.
  LIGHT RAIN


RELATIVE HUMIDITY (PERCENT)
 HIGHEST    89           500 AM
 LOWEST     21           300 PM
 AVERAGE    55

..........................................................


THE ALAMOSA CO CLIMATE NORMALS FOR TODAY
                         NORMAL    RECORD    YEAR
 MAXIMUM TEMPERATURE (F)   74        88      2000
 MINIMUM TEMPERATURE (F)   37        22      1946


SUNRISE AND SUNSET
MAY 30 2015...........SUNRISE   545 AM MDT   SUNSET   817 PM MDT
MAY 31 2015...........SUNRISE   545 AM MDT   SUNSET   818 PM MDT


-  INDICATES NEGATIVE NUMBERS.
R  INDICATES RECORD WAS SET OR TIED.
MM INDICATES DATA IS MISSING.
T  INDICATES TRACE AMOUNT.




$$
