000
CDUS45 KPUB 231133
CLIALS


CLIMATE REPORT
NATIONAL WEATHER SERVICE PUEBLO
532 AM MDT SAT AUG 23 2014


...................................

...THE ALAMOSA CO CLIMATE SUMMARY FOR AUGUST 22 2014...

CLIMATE NORMAL PERIOD 1981 TO 2010
CLIMATE RECORD PERIOD 1932 TO 2014


WEATHER ITEM   OBSERVED TIME   RECORD YEAR NORMAL DEPARTURE LAST
                VALUE   (LST)  VALUE       VALUE  FROM      YEAR
                                                  NORMAL
..................................................................
TEMPERATURE (F)
 YESTERDAY
  MAXIMUM         58    819 AM  89    1945  79    -21       84
  MINIMUM         48   1150 PM  32    1964  45      3       52
  AVERAGE         53                        62     -9       68

PRECIPITATION (IN)
  YESTERDAY        0.51R         0.51 2014   0.04   0.47     0.00
  MONTH TO DATE    0.51                      0.90  -0.39     2.22
  SINCE JUN 1      2.05                      2.36  -0.31     3.56
  SINCE JAN 1      3.86                      4.58  -0.72     4.62

SNOWFALL (IN)
  YESTERDAY        0.0           0.0  2002   0.0    0.0      0.0
  MONTH TO DATE    0.0                       0.0    0.0      0.0
  SINCE JUN 1      0.0                       0.0    0.0      0.0
  SINCE JUL 1      0.0                       0.0    0.0      0.0
  SNOW DEPTH       0

DEGREE DAYS
 HEATING
  YESTERDAY       12                         3      9        0
  MONTH TO DATE   54                        47      7       47
  SINCE JUN 1    202                       260    -58      177
  SINCE JUL 1     76                        92    -16       75

 COOLING
  YESTERDAY        0                         0      0        3
  MONTH TO DATE    3                        12     -9       19
  SINCE JUN 1     60                        50     10       84
  SINCE JAN 1     60                        50     10       84
..................................................................


WIND (MPH)
  HIGHEST WIND SPEED    14   HIGHEST WIND DIRECTION    NE (60)
  HIGHEST GUST SPEED    17   HIGHEST GUST DIRECTION    SE (130)
  AVERAGE WIND SPEED     3.9


SKY COVER
  POSSIBLE SUNSHINE  MM
  AVERAGE SKY COVER 0.6


WEATHER CONDITIONS
 THE FOLLOWING WEATHER WAS RECORDED YESTERDAY.
  RAIN
  LIGHT RAIN
  FOG


RELATIVE HUMIDITY (PERCENT)
 HIGHEST    93          1100 AM
 LOWEST     57           800 AM
 AVERAGE    75

..........................................................


THE ALAMOSA CO CLIMATE NORMALS FOR TODAY
                         NORMAL    RECORD    YEAR
 MAXIMUM TEMPERATURE (F)   79        89      1938
 MINIMUM TEMPERATURE (F)   45        35      1941
                                             1934


SUNRISE AND SUNSET
AUGUST 23 2014........SUNRISE   626 AM MDT   SUNSET   745 PM MDT
AUGUST 24 2014........SUNRISE   627 AM MDT   SUNSET   744 PM MDT


-  INDICATES NEGATIVE NUMBERS.
R  INDICATES RECORD WAS SET OR TIED.
MM INDICATES DATA IS MISSING.
T  INDICATES TRACE AMOUNT.




$$
