000
CDUS45 KPUB 290023
CLIALS


CLIMATE REPORT
NATIONAL WEATHER SERVICE PUEBLO
623 PM MDT THU JUL 28 2016


...................................

...THE ALAMOSA CO CLIMATE SUMMARY FOR JULY 28 2016...
VALID TODAY AS OF 0500 PM LOCAL TIME.

CLIMATE NORMAL PERIOD 1981 TO 2010
CLIMATE RECORD PERIOD 1932 TO 2016


WEATHER ITEM   OBSERVED TIME   RECORD YEAR NORMAL DEPARTURE LAST
                VALUE   (LST)  VALUE       VALUE  FROM      YEAR
                                                  NORMAL
..................................................................
TEMPERATURE (F)
 TODAY
  MAXIMUM         90R   208 PM  89    2011  82      8       86
                                      1995
                                      1951
  MINIMUM         49    456 AM  35    1986  48      1       44
  AVERAGE         70                        65      5       65

PRECIPITATION (IN)
  TODAY            0.00          1.55 1939   0.04  -0.04     0.00
  MONTH TO DATE    0.31                      0.86  -0.55     1.17
  SINCE JUN 1      0.82                      1.35  -0.53     2.36
  SINCE JAN 1      5.19                      3.57   1.62     6.30

SNOWFALL (IN)
  TODAY            0.0           0.0  2002   0.0    0.0      0.0
                                      2001
  MONTH TO DATE    0.0                       0.0    0.0      0.0
  SINCE JUN 1      0.0                       0.0    0.0      0.0
  SINCE JUL 1      0.0                       0.0    0.0      0.0
  SNOW DEPTH       0

DEGREE DAYS
 HEATING
  TODAY            0                         1     -1        0
  MONTH TO DATE   13                        37    -24       44
  SINCE JUN 1     69                       205   -136      120
  SINCE JUL 1     13                        37    -24       44

 COOLING
  TODAY            5                         1      4        0
  MONTH TO DATE   59                        28     31       21
  SINCE JUN 1     88                        34     54       45
  SINCE JAN 1     88                        34     54       45
..................................................................


WIND (MPH)
  HIGHEST WIND SPEED    31   HIGHEST WIND DIRECTION    SW (240)
  HIGHEST GUST SPEED    36   HIGHEST GUST DIRECTION    SW (240)
  AVERAGE WIND SPEED     6.7


SKY COVER
  POSSIBLE SUNSHINE  MM
  AVERAGE SKY COVER 0.1


WEATHER CONDITIONS
 THE FOLLOWING WEATHER WAS RECORDED TODAY.
  NO SIGNIFICANT WEATHER WAS OBSERVED.


RELATIVE HUMIDITY (PERCENT)
 HIGHEST    71           500 AM
 LOWEST     13           200 PM
 AVERAGE    42

..........................................................


THE ALAMOSA CO CLIMATE NORMALS FOR TOMORROW
                         NORMAL    RECORD    YEAR
 MAXIMUM TEMPERATURE (F)   82        90      1951
 MINIMUM TEMPERATURE (F)   48        39      1986


SUNRISE AND SUNSET
JULY 28 2016..........SUNRISE   605 AM MDT   SUNSET   815 PM MDT
JULY 29 2016..........SUNRISE   606 AM MDT   SUNSET   814 PM MDT


-  INDICATES NEGATIVE NUMBERS.
R  INDICATES RECORD WAS SET OR TIED.
MM INDICATES DATA IS MISSING.
T  INDICATES TRACE AMOUNT.




$$
