000
CDUS45 KPUB 051140
CLIALS


CLIMATE REPORT
NATIONAL WEATHER SERVICE PUEBLO
440 AM MST MON DEC 5 2016


...................................

...THE ALAMOSA CO CLIMATE SUMMARY FOR DECEMBER 4 2016...

CLIMATE NORMAL PERIOD 1981 TO 2010
CLIMATE RECORD PERIOD 1932 TO 2016


WEATHER ITEM   OBSERVED TIME   RECORD YEAR NORMAL DEPARTURE LAST
                VALUE   (LST)  VALUE       VALUE  FROM      YEAR
                                                  NORMAL
..................................................................
TEMPERATURE (F)
 YESTERDAY
  MAXIMUM         36    323 PM  59    1995  38     -2       52
  MINIMUM         -6    556 AM -17    1964   4    -10        6
                                      1952
  AVERAGE         15                        21     -6       29

PRECIPITATION (IN)
  YESTERDAY        0.00          0.18 1969   0.02  -0.02     0.00
  MONTH TO DATE    0.07                      0.05   0.02     0.00
  SINCE DEC 1      0.07                      0.05   0.02     0.00
  SINCE JAN 1      8.16                      7.01   1.15     9.17

SNOWFALL (IN)
  YESTERDAY        0.0           2.7  1969   0.2   -0.2      0.0
  MONTH TO DATE    1.4                       0.6    0.8      0.0
  SINCE DEC 1      1.4                       0.6    0.8      0.0
  SINCE JUL 1      2.4                       6.4   -4.0      4.3
  SNOW DEPTH       0

DEGREE DAYS
 HEATING
  YESTERDAY       50                        44      6       36
  MONTH TO DATE  202                       174     28      169
  SINCE DEC 1    202                       174     28      169
  SINCE JUL 1   2066                      2349   -283     1947

 COOLING
  YESTERDAY        0                         0      0        0
  MONTH TO DATE    0                         0      0        0
  SINCE DEC 1      0                         0      0        0
  SINCE JAN 1    115                        51     64       74
..................................................................


WIND (MPH)
  HIGHEST WIND SPEED    10   HIGHEST WIND DIRECTION    SW (230)
  HIGHEST GUST SPEED    11   HIGHEST GUST DIRECTION    SW (230)
  AVERAGE WIND SPEED     3.8


SKY COVER
  POSSIBLE SUNSHINE  MM
  AVERAGE SKY COVER 0.0


WEATHER CONDITIONS
 THE FOLLOWING WEATHER WAS RECORDED YESTERDAY.
  NO SIGNIFICANT WEATHER WAS OBSERVED.


RELATIVE HUMIDITY (PERCENT)
 HIGHEST    91          1200 AM
 LOWEST     38           100 PM
 AVERAGE    65

..........................................................


THE ALAMOSA CO CLIMATE NORMALS FOR TODAY
                         NORMAL    RECORD    YEAR
 MAXIMUM TEMPERATURE (F)   37        59      1958
                                             1939
 MINIMUM TEMPERATURE (F)    3       -26      1964


SUNRISE AND SUNSET
DECEMBER  5 2016......SUNRISE   703 AM MST   SUNSET   445 PM MST
DECEMBER  6 2016......SUNRISE   704 AM MST   SUNSET   445 PM MST


-  INDICATES NEGATIVE NUMBERS.
R  INDICATES RECORD WAS SET OR TIED.
MM INDICATES DATA IS MISSING.
T  INDICATES TRACE AMOUNT.




$$
