951
CDUS44 KAMA 112238
CLIAMA


CLIMATE REPORT
NATIONAL WEATHER SERVICE AMARILLO TX
436 PM CST THU FEB 11 2016


...................................

...THE AMARILLO CLIMATE SUMMARY FOR FEBRUARY 11 2016...
VALID TODAY AS OF 0400 PM LOCAL TIME.

CLIMATE NORMAL PERIOD 1981 TO 2010
CLIMATE RECORD PERIOD 1892 TO 2016


WEATHER ITEM   OBSERVED TIME   RECORD YEAR NORMAL DEPARTURE LAST
                VALUE   (LST)  VALUE       VALUE  FROM      YEAR
                                                  NORMAL
..................................................................
TEMPERATURE (F)
 TODAY
  MAXIMUM         68    415 PM  85    1962  53     15       45
  MINIMUM         30    159 AM -12    1986  26      4       33
                                      1899
  AVERAGE         49                        39     10       39

PRECIPITATION (IN)
  TODAY            0.00          0.30 1894   0.02  -0.02      T
  MONTH TO DATE    0.11                      0.24  -0.13      T
  SINCE DEC 1      1.08                      1.67  -0.59     1.74
  SINCE JAN 1      0.30                      0.96  -0.66     1.61

SNOWFALL (IN)
  TODAY            0.0           3.0  1894   0.2   -0.2       T
  MONTH TO DATE    T                         1.6   -1.6       T
  SINCE DEC 1      7.6                      10.0   -2.4     14.5
  SINCE JUL 1      8.9                      12.7   -3.8     17.0
  SNOW DEPTH       0

DEGREE DAYS
 HEATING
  TODAY           16                        26    -10       26
  MONTH TO DATE  277                       291    -14      195
  SINCE DEC 1   1819                      2032   -213     1841
  SINCE JUL 1   2478                      2876   -398     2635

 COOLING
  TODAY            0                         0      0        0
  MONTH TO DATE    0                         0      0        0
  SINCE DEC 1      0                         0      0        0
  SINCE JAN 1      0                         0      0        0
..................................................................


WIND (MPH)
  RESULTANT WIND SPEED   2   RESULTANT WIND DIRECTION   N (340)
  HIGHEST WIND SPEED    13   HIGHEST WIND DIRECTION     N (350)
  HIGHEST GUST SPEED    15   HIGHEST GUST DIRECTION     N (350)
  AVERAGE WIND SPEED     7.0


SKY COVER
  AVERAGE SKY COVER 0.0


WEATHER CONDITIONS
 THE FOLLOWING WEATHER WAS RECORDED TODAY.
  NO SIGNIFICANT WEATHER WAS OBSERVED.


RELATIVE HUMIDITY (PERCENT)
 HIGHEST    61           800 AM
 LOWEST     18           400 PM
 AVERAGE    40

..........................................................


THE AMARILLO CLIMATE NORMALS FOR TOMORROW
                         NORMAL    RECORD    YEAR
 MAXIMUM TEMPERATURE (F)   53        86      1962
 MINIMUM TEMPERATURE (F)   26       -16      1899


SUNRISE AND SUNSET
FEBRUARY 11 2016......SUNRISE   738 AM CST   SUNSET   625 PM CST
FEBRUARY 12 2016......SUNRISE   737 AM CST   SUNSET   626 PM CST


-  INDICATES NEGATIVE NUMBERS.
R  INDICATES RECORD WAS SET OR TIED.
MM INDICATES DATA IS MISSING.
T  INDICATES TRACE AMOUNT.




$$
