000
CDUS44 KAMA 302134
CLIAMA


CLIMATE REPORT
NATIONAL WEATHER SERVICE AMARILLO TX
433 PM CDT WED JUL 30 2014


...................................

...THE AMARILLO CLIMATE SUMMARY FOR JULY 30 2014...
VALID TODAY AS OF 0400 PM LOCAL TIME.

CLIMATE NORMAL PERIOD 1981 TO 2010
CLIMATE RECORD PERIOD 1892 TO 2014


WEATHER ITEM   OBSERVED TIME   RECORD YEAR NORMAL DEPARTURE LAST
                VALUE   (LST)  VALUE       VALUE  FROM      YEAR
                                                  NORMAL
..................................................................
TEMPERATURE (F)
 TODAY
  MAXIMUM         81    154 PM 104    1969  91    -10       91
  MINIMUM         65    529 AM  55    1971  65      0       68
  AVERAGE         73                        78     -5       80

PRECIPITATION (IN)
  TODAY            0.18          2.19 1982   0.11   0.07     0.00
  MONTH TO DATE    1.82                      2.74  -0.92     1.86
  SINCE JUN 1      7.22                      5.90   1.32     4.66
  SINCE JAN 1     11.93                     12.26  -0.33    10.95

SNOWFALL (IN)
  TODAY            0.0           T    1996   0.0    0.0      0.0
  MONTH TO DATE    0.0                       0.0    0.0      0.0
  SINCE JUN 1      0.0                       0.0    0.0      0.0
  SINCE JUL 1      0.0                       0.0    0.0      0.0
  SNOW DEPTH       0

DEGREE DAYS
 HEATING
  TODAY            0                         0      0        0
  MONTH TO DATE    0                         0      0        0
  SINCE JUN 1      4                         7     -3        0
  SINCE JUL 1      0                         0      0        0

 COOLING
  TODAY            8                        13     -5       15
  MONTH TO DATE  359                       398    -39      392
  SINCE JUN 1    677                       686     -9      783
  SINCE JAN 1    874                       811     63     1031
..................................................................


WIND (MPH)
  RESULTANT WIND SPEED   1   RESULTANT WIND DIRECTION   E (100)
  HIGHEST WIND SPEED    25   HIGHEST WIND DIRECTION     N (360)
  HIGHEST GUST SPEED    32   HIGHEST GUST DIRECTION     N (350)
  AVERAGE WIND SPEED    10.9


SKY COVER
  AVERAGE SKY COVER 0.8


WEATHER CONDITIONS
 THE FOLLOWING WEATHER WAS RECORDED TODAY.
  THUNDERSTORM
  HEAVY RAIN
  RAIN
  LIGHT RAIN
  FOG


RELATIVE HUMIDITY (PERCENT)
 HIGHEST    93           600 AM
 LOWEST     54           100 PM
 AVERAGE    74

..........................................................


THE AMARILLO CLIMATE NORMALS FOR TOMORROW
                         NORMAL    RECORD    YEAR
 MAXIMUM TEMPERATURE (F)   91       105      1934
 MINIMUM TEMPERATURE (F)   65        54      1971


SUNRISE AND SUNSET
JULY 30 2014..........SUNRISE   654 AM CDT   SUNSET   852 PM CDT
JULY 31 2014..........SUNRISE   655 AM CDT   SUNSET   851 PM CDT


-  INDICATES NEGATIVE NUMBERS.
R  INDICATES RECORD WAS SET OR TIED.
MM INDICATES DATA IS MISSING.
T  INDICATES TRACE AMOUNT.




$$
