000
CDUS44 KAMA 070752
CLIAMA


CLIMATE REPORT
NATIONAL WEATHER SERVICE AMARILLO TX
152 AM CST WED DEC 7 2016


...................................

...THE AMARILLO CLIMATE SUMMARY FOR DECEMBER 6 2016...

CLIMATE NORMAL PERIOD 1981 TO 2010
CLIMATE RECORD PERIOD 1892 TO 2016


WEATHER ITEM   OBSERVED TIME   RECORD YEAR NORMAL DEPARTURE LAST
                VALUE   (LST)  VALUE       VALUE  FROM      YEAR
                                                  NORMAL
..................................................................
TEMPERATURE (F)
 YESTERDAY
  MAXIMUM         38    427 PM  83    1939  51    -13       57
  MINIMUM         24   1152 PM  -1    1972  25     -1       30
  AVERAGE         31                        38     -7       44

PRECIPITATION (IN)
  YESTERDAY        0.00          0.52 1920   0.02  -0.02     0.00
  MONTH TO DATE    0.15                      0.12   0.03     0.00
  SINCE DEC 1      0.15                      0.12   0.03     0.00
  SINCE JAN 1     17.08                     19.77  -2.69    33.85

SNOWFALL (IN)
  YESTERDAY        0.0           4.4  1912   0.1   -0.1      0.0
  MONTH TO DATE    T                         0.7   -0.7      0.0
  SINCE DEC 1      T                         0.7   -0.7      0.0
  SINCE JUL 1      T                         3.4   -3.4      1.3
  SNOW DEPTH       0

DEGREE DAYS
 HEATING
  YESTERDAY       34                        27      7       21
  MONTH TO DATE  159                       157      2      127
  SINCE DEC 1    159                       157      2      127
  SINCE JUL 1    624                      1001   -377      786

 COOLING
  YESTERDAY        0                         0      0        0
  MONTH TO DATE    0                         0      0        0
  SINCE DEC 1      0                         0      0        0
  SINCE JAN 1   1694                      1399    295     1493
..................................................................


WIND (MPH)
  RESULTANT WIND SPEED  11   RESULTANT WIND DIRECTION   N (20)
  HIGHEST WIND SPEED    33   HIGHEST WIND DIRECTION     N (360)
  HIGHEST GUST SPEED    43   HIGHEST GUST DIRECTION     N (10)
  AVERAGE WIND SPEED    15.2


SKY COVER
  AVERAGE SKY COVER 0.1


WEATHER CONDITIONS
 THE FOLLOWING WEATHER WAS RECORDED YESTERDAY.
  NO SIGNIFICANT WEATHER WAS OBSERVED.


RELATIVE HUMIDITY (PERCENT)
 HIGHEST    68          1100 PM
 LOWEST     26           200 PM
 AVERAGE    47

..........................................................


THE AMARILLO CLIMATE NORMALS FOR TODAY
                         NORMAL    RECORD    YEAR
 MAXIMUM TEMPERATURE (F)   51        77      2007
 MINIMUM TEMPERATURE (F)   25         3      2013
                                             2005


SUNRISE AND SUNSET
DECEMBER  7 2016......SUNRISE   743 AM CST   SUNSET   534 PM CST
DECEMBER  8 2016......SUNRISE   743 AM CST   SUNSET   535 PM CST


-  INDICATES NEGATIVE NUMBERS.
R  INDICATES RECORD WAS SET OR TIED.
MM INDICATES DATA IS MISSING.
T  INDICATES TRACE AMOUNT.




$$
