000
CDUS44 KAMA 290632
CLIAMA


CLIMATE REPORT
NATIONAL WEATHER SERVICE AMARILLO TX
131 AM CDT SAT AUG 29 2015


...................................

...THE AMARILLO CLIMATE SUMMARY FOR AUGUST 28 2015...

CLIMATE NORMAL PERIOD 1981 TO 2010
CLIMATE RECORD PERIOD 1892 TO 2015


WEATHER ITEM   OBSERVED TIME   RECORD YEAR NORMAL DEPARTURE LAST
                VALUE   (LST)  VALUE       VALUE  FROM      YEAR
                                                  NORMAL
..................................................................
TEMPERATURE (F)
 YESTERDAY
  MAXIMUM         89    254 PM 102    2011  88      1       93
  MINIMUM         68    651 AM  52    1987  63      5       65
  AVERAGE         79                        75      4       79

PRECIPITATION (IN)
  YESTERDAY        0.02          1.65 1968   0.08  -0.06     0.01
  MONTH TO DATE    3.68                      2.69   0.99     1.76
  SINCE JUN 1     14.16                      8.69   5.47     8.98
  SINCE JAN 1     28.71                     15.05  13.66    13.69

SNOWFALL (IN)
  YESTERDAY        0.0           0.0    MM   0.0    0.0      0.0
  MONTH TO DATE    0.0                       0.0    0.0      0.0
  SINCE JUN 1      0.0                       0.0    0.0      0.0
  SINCE JUL 1      0.0                       0.0    0.0      0.0
  SNOW DEPTH       0

DEGREE DAYS
 HEATING
  YESTERDAY        0                         0      0        0
  MONTH TO DATE    0                         0      0        0
  SINCE JUN 1      0                         7     -7        4
  SINCE JUL 1      0                         0      0        0

 COOLING
  YESTERDAY       14                        10      4       14
  MONTH TO DATE  343                       337      6      405
  SINCE JUN 1   1068                      1037     31     1086
  SINCE JAN 1   1117                      1162    -45     1283
..................................................................


WIND (MPH)
  RESULTANT WIND SPEED   4   RESULTANT WIND DIRECTION   E (90)
  HIGHEST WIND SPEED    18   HIGHEST WIND DIRECTION    SE (150)
  HIGHEST GUST SPEED    24   HIGHEST GUST DIRECTION     E (70)
  AVERAGE WIND SPEED     8.6


SKY COVER
  AVERAGE SKY COVER 0.3


WEATHER CONDITIONS
 THE FOLLOWING WEATHER WAS RECORDED YESTERDAY.
  THUNDERSTORM


RELATIVE HUMIDITY (PERCENT)
 HIGHEST    73           400 AM
 LOWEST     40           200 PM
 AVERAGE    57

..........................................................


THE AMARILLO CLIMATE NORMALS FOR TODAY
                         NORMAL    RECORD    YEAR
 MAXIMUM TEMPERATURE (F)   88       100      1990
                                             1959
 MINIMUM TEMPERATURE (F)   62        49      1917


SUNRISE AND SUNSET
AUGUST 29 2015........SUNRISE   717 AM CDT   SUNSET   818 PM CDT
AUGUST 30 2015........SUNRISE   718 AM CDT   SUNSET   817 PM CDT


-  INDICATES NEGATIVE NUMBERS.
R  INDICATES RECORD WAS SET OR TIED.
MM INDICATES DATA IS MISSING.
T  INDICATES TRACE AMOUNT.




$$
