000
CDUS44 KAMA 230630
CLIAMA


CLIMATE REPORT
NATIONAL WEATHER SERVICE AMARILLO TX
128 AM CDT SAT JUL 23 2016


...................................

...THE AMARILLO CLIMATE SUMMARY FOR JULY 22 2016...

CLIMATE NORMAL PERIOD 1981 TO 2010
CLIMATE RECORD PERIOD 1892 TO 2016


WEATHER ITEM   OBSERVED TIME   RECORD YEAR NORMAL DEPARTURE LAST
                VALUE   (LST)  VALUE       VALUE  FROM      YEAR
                                                  NORMAL
..................................................................
TEMPERATURE (F)
 YESTERDAY
  MAXIMUM         99    437 PM 105    1981  91      8       91
  MINIMUM         69    544 AM  55    1942  65      4       70
  AVERAGE         84                        78      6       81

PRECIPITATION (IN)
  YESTERDAY        0.00          1.94 2004   0.10  -0.10     0.00
                                      1928
  MONTH TO DATE    1.54                      1.96  -0.42     5.20
  SINCE JUN 1      2.92                      5.12  -2.20     9.09
  SINCE JAN 1      8.81                     11.48  -2.67    23.64

SNOWFALL (IN)
  YESTERDAY        0.0           T    1955   0.0    0.0      0.0
  MONTH TO DATE    T                         0.0    0.0      0.0
  SINCE JUN 1      T                         0.0    0.0      0.0
  SINCE JUL 1      T                         0.0    0.0      0.0
  SNOW DEPTH       0

DEGREE DAYS
 HEATING
  YESTERDAY        0                         0      0        0
  MONTH TO DATE    0                         0      0        0
  SINCE JUN 1      0                         7     -7        0
  SINCE JUL 1      0                         0      0        0

 COOLING
  YESTERDAY       19                        13      6       16
  MONTH TO DATE  420                       294    126      280
  SINCE JUN 1    796                       582    214      589
  SINCE JAN 1    884                       707    177      638
..................................................................


WIND (MPH)
  RESULTANT WIND SPEED  13   RESULTANT WIND DIRECTION   S (190)
  HIGHEST WIND SPEED    23   HIGHEST WIND DIRECTION     S (170)
  HIGHEST GUST SPEED    30   HIGHEST GUST DIRECTION     S (160)
  AVERAGE WIND SPEED    14.3


SKY COVER
  AVERAGE SKY COVER 0.0


WEATHER CONDITIONS
 THE FOLLOWING WEATHER WAS RECORDED YESTERDAY.
  NO SIGNIFICANT WEATHER WAS OBSERVED.


RELATIVE HUMIDITY (PERCENT)
 HIGHEST    61           600 AM
 LOWEST     21           500 PM
 AVERAGE    41

..........................................................


THE AMARILLO CLIMATE NORMALS FOR TODAY
                         NORMAL    RECORD    YEAR
 MAXIMUM TEMPERATURE (F)   91       102      2012
                                             2001
                                             1981
 MINIMUM TEMPERATURE (F)   65        57      2009
                                             1947
                                             1904


SUNRISE AND SUNSET
JULY 23 2016..........SUNRISE   649 AM CDT   SUNSET   857 PM CDT
JULY 24 2016..........SUNRISE   650 AM CDT   SUNSET   856 PM CDT


-  INDICATES NEGATIVE NUMBERS.
R  INDICATES RECORD WAS SET OR TIED.
MM INDICATES DATA IS MISSING.
T  INDICATES TRACE AMOUNT.




$$
