000
CDUS44 KAMA 291513
CLIAMA


CLIMATE REPORT
NATIONAL WEATHER SERVICE AMARILLO TX
913 AM CST THU JAN 29 2015


...................................

...THE AMARILLO CLIMATE SUMMARY FOR JANUARY 29 2015...
VALID AS OF 0900 AM LOCAL TIME.

CLIMATE NORMAL PERIOD 1981 TO 2010
CLIMATE RECORD PERIOD 1892 TO 2015


WEATHER ITEM   OBSERVED TIME   RECORD YEAR NORMAL DEPARTURE LAST
                VALUE   (LST)  VALUE       VALUE  FROM      YEAR
                                                  NORMAL
..................................................................
TEMPERATURE (F)
 TODAY
  MINIMUM         41    529 AM  -6    1966  24     17       16

PRECIPITATION (IN)
  TODAY            0.00          1.57 1999   0.02  -0.02     0.00
  MONTH TO DATE    1.21                      0.66   0.55     0.03
  SINCE DEC 1      1.34                      1.37  -0.03     0.35
  SINCE JAN 1      1.21                      0.66   0.55     0.03

SNOWFALL (IN)
  TODAY            0.0           5.9  1999   0.2   -0.2      0.0
  MONTH TO DATE   14.1                       4.3    9.8      0.9
  SINCE DEC 1     14.5                       8.0    6.5      3.1
  SINCE JUL 1     17.0                      10.7    6.3      7.4
  SNOW DEPTH       0

..................................................................


WIND (MPH)
  RESULTANT WIND SPEED  14   RESULTANT WIND DIRECTION   N (10)
  HIGHEST WIND SPEED    21   HIGHEST WIND DIRECTION     N (360)
  HIGHEST GUST SPEED    27   HIGHEST GUST DIRECTION     N (360)
  AVERAGE WIND SPEED    13.7


SKY COVER
  AVERAGE SKY COVER 0.0


WEATHER CONDITIONS
 THE FOLLOWING WEATHER WAS RECORDED TODAY.
  NO SIGNIFICANT WEATHER WAS OBSERVED.


RELATIVE HUMIDITY (PERCENT)
 HIGHEST    70          1200 AM
 LOWEST     65           100 AM
 AVERAGE    68

..........................................................


THE AMARILLO CLIMATE NORMALS FOR TOMORROW
                         NORMAL    RECORD    YEAR
 MAXIMUM TEMPERATURE (F)   52        75      1911
 MINIMUM TEMPERATURE (F)   24        -4      1895


SUNRISE AND SUNSET
JANUARY 29 2015.......SUNRISE   748 AM CST   SUNSET   612 PM CST
JANUARY 30 2015.......SUNRISE   748 AM CST   SUNSET   613 PM CST


-  INDICATES NEGATIVE NUMBERS.
R  INDICATES RECORD WAS SET OR TIED.
MM INDICATES DATA IS MISSING.
T  INDICATES TRACE AMOUNT.




$$
