000
CDUS44 KAMA 231510
CLIAMA


CLIMATE REPORT
NATIONAL WEATHER SERVICE AMARILLO TX
910 AM CST SUN NOV 23 2014


...................................

...THE AMARILLO CLIMATE SUMMARY FOR NOVEMBER 23 2014...
VALID AS OF 0900 AM LOCAL TIME.

CLIMATE NORMAL PERIOD 1981 TO 2010
CLIMATE RECORD PERIOD 1892 TO 2014


WEATHER ITEM   OBSERVED TIME   RECORD YEAR NORMAL DEPARTURE LAST
                VALUE   (LST)  VALUE       VALUE  FROM      YEAR
                                                  NORMAL
..................................................................
TEMPERATURE (F)
 TODAY
  MINIMUM         40   1206 AM   3    1957  29     11       23

PRECIPITATION (IN)
  TODAY            0.00          0.65 2004   0.02  -0.02     0.12
                                      1940
  MONTH TO DATE    0.26                      0.66  -0.40     0.13
  SINCE SEP 1      5.50                      4.24   1.26     2.13
  SINCE JAN 1     19.19                     19.51  -0.32    14.50

SNOWFALL (IN)
  TODAY            0.0           1.1  2013   0.1   -0.1      1.1
  MONTH TO DATE    2.5                       1.7    0.8      1.1
  SINCE SEP 1      2.5                       1.9    0.6      1.1
  SINCE JUL 1      2.5                       1.9    0.6      1.1
  SNOW DEPTH       0

..................................................................


WIND (MPH)
  RESULTANT WIND SPEED  15   RESULTANT WIND DIRECTION   W (260)
  HIGHEST WIND SPEED    24   HIGHEST WIND DIRECTION     W (280)
  HIGHEST GUST SPEED    31   HIGHEST GUST DIRECTION     W (250)
  AVERAGE WIND SPEED    17.3


SKY COVER
  AVERAGE SKY COVER 0.0


WEATHER CONDITIONS
 THE FOLLOWING WEATHER WAS RECORDED TODAY.
  NO SIGNIFICANT WEATHER WAS OBSERVED.


RELATIVE HUMIDITY (PERCENT)
 HIGHEST    70          1200 AM
 LOWEST     24           500 AM
 AVERAGE    47

..........................................................


THE AMARILLO CLIMATE NORMALS FOR TOMORROW
                         NORMAL    RECORD    YEAR
 MAXIMUM TEMPERATURE (F)   56        78      1981
 MINIMUM TEMPERATURE (F)   29        11      2003
                                             1950


SUNRISE AND SUNSET
NOVEMBER 23 2014......SUNRISE   730 AM CST   SUNSET   537 PM CST
NOVEMBER 24 2014......SUNRISE   730 AM CST   SUNSET   536 PM CST


-  INDICATES NEGATIVE NUMBERS.
R  INDICATES RECORD WAS SET OR TIED.
MM INDICATES DATA IS MISSING.
T  INDICATES TRACE AMOUNT.




$$
