000
CDUS44 KAMA 282130
CLIAMA


CLIMATE REPORT
NATIONAL WEATHER SERVICE AMARILLO TX
430 PM CDT WED JUN 28 2017


...................................

...THE AMARILLO CLIMATE SUMMARY FOR JUNE 28 2017...
VALID TODAY AS OF 0400 PM LOCAL TIME.

CLIMATE NORMAL PERIOD 1981 TO 2010
CLIMATE RECORD PERIOD 1892 TO 2017


WEATHER ITEM   OBSERVED TIME   RECORD YEAR NORMAL DEPARTURE LAST
                VALUE   (LST)  VALUE       VALUE  FROM      YEAR
                                                  NORMAL
..................................................................
TEMPERATURE (F)
 TODAY
  MAXIMUM         95    254 PM 108    1998  91      4       95
  MINIMUM         69    620 AM  56    1948  64      5       62
  AVERAGE         82                        77      5       79

PRECIPITATION (IN)
  TODAY            0.00          1.98 1944   0.09  -0.09     0.00
  MONTH TO DATE    1.50                      2.98  -1.48     1.25
  SINCE JUN 1      1.50                      2.98  -1.48     1.25
  SINCE JAN 1      9.65                      9.34   0.31     7.14

SNOWFALL (IN)
  TODAY            0.0           0.0    MM   0.0    0.0      0.0
  MONTH TO DATE    0.0                       0.0    0.0      0.0
  SINCE JUN 1      0.0                       0.0    0.0      0.0
  SINCE JUL 1     10.0                      17.8   -7.8     13.4
  SNOW DEPTH      MM

DEGREE DAYS
 HEATING
  TODAY            0                         0      0        0
  MONTH TO DATE    1                         5     -4        0
  SINCE JUN 1      1                         5     -4        0
  SINCE JUL 1   3238                      4176   -938     3461

 COOLING
  TODAY           17                        12      5       14
  MONTH TO DATE  333                       263     70      346
  SINCE JUN 1    333                       263     70      346
  SINCE JAN 1    463                       388     75      434
..................................................................


WIND (MPH)
  RESULTANT WIND SPEED  15   RESULTANT WIND DIRECTION  SW (210)
  HIGHEST WIND SPEED    30   HIGHEST WIND DIRECTION     S (190)
  HIGHEST GUST SPEED    38   HIGHEST GUST DIRECTION    SW (220)
  AVERAGE WIND SPEED    15.0


SKY COVER
  AVERAGE SKY COVER 0.0


WEATHER CONDITIONS
 THE FOLLOWING WEATHER WAS RECORDED TODAY.
  NO SIGNIFICANT WEATHER WAS OBSERVED.


RELATIVE HUMIDITY (PERCENT)
 HIGHEST    39          1100 AM
 LOWEST     26           300 PM
 AVERAGE    33

..........................................................


THE AMARILLO CLIMATE NORMALS FOR TOMORROW
                         NORMAL    RECORD    YEAR
 MAXIMUM TEMPERATURE (F)   91       106      1957
                                             1918
 MINIMUM TEMPERATURE (F)   64        54      1895


SUNRISE AND SUNSET
JUNE 28 2017..........SUNRISE   635 AM CDT   SUNSET   905 PM CDT
JUNE 29 2017..........SUNRISE   635 AM CDT   SUNSET   905 PM CDT


-  INDICATES NEGATIVE NUMBERS.
R  INDICATES RECORD WAS SET OR TIED.
MM INDICATES DATA IS MISSING.
T  INDICATES TRACE AMOUNT.




$$
