074
CDUS42 KJAX 220539
CLIAMG


CLIMATE REPORT
NATIONAL WEATHER SERVICE JACKSONVILLE FL
1237 AM EST THU FEB 22 2018


...................................

...THE ALMA CLIMATE SUMMARY FOR FEBRUARY 21 2018...

CLIMATE NORMAL PERIOD 1981 TO 2010
CLIMATE RECORD PERIOD 1948 TO 2018


WEATHER ITEM   OBSERVED TIME   RECORD YEAR NORMAL DEPARTURE LAST
                VALUE   (LST)  VALUE       VALUE  FROM      YEAR
                                                  NORMAL
..................................................................
TEMPERATURE (F)
 YESTERDAY
  MAXIMUM         87R   335 PM  82    1997  67     20       76
  MINIMUM         69   1159 PM  20    1958  44     25       48
  AVERAGE         78                        55     23       62

PRECIPITATION (IN)
  YESTERDAY        0.00          1.09 2008   0.14  -0.14     0.00
  MONTH TO DATE    1.73                      2.82  -1.09     0.48
  SINCE DEC 1      5.14                     10.37  -5.23    12.29
  SINCE JAN 1      3.28                      7.08  -3.80     7.57

SNOWFALL (IN)
  YESTERDAY        0.0           0.0    MM   0.0    0.0      0.0
  MONTH TO DATE    0.0                       0.0    0.0      0.0
  SINCE DEC 1      3.0                       0.1    2.9      0.0
  SINCE JUL 1      3.0                       0.1    2.9      0.0
  SNOW DEPTH       0

DEGREE DAYS
 HEATING
  YESTERDAY        0                        10    -10        3
  MONTH TO DATE   99                       246   -147      129
  SINCE DEC 1   1021                      1091    -70      650
  SINCE JUL 1   1232                      1335   -103      838

 COOLING
  YESTERDAY       13                         0     13        0
  MONTH TO DATE   59                         0     59        9
  SINCE DEC 1     77                        16     61       48
  SINCE JAN 1     64                         5     59       35
..................................................................


WIND (MPH)
  HIGHEST WIND SPEED    15   HIGHEST WIND DIRECTION     S (160)
  HIGHEST GUST SPEED    19   HIGHEST GUST DIRECTION     S (160)
  AVERAGE WIND SPEED     6.7


SKY COVER
  POSSIBLE SUNSHINE  MM
  AVERAGE SKY COVER 0.7


WEATHER CONDITIONS
 THE FOLLOWING WEATHER WAS RECORDED YESTERDAY.
  FOG


RELATIVE HUMIDITY (PERCENT)
 HIGHEST    90           200 AM
 LOWEST     43           300 PM
 AVERAGE    67

..........................................................


THE ALMA CLIMATE NORMALS FOR TODAY
                         NORMAL    RECORD    YEAR
 MAXIMUM TEMPERATURE (F)   67        82      2005
 MINIMUM TEMPERATURE (F)   44        25      1958


SUNRISE AND SUNSET
FEBRUARY 22 2018......SUNRISE   705 AM EST   SUNSET   623 PM EST
FEBRUARY 23 2018......SUNRISE   704 AM EST   SUNSET   624 PM EST


-  INDICATES NEGATIVE NUMBERS.
R  INDICATES RECORD WAS SET OR TIED.
MM INDICATES DATA IS MISSING.
T  INDICATES TRACE AMOUNT.




$$
