000
CDUS42 KJAX 232229
CLIAMG


CLIMATE REPORT
NATIONAL WEATHER SERVICE JACKSONVILLE FL
529 PM EST SUN NOV 23 2014


...................................

...THE ALMA CLIMATE SUMMARY FOR NOVEMBER 23 2014...
VALID TODAY AS OF 0500 PM LOCAL TIME.

CLIMATE NORMAL PERIOD 1981 TO 2010
CLIMATE RECORD PERIOD 1948 TO 2014


WEATHER ITEM   OBSERVED TIME   RECORD YEAR NORMAL DEPARTURE LAST
                VALUE   (LST)  VALUE       VALUE  FROM      YEAR
                                                  NORMAL
..................................................................
TEMPERATURE (F)
 TODAY
  MAXIMUM         73    452 PM  82    2010  69      4       73
  MINIMUM         59    336 AM  22    1956  46     13       56
  AVERAGE         66                        58      8       65

PRECIPITATION (IN)
  TODAY            1.92          2.28 1961   0.08   1.84     0.03
  MONTH TO DATE    2.22                      1.86   0.36     1.15
  SINCE SEP 1      7.26                      8.53  -1.27     3.99
  SINCE JAN 1     35.12                     42.74  -7.62    46.86

SNOWFALL (IN)
  TODAY            0.0           0.0    MM   0.0    0.0      0.0
  MONTH TO DATE    0.0                       0.0    0.0      0.0
  SINCE SEP 1      0.0                       0.0    0.0      0.0
  SINCE JUL 1      0.0                       0.0    0.0      0.0
  SNOW DEPTH       0

DEGREE DAYS
 HEATING
  TODAY            0                         8     -8        0
  MONTH TO DATE  259                       132    127      120
  SINCE SEP 1    307                       182    125      164
  SINCE JUL 1    307                       182    125      164

 COOLING
  TODAY            1                         1      0        0
  MONTH TO DATE    4                        35    -31       24
  SINCE SEP 1    528                       553    -25      543
  SINCE JAN 1   2435                      2460    -25     2320
..................................................................


WIND (MPH)
  HIGHEST WIND SPEED    13   HIGHEST WIND DIRECTION    SE (140)
  HIGHEST GUST SPEED    18   HIGHEST GUST DIRECTION    NE (60)
  AVERAGE WIND SPEED     5.0


SKY COVER
  POSSIBLE SUNSHINE  MM
  AVERAGE SKY COVER 1.0


WEATHER CONDITIONS
 THE FOLLOWING WEATHER WAS RECORDED TODAY.
  THUNDERSTORM
  HEAVY RAIN
  RAIN
  LIGHT RAIN
  FOG


RELATIVE HUMIDITY (PERCENT)
 HIGHEST   100           800 AM
 LOWEST     87           200 PM
 AVERAGE    94

..........................................................


THE ALMA CLIMATE NORMALS FOR TOMORROW
                         NORMAL    RECORD    YEAR
 MAXIMUM TEMPERATURE (F)   69        83      1986
 MINIMUM TEMPERATURE (F)   46        20      1970


SUNRISE AND SUNSET
NOVEMBER 23 2014......SUNRISE   705 AM EST   SUNSET   528 PM EST
NOVEMBER 24 2014......SUNRISE   706 AM EST   SUNSET   528 PM EST


-  INDICATES NEGATIVE NUMBERS.
R  INDICATES RECORD WAS SET OR TIED.
MM INDICATES DATA IS MISSING.
T  INDICATES TRACE AMOUNT.




$$
