000
CDUS42 KJAX 050532
CLIAMG


CLIMATE REPORT
NATIONAL WEATHER SERVICE JACKSONVILLE FL
132 AM EDT SUN JUL 5 2015


...................................

...THE ALMA CLIMATE SUMMARY FOR JULY 4 2015...

CLIMATE NORMAL PERIOD 1981 TO 2010
CLIMATE RECORD PERIOD 1948 TO 2015


WEATHER ITEM   OBSERVED TIME   RECORD YEAR NORMAL DEPARTURE LAST
                VALUE   (LST)  VALUE       VALUE  FROM      YEAR
                                                  NORMAL
..................................................................
TEMPERATURE (F)
 YESTERDAY
  MAXIMUM         92    251 PM  99    1997  92      0       92
  MINIMUM         72   1159 PM  60    1952  71      1       66
  AVERAGE         82                        82      0       79

PRECIPITATION (IN)
  YESTERDAY        0.13          2.00 1962   0.17  -0.04     0.00
  MONTH TO DATE    0.66                      0.67  -0.01     0.08
  SINCE JUN 1      6.07                      6.05   0.02     3.24
  SINCE JAN 1     19.34                     24.14  -4.80    20.90

SNOWFALL (IN)
  YESTERDAY        0.0           0.0    MM   0.0    0.0      0.0
  MONTH TO DATE    0.0                       0.0    0.0      0.0
  SINCE JUN 1      0.0                       0.0    0.0      0.0
  SINCE JUL 1      0.0                       0.0    0.0      0.0
  SNOW DEPTH       0

DEGREE DAYS
 HEATING
  YESTERDAY        0                         0      0        0
  MONTH TO DATE    0                         0      0        0
  SINCE JUN 1      0                         0      0        0
  SINCE JUL 1      0                         0      0        0

 COOLING
  YESTERDAY       17                        17      0       14
  MONTH TO DATE   64                        67     -3       70
  SINCE JUN 1    544                       510     34      529
  SINCE JAN 1   1069                       940    129      913
..................................................................


WIND (MPH)
  HIGHEST WIND SPEED    22   HIGHEST WIND DIRECTION    NW (310)
  HIGHEST GUST SPEED    30   HIGHEST GUST DIRECTION    NW (300)
  AVERAGE WIND SPEED     5.4


SKY COVER
  POSSIBLE SUNSHINE  MM
  AVERAGE SKY COVER 0.2


WEATHER CONDITIONS
 THE FOLLOWING WEATHER WAS RECORDED YESTERDAY.
  THUNDERSTORM
  HEAVY RAIN
  LIGHT RAIN
  FOG


RELATIVE HUMIDITY (PERCENT)
 HIGHEST   100           600 AM
 LOWEST     47           300 PM
 AVERAGE    74

..........................................................


THE ALMA CLIMATE NORMALS FOR TODAY
                         NORMAL    RECORD    YEAR
 MAXIMUM TEMPERATURE (F)   92        99      1979
 MINIMUM TEMPERATURE (F)   71        59      1952


SUNRISE AND SUNSET
JULY  5 2015..........SUNRISE   630 AM EDT   SUNSET   839 PM EDT
JULY  6 2015..........SUNRISE   631 AM EDT   SUNSET   839 PM EDT


-  INDICATES NEGATIVE NUMBERS.
R  INDICATES RECORD WAS SET OR TIED.
MM INDICATES DATA IS MISSING.
T  INDICATES TRACE AMOUNT.




$$
