000
CDUS42 KJAX 180532
CLIAMG


CLIMATE REPORT
NATIONAL WEATHER SERVICE JACKSONVILLE FL
132 AM EDT THU SEP 18 2014


...................................

...THE ALMA CLIMATE SUMMARY FOR SEPTEMBER 17 2014...

CLIMATE NORMAL PERIOD 1981 TO 2010
CLIMATE RECORD PERIOD 1948 TO 2014


WEATHER ITEM   OBSERVED TIME   RECORD YEAR NORMAL DEPARTURE LAST
                VALUE   (LST)  VALUE       VALUE  FROM      YEAR
                                                  NORMAL
..................................................................
TEMPERATURE (F)
 YESTERDAY
  MAXIMUM         91    313 PM  95    2005  87      4       85
                                      1958
  MINIMUM         69    653 AM  54    2001  67      2       71
  AVERAGE         80                        77      3       78

PRECIPITATION (IN)
  YESTERDAY        0.00          2.47 1986   0.12  -0.12     0.00
  MONTH TO DATE    2.84                      2.21   0.63     1.51
  SINCE SEP 1      2.84                      2.21   0.63     1.51
  SINCE JAN 1     30.70                     36.42  -5.72    44.38

SNOWFALL (IN)
  YESTERDAY        0.0           0.0    MM   0.0    0.0      0.0
  MONTH TO DATE    0.0                       0.0    0.0      0.0
  SINCE SEP 1      0.0                       0.0    0.0      0.0
  SINCE JUL 1      0.0                       0.0    0.0      0.0
  SNOW DEPTH       0

DEGREE DAYS
 HEATING
  YESTERDAY        0                         0      0        0
  MONTH TO DATE    0                         0      0        0
  SINCE SEP 1      0                         0      0        0
  SINCE JUL 1      0                         0      0        0

 COOLING
  YESTERDAY       15                        12      3       13
  MONTH TO DATE  278                       230     48      270
  SINCE SEP 1    278                       230     48      270
  SINCE JAN 1   2185                      2137     48     2047
..................................................................


WIND (MPH)
  HIGHEST WIND SPEED     9   HIGHEST WIND DIRECTION     W (270)
  HIGHEST GUST SPEED    16   HIGHEST GUST DIRECTION     W (270)
  AVERAGE WIND SPEED     1.2


SKY COVER
  POSSIBLE SUNSHINE  MM
  AVERAGE SKY COVER 0.1


WEATHER CONDITIONS
 THE FOLLOWING WEATHER WAS RECORDED YESTERDAY.
  THUNDERSTORM
  FOG
  HAZE


RELATIVE HUMIDITY (PERCENT)
 HIGHEST   100           600 AM
 LOWEST     47           200 PM
 AVERAGE    74

..........................................................


THE ALMA CLIMATE NORMALS FOR TODAY
                         NORMAL    RECORD    YEAR
 MAXIMUM TEMPERATURE (F)   87        96      2005
                                             1972
 MINIMUM TEMPERATURE (F)   67        55      1981


SUNRISE AND SUNSET
SEPTEMBER 18 2014.....SUNRISE   716 AM EDT   SUNSET   732 PM EDT
SEPTEMBER 19 2014.....SUNRISE   716 AM EDT   SUNSET   731 PM EDT


-  INDICATES NEGATIVE NUMBERS.
R  INDICATES RECORD WAS SET OR TIED.
MM INDICATES DATA IS MISSING.
T  INDICATES TRACE AMOUNT.




$$
