000
CDUS42 KJAX 220555
CLIAMG


CLIMATE REPORT
NATIONAL WEATHER SERVICE JACKSONVILLE FL
1255 AM EST MON DEC 22 2014


...................................

...THE ALMA CLIMATE SUMMARY FOR DECEMBER 21 2014...

CLIMATE NORMAL PERIOD 1981 TO 2010
CLIMATE RECORD PERIOD 1948 TO 2014


WEATHER ITEM   OBSERVED TIME   RECORD YEAR NORMAL DEPARTURE LAST
                VALUE   (LST)  VALUE       VALUE  FROM      YEAR
                                                  NORMAL
..................................................................
TEMPERATURE (F)
 YESTERDAY
  MAXIMUM         54   1234 AM  82    2013  62     -8       82
  MINIMUM         48   1159 PM  18    1981  41      7       53
  AVERAGE         51                        52     -1       68

PRECIPITATION (IN)
  YESTERDAY        0.12          2.20 1972   0.12   0.00     0.00
  MONTH TO DATE    0.16                      2.14  -1.98     1.79
  SINCE DEC 1      0.16                      2.14  -1.98     1.79
  SINCE JAN 1     38.01                     45.50  -7.49    51.43

SNOWFALL (IN)
  YESTERDAY        0.0           0.0    MM   0.0    0.0      0.0
  MONTH TO DATE    0.0                       0.1   -0.1      0.0
  SINCE DEC 1      0.0                       0.1   -0.1      0.0
  SINCE JUL 1      0.0                       0.1   -0.1      0.0
  SNOW DEPTH       0

DEGREE DAYS
 HEATING
  YESTERDAY       14                        14      0        0
  MONTH TO DATE  231                       251    -20      171
  SINCE DEC 1    231                       251    -20      171
  SINCE JUL 1    629                       495    134      446

 COOLING
  YESTERDAY        0                         0      0        3
  MONTH TO DATE    0                         7     -7       21
  SINCE DEC 1      0                         7     -7       21
  SINCE JAN 1   2439                      2472    -33     2341
..................................................................


WIND (MPH)
  HIGHEST WIND SPEED     9   HIGHEST WIND DIRECTION    NE (60)
  HIGHEST GUST SPEED    15   HIGHEST GUST DIRECTION     E (70)
  AVERAGE WIND SPEED     4.8


SKY COVER
  POSSIBLE SUNSHINE  MM
  AVERAGE SKY COVER 1.0


WEATHER CONDITIONS
 THE FOLLOWING WEATHER WAS RECORDED YESTERDAY.
  LIGHT RAIN
  FOG


RELATIVE HUMIDITY (PERCENT)
 HIGHEST   100           600 AM
 LOWEST     89           100 AM
 AVERAGE    95

..........................................................


THE ALMA CLIMATE NORMALS FOR TODAY
                         NORMAL    RECORD    YEAR
 MAXIMUM TEMPERATURE (F)   62        81      2011
 MINIMUM TEMPERATURE (F)   41        20      1985


SUNRISE AND SUNSET
DECEMBER 22 2014......SUNRISE   726 AM EST   SUNSET   531 PM EST
DECEMBER 23 2014......SUNRISE   726 AM EST   SUNSET   532 PM EST


-  INDICATES NEGATIVE NUMBERS.
R  INDICATES RECORD WAS SET OR TIED.
MM INDICATES DATA IS MISSING.
T  INDICATES TRACE AMOUNT.




$$
