000
CDUS42 KJAX 180532
CLIAMG


CLIMATE REPORT
NATIONAL WEATHER SERVICE JACKSONVILLE FL
1232 AM EST WED JAN 18 2017


...................................

...THE ALMA CLIMATE SUMMARY FOR JANUARY 17 2017...

CLIMATE NORMAL PERIOD 1981 TO 2010
CLIMATE RECORD PERIOD 1948 TO 2017


WEATHER ITEM   OBSERVED TIME   RECORD YEAR NORMAL DEPARTURE LAST
                VALUE   (LST)  VALUE       VALUE  FROM      YEAR
                                                  NORMAL
..................................................................
TEMPERATURE (F)
 YESTERDAY
  MAXIMUM         78    404 PM  79    1949  62     16       57
  MINIMUM         57    936 PM  16    1959  40     17       42
  AVERAGE         68                        50     18       50

PRECIPITATION (IN)
  YESTERDAY        0.00          1.78 1964   0.13  -0.13     0.70
  MONTH TO DATE    1.91                      2.24  -0.33     3.22
  SINCE DEC 1      6.63                      5.53   1.10     5.19
  SINCE JAN 1      1.91                      2.24  -0.33     3.22

SNOWFALL (IN)
  YESTERDAY        0.0           0.0    MM   0.0    0.0      0.0
  MONTH TO DATE    0.0                       0.0    0.0      0.0
  SINCE DEC 1      0.0                       0.1   -0.1      0.0
  SINCE JUL 1      0.0                       0.1   -0.1      0.0
  SNOW DEPTH       0

DEGREE DAYS
 HEATING
  YESTERDAY        0                        15    -15       15
  MONTH TO DATE  146                       255   -109      259
  SINCE DEC 1    414                       651   -237      400
  SINCE JUL 1    602                       895   -293      518

 COOLING
  YESTERDAY        3                         0      3        0
  MONTH TO DATE   15                         0     15        0
  SINCE DEC 1     28                        11     17       97
  SINCE JAN 1     15                         0     15        0
..................................................................


WIND (MPH)
  HIGHEST WIND SPEED    14   HIGHEST WIND DIRECTION    SW (220)
  HIGHEST GUST SPEED    20   HIGHEST GUST DIRECTION    SW (230)
  AVERAGE WIND SPEED     4.5


SKY COVER
  POSSIBLE SUNSHINE  MM
  AVERAGE SKY COVER 0.5


WEATHER CONDITIONS
 THE FOLLOWING WEATHER WAS RECORDED YESTERDAY.
  FOG
  FOG W/VISIBILITY <= 1/4 MILE


RELATIVE HUMIDITY (PERCENT)
 HIGHEST   100           100 AM
 LOWEST     48           300 PM
 AVERAGE    74

..........................................................


THE ALMA CLIMATE NORMALS FOR TODAY
                         NORMAL    RECORD    YEAR
 MAXIMUM TEMPERATURE (F)   62        79      1952
 MINIMUM TEMPERATURE (F)   40        17      1959


SUNRISE AND SUNSET
JANUARY 18 2017.......SUNRISE   729 AM EST   SUNSET   552 PM EST
JANUARY 19 2017.......SUNRISE   729 AM EST   SUNSET   553 PM EST


-  INDICATES NEGATIVE NUMBERS.
R  INDICATES RECORD WAS SET OR TIED.
MM INDICATES DATA IS MISSING.
T  INDICATES TRACE AMOUNT.




$$
