198
CDUS44 KBMX 230841
CLIANB


CLIMATE REPORT
NATIONAL WEATHER SERVICE BIRMINGHAM, AL
340 AM CDT THU MAR 23 2017


...................................

...THE ANNISTON CLIMATE SUMMARY FOR MARCH 22 2017...

CLIMATE NORMAL PERIOD 1981 TO 2010
CLIMATE RECORD PERIOD 1903 TO 2017


WEATHER ITEM   OBSERVED TIME   RECORD YEAR NORMAL DEPARTURE LAST
                VALUE   (LST)  VALUE       VALUE  FROM      YEAR
                                                  NORMAL
..................................................................
TEMPERATURE (F)
 YESTERDAY
  MAXIMUM         69    212 PM  84    1904  68      1       70
  MINIMUM         49   1024 PM  25    1965  44      5       32
  AVERAGE         59                        56      3       51

PRECIPITATION (IN)
  YESTERDAY        0.00          2.70 1952   0.15  -0.15     0.00
  MONTH TO DATE    2.40                      3.60  -1.20     2.26
  SINCE MAR 1      2.40                      3.60  -1.20     2.26
  SINCE JAN 1     12.92                     13.20  -0.28    11.10

SNOWFALL (IN)
  YESTERDAY        0.0                       0.0             0.0
  MONTH TO DATE    0.0                       0.5             0.0
  SINCE MAR 1      0.0                       0.5             0.0
  SINCE JUL 1      0.0                       1.6              T

DEGREE DAYS
 HEATING
  YESTERDAY        6
  MONTH TO DATE  268
  SINCE MAR 1    268
  SINCE JUL 1   1741
..................................................................


WIND (MPH)
  HIGHEST WIND SPEED    16   HIGHEST WIND DIRECTION     N (360)
  HIGHEST GUST SPEED    20   HIGHEST GUST DIRECTION     N (360)
  AVERAGE WIND SPEED     5.9


SKY COVER
  AVERAGE SKY COVER 0.1


WEATHER CONDITIONS
 THE FOLLOWING WEATHER WAS RECORDED YESTERDAY.
  NO SIGNIFICANT WEATHER WAS OBSERVED.


RELATIVE HUMIDITY (PERCENT)
 HIGHEST    87
 LOWEST     36
 AVERAGE    62

..........................................................


THE ANNISTON CLIMATE NORMALS FOR TODAY
                         NORMAL    RECORD    YEAR
 MAXIMUM TEMPERATURE (F)   68        87      1995
 MINIMUM TEMPERATURE (F)   44        26      1955


SUNRISE AND SUNSET
MARCH 23 2017.........SUNRISE   643 AM CDT   SUNSET   657 PM CDT
MARCH 24 2017.........SUNRISE   641 AM CDT   SUNSET   658 PM CDT


-  INDICATES NEGATIVE NUMBERS.
R  INDICATES RECORD WAS SET OR TIED.
MM INDICATES DATA IS MISSING.
T  INDICATES TRACE AMOUNT.




$$
