000
CDUS44 KBMX 030930
CLIANB


CLIMATE REPORT
NATIONAL WEATHER SERVICE BIRMINGHAM, AL
322 AM CST TUE MAR 3 2015


...................................

...THE ANNISTON CLIMATE SUMMARY FOR MARCH 2 2015...

CLIMATE NORMAL PERIOD 1981 TO 2010
CLIMATE RECORD PERIOD 1903 TO 2015


WEATHER ITEM   OBSERVED TIME   RECORD YEAR NORMAL DEPARTURE LAST
                VALUE   (LST)  VALUE       VALUE  FROM      YEAR
                                                  NORMAL
..................................................................
TEMPERATURE (F)
 YESTERDAY
  MAXIMUM         57   1153 AM  84    1976  62     -5       75
  MINIMUM         49    628 AM  17    1980  40      9       42
  AVERAGE         53                        51      2       59

PRECIPITATION (IN)
  YESTERDAY        0.29          2.16 1960   0.18   0.11     0.00
  MONTH TO DATE    0.29                      0.36  -0.07     0.00
  SINCE MAR 1      0.29                      0.36  -0.07     0.00
  SINCE JAN 1      8.45                      9.96  -1.51     7.16

SNOWFALL (IN)
  YESTERDAY        0.0                       0.0             0.0
  MONTH TO DATE    0.0                       0.0             0.0
  SINCE MAR 1      0.0                       0.0             0.0
  SINCE JUL 1      0.0                       1.1             2.3

DEGREE DAYS
 HEATING
  YESTERDAY       12
  MONTH TO DATE   27
  SINCE MAR 1     27
  SINCE JUL 1   2548
..................................................................


WIND (MPH)
  HIGHEST WIND SPEED     9   HIGHEST WIND DIRECTION     N (20)
  HIGHEST GUST SPEED    12   HIGHEST GUST DIRECTION     N (10)
  AVERAGE WIND SPEED     2.8


SKY COVER
  AVERAGE SKY COVER 1.0


WEATHER CONDITIONS
 THE FOLLOWING WEATHER WAS RECORDED YESTERDAY.
  RAIN
  LIGHT RAIN
  FOG


RELATIVE HUMIDITY (PERCENT)
 HIGHEST   100
 LOWEST     83
 AVERAGE    92

..........................................................


THE ANNISTON CLIMATE NORMALS FOR TODAY
                         NORMAL    RECORD    YEAR
 MAXIMUM TEMPERATURE (F)   63        81      1983
                                             1951
 MINIMUM TEMPERATURE (F)   40        13      1980


SUNRISE AND SUNSET
MARCH  3 2015.........SUNRISE   610 AM CST   SUNSET   542 PM CST
MARCH  4 2015.........SUNRISE   608 AM CST   SUNSET   542 PM CST


-  INDICATES NEGATIVE NUMBERS.
R  INDICATES RECORD WAS SET OR TIED.
MM INDICATES DATA IS MISSING.
T  INDICATES TRACE AMOUNT.




$$
