331
CDUS44 KBMX 130751
CLIANB


CLIMATE REPORT
NATIONAL WEATHER SERVICE BIRMINGHAM, AL
150 AM CST SAT FEB 13 2016


...................................

...THE ANNISTON CLIMATE SUMMARY FOR FEBRUARY 12 2016...

CLIMATE NORMAL PERIOD 1981 TO 2010
CLIMATE RECORD PERIOD 1903 TO 2016


WEATHER ITEM   OBSERVED TIME   RECORD YEAR NORMAL DEPARTURE LAST
                VALUE   (LST)  VALUE       VALUE  FROM      YEAR
                                                  NORMAL
..................................................................
TEMPERATURE (F)
 YESTERDAY
  MAXIMUM         65    226 PM  75    1962  57      8       49
  MINIMUM         38    710 AM  12    1981  36      2       27
  AVERAGE         52                        46      6       38

PRECIPITATION (IN)
  YESTERDAY        0.00          1.78 1966   0.18  -0.18     0.00
  MONTH TO DATE    0.94                      2.10  -1.16     0.68
  SINCE DEC 1     13.42                     10.74   2.68    12.40
  SINCE JAN 1      4.13                      6.62  -2.49     6.18

SNOWFALL (IN)
  YESTERDAY        0.0                       0.0             0.0
  MONTH TO DATE    T                         0.2             0.0
  SINCE DEC 1      T                         0.9             0.0
  SINCE JUL 1      T                         0.9             0.0

DEGREE DAYS
 HEATING
  YESTERDAY       13
  MONTH TO DATE  226
  SINCE DEC 1   1205
  SINCE JUL 1   1496
..................................................................


WIND (MPH)
  HIGHEST WIND SPEED    21   HIGHEST WIND DIRECTION     W (260)
  HIGHEST GUST SPEED    27   HIGHEST GUST DIRECTION     W (250)
  AVERAGE WIND SPEED     8.1


SKY COVER
  AVERAGE SKY COVER 0.0


WEATHER CONDITIONS
 THE FOLLOWING WEATHER WAS RECORDED YESTERDAY.
  NO SIGNIFICANT WEATHER WAS OBSERVED.


RELATIVE HUMIDITY (PERCENT)
 HIGHEST    59
 LOWEST     28
 AVERAGE    44

..........................................................


THE ANNISTON CLIMATE NORMALS FOR TODAY
                         NORMAL    RECORD    YEAR
 MAXIMUM TEMPERATURE (F)   58        84      1962
 MINIMUM TEMPERATURE (F)   36         9      1905


SUNRISE AND SUNSET
FEBRUARY 13 2016......SUNRISE   630 AM CST   SUNSET   526 PM CST
FEBRUARY 14 2016......SUNRISE   629 AM CST   SUNSET   527 PM CST


-  INDICATES NEGATIVE NUMBERS.
R  INDICATES RECORD WAS SET OR TIED.
MM INDICATES DATA IS MISSING.
T  INDICATES TRACE AMOUNT.




$$
