000
CDUS44 KBMX 202133
CLIANB


CLIMATE REPORT
NATIONAL WEATHER SERVICE BIRMINGHAM, AL
433 PM CDT THU JUL 20 2017


...................................

...THE ANNISTON CLIMATE SUMMARY FOR JULY 20 2017...
VALID TODAY AS OF 0400 PM LOCAL TIME.

CLIMATE NORMAL PERIOD 1981 TO 2010
CLIMATE RECORD PERIOD 1903 TO 2017


WEATHER ITEM   OBSERVED RECORD YEAR NORMAL DEPARTURE LAST
                VALUE   VALUE       VALUE  FROM      YEAR
                                           NORMAL
...........................................................
TEMPERATURE (F)
 TODAY
  MAXIMUM         93    100    2000  90      3       96
  MINIMUM         71     55    2009  70      1       72
  AVERAGE         82

PRECIPITATION (IN)
  TODAY            0.28   2.13 2013   0.15   0.13     0.00
  MONTH TO DATE    3.11               3.02   0.09     1.91
  SINCE JUN 1     10.84               7.10   3.74     3.47
  SINCE JAN 1     36.76              30.03   6.73    23.19

DEGREE DAYS
 COOLING
  TODAY           17                 15      2       19
  MONTH TO DATE  311                297     14      357
  SINCE JUN 1    637                656    -19      793
  SINCE JAN 1    957                896     61     1073
...........................................................


WIND (MPH)
  HIGHEST WIND SPEED    22   HIGHEST WIND DIRECTION     N (10)
  HIGHEST GUST SPEED    33   HIGHEST GUST DIRECTION    NE (30)
  AVERAGE WIND SPEED     2.8


SKY COVER
  AVERAGE SKY COVER 0.2


WEATHER CONDITIONS
 THE FOLLOWING WEATHER WAS RECORDED TODAY.
  THUNDERSTORM
  HEAVY RAIN
  LIGHT RAIN
  FOG
  HAZE


RELATIVE HUMIDITY (PERCENT)
 HIGHEST   100
 LOWEST     52
 AVERAGE    76

..........................................................


THE ANNISTON CLIMATE NORMALS FOR TOMORROW
                         NORMAL    RECORD    YEAR
 MAXIMUM TEMPERATURE (F)   90       101      1952
 MINIMUM TEMPERATURE (F)   70        57      2009


SUNRISE AND SUNSET
JULY 20 2017..........SUNRISE   548 AM CDT   SUNSET   752 PM CDT
JULY 21 2017..........SUNRISE   548 AM CDT   SUNSET   751 PM CDT


-  INDICATES NEGATIVE NUMBERS.
R  INDICATES RECORD WAS SET OR TIED.
MM INDICATES DATA IS MISSING.
T  INDICATES TRACE AMOUNT.




$$
