000
CDUS44 KBMX 230734
CLIANB


CLIMATE REPORT
NATIONAL WEATHER SERVICE BIRMINGHAM, AL
234 AM CDT SAT SEP 23 2017


...................................

...THE ANNISTON CLIMATE SUMMARY FOR SEPTEMBER 22 2017...

CLIMATE NORMAL PERIOD 1981 TO 2010
CLIMATE RECORD PERIOD 1903 TO 2017


WEATHER ITEM   OBSERVED TIME   RECORD YEAR NORMAL DEPARTURE LAST
                VALUE   (LST)  VALUE       VALUE  FROM      YEAR
                                                  NORMAL
..................................................................
TEMPERATURE (F)
 YESTERDAY
  MAXIMUM         91    120 PM  98    1955  82      9       96
  MINIMUM         67    316 AM  36    1903  61      6       71
  AVERAGE         79                        71      8       84

PRECIPITATION (IN)
  YESTERDAY        0.04          2.61 1951   0.10  -0.06     0.00
  MONTH TO DATE    3.98                      2.14   1.84     0.60
  SINCE SEP 1      3.98                      2.14   1.84     0.60
  SINCE JAN 1     48.28                     37.06  11.22    26.46

DEGREE DAYS
 HEATING
  YESTERDAY        0
  MONTH TO DATE    9
  SINCE SEP 1      9
  SINCE JUL 1      9
..................................................................


WIND (MPH)
  HIGHEST WIND SPEED    14   HIGHEST WIND DIRECTION     N (10)
  HIGHEST GUST SPEED    20   HIGHEST GUST DIRECTION     E (70)
  AVERAGE WIND SPEED     3.5


SKY COVER
  AVERAGE SKY COVER 0.1


WEATHER CONDITIONS
 THE FOLLOWING WEATHER WAS RECORDED YESTERDAY.
  THUNDERSTORM
  LIGHT RAIN


RELATIVE HUMIDITY (PERCENT)
 HIGHEST    93
 LOWEST     47
 AVERAGE    70

..........................................................


THE ANNISTON CLIMATE NORMALS FOR TODAY
                         NORMAL    RECORD    YEAR
 MAXIMUM TEMPERATURE (F)   82        97      2016
 MINIMUM TEMPERATURE (F)   60        40      1999


SUNRISE AND SUNSET
SEPTEMBER 23 2017.....SUNRISE   632 AM CDT   SUNSET   638 PM CDT
SEPTEMBER 24 2017.....SUNRISE   633 AM CDT   SUNSET   637 PM CDT


-  INDICATES NEGATIVE NUMBERS.
R  INDICATES RECORD WAS SET OR TIED.
MM INDICATES DATA IS MISSING.
T  INDICATES TRACE AMOUNT.




$$
