000
CDUS44 KBMX 230940
CLIANB


CLIMATE REPORT
NATIONAL WEATHER SERVICE BIRMINGHAM, AL
440 AM CDT WED APR 23 2014


...................................

...THE ANNISTON CLIMATE SUMMARY FOR APRIL 22 2014...

CLIMATE NORMAL PERIOD 1981 TO 2010
CLIMATE RECORD PERIOD 1903 TO 2014


WEATHER ITEM   OBSERVED TIME   RECORD YEAR NORMAL DEPARTURE LAST
                VALUE   (LST)  VALUE       VALUE  FROM      YEAR
                                                  NORMAL
..................................................................
TEMPERATURE (F)
 YESTERDAY
  MAXIMUM         71    349 PM  88    1987  76     -5       74
  MINIMUM         54    321 AM  34    1993  51      3       49
  AVERAGE         63                        63      0       62

PRECIPITATION (IN)
  YESTERDAY        0.04          0.97 1997   0.13  -0.09     0.00
  MONTH TO DATE    6.11                      3.03   3.08     5.41
  SINCE MAR 1     11.52                      7.99   3.53     9.41
  SINCE JAN 1     18.68                     17.59   1.09    23.36

SNOWFALL (IN)
  YESTERDAY        0.0                       0.0             0.0
  MONTH TO DATE    0.0                       0.2             0.0
  SINCE MAR 1      0.0                       0.9              T
  SINCE JUL 1      2.3                       2.0             1.2

DEGREE DAYS
 HEATING
  YESTERDAY        2
  MONTH TO DATE  108
  SINCE MAR 1    490
  SINCE JUL 1   2971
..................................................................


WIND (MPH)
  HIGHEST WIND SPEED    12   HIGHEST WIND DIRECTION    SW (240)
  HIGHEST GUST SPEED    15   HIGHEST GUST DIRECTION    SW (230)
  AVERAGE WIND SPEED     4.3


SKY COVER
  AVERAGE SKY COVER 0.7


WEATHER CONDITIONS
 THE FOLLOWING WEATHER WAS RECORDED YESTERDAY.
  LIGHT RAIN
  FOG


RELATIVE HUMIDITY (PERCENT)
 HIGHEST   100
 LOWEST     73
 AVERAGE    87

..........................................................


THE ANNISTON CLIMATE NORMALS FOR TODAY
                         NORMAL    RECORD    YEAR
 MAXIMUM TEMPERATURE (F)   76        92      1980
 MINIMUM TEMPERATURE (F)   52        30      1986


SUNRISE AND SUNSET
APRIL 23 2014.........SUNRISE   603 AM CDT   SUNSET   720 PM CDT
APRIL 24 2014.........SUNRISE   602 AM CDT   SUNSET   721 PM CDT


-  INDICATES NEGATIVE NUMBERS.
R  INDICATES RECORD WAS SET OR TIED.
MM INDICATES DATA IS MISSING.
T  INDICATES TRACE AMOUNT.




$$
