000
CDUS44 KBMX 030740
CLIANB


CLIMATE REPORT
NATIONAL WEATHER SERVICE BIRMINGHAM, AL
240 AM CDT MON AUG 3 2015


...................................

...THE ANNISTON CLIMATE SUMMARY FOR AUGUST 2 2015...

CLIMATE NORMAL PERIOD 1981 TO 2010
CLIMATE RECORD PERIOD 1903 TO 2015


WEATHER ITEM   OBSERVED TIME   RECORD YEAR NORMAL DEPARTURE LAST
                VALUE   (LST)  VALUE       VALUE  FROM      YEAR
                                                  NORMAL
..................................................................
TEMPERATURE (F)
 YESTERDAY
  MAXIMUM         95    230 PM 100    1957  90      5       89
  MINIMUM         64    533 AM  59    1965  70     -6       69
  AVERAGE         80                        80      0       79

PRECIPITATION (IN)
  YESTERDAY        0.00          3.39 1984   0.12  -0.12     0.00
  MONTH TO DATE    0.00                      0.24  -0.24     0.00
  SINCE JUN 1      7.48                      8.94  -1.46     5.68
  SINCE JAN 1     32.00                     31.87   0.13    29.20

..................................................................


WIND (MPH)
  HIGHEST WIND SPEED    10   HIGHEST WIND DIRECTION     E (100)
  HIGHEST GUST SPEED    14   HIGHEST GUST DIRECTION     E (90)
  AVERAGE WIND SPEED     2.9


SKY COVER
  AVERAGE SKY COVER 0.0


WEATHER CONDITIONS
 THE FOLLOWING WEATHER WAS RECORDED YESTERDAY.
  NO SIGNIFICANT WEATHER WAS OBSERVED.


RELATIVE HUMIDITY (PERCENT)
 HIGHEST    87
 LOWEST     23
 AVERAGE    55

..........................................................


THE ANNISTON CLIMATE NORMALS FOR TODAY
                         NORMAL    RECORD    YEAR
 MAXIMUM TEMPERATURE (F)   90       101      1947
 MINIMUM TEMPERATURE (F)   70        61      1965
                                             1950


SUNRISE AND SUNSET
AUGUST  3 2015........SUNRISE   557 AM CDT   SUNSET   742 PM CDT
AUGUST  4 2015........SUNRISE   558 AM CDT   SUNSET   741 PM CDT


-  INDICATES NEGATIVE NUMBERS.
R  INDICATES RECORD WAS SET OR TIED.
MM INDICATES DATA IS MISSING.
T  INDICATES TRACE AMOUNT.




$$
