000
CDUS44 KBMX 160941
CLIANB


CLIMATE REPORT
NATIONAL WEATHER SERVICE BIRMINGHAM, AL
441 AM CDT WED APR 16 2014


...................................

...THE ANNISTON CLIMATE SUMMARY FOR APRIL 15 2014...

CLIMATE NORMAL PERIOD 1981 TO 2010
CLIMATE RECORD PERIOD 1903 TO 2014


WEATHER ITEM   OBSERVED TIME   RECORD YEAR NORMAL DEPARTURE LAST
                VALUE   (LST)  VALUE       VALUE  FROM      YEAR
                                                  NORMAL
..................................................................
TEMPERATURE (F)
 YESTERDAY
  MAXIMUM         61    342 AM  89    1972  74    -13       75
  MINIMUM         39   1159 PM  32    1957  49    -10       58
                                      1950
  AVERAGE         50                        62    -12       67

PRECIPITATION (IN)
  YESTERDAY        0.25          2.85 1958   0.13   0.12     0.00
  MONTH TO DATE    5.38                      2.09   3.29     4.17
  SINCE MAR 1     10.79                      7.05   3.74     8.17
  SINCE JAN 1     17.95                     16.65   1.30    22.12

SNOWFALL (IN)
  YESTERDAY        0.0                       0.0             0.0
  MONTH TO DATE    0.0                       0.2             0.0
  SINCE MAR 1      0.0                       0.9              T
  SINCE JUL 1      2.3                       2.0             1.2

DEGREE DAYS
 HEATING
  YESTERDAY       15
  MONTH TO DATE   67
  SINCE MAR 1    449
  SINCE JUL 1   2930
..................................................................


WIND (MPH)
  HIGHEST WIND SPEED    18   HIGHEST WIND DIRECTION     N (340)
  HIGHEST GUST SPEED    27   HIGHEST GUST DIRECTION     N (350)
  AVERAGE WIND SPEED     8.2


SKY COVER
  AVERAGE SKY COVER 0.7


WEATHER CONDITIONS
 THE FOLLOWING WEATHER WAS RECORDED YESTERDAY.
  RAIN
  LIGHT RAIN
  FOG
  HAZE


RELATIVE HUMIDITY (PERCENT)
 HIGHEST    97
 LOWEST     39
 AVERAGE    68

..........................................................


THE ANNISTON CLIMATE NORMALS FOR TODAY
                         NORMAL    RECORD    YEAR
 MAXIMUM TEMPERATURE (F)   74        92      1977
 MINIMUM TEMPERATURE (F)   50        30      1950


SUNRISE AND SUNSET
APRIL 16 2014.........SUNRISE   612 AM CDT   SUNSET   715 PM CDT
APRIL 17 2014.........SUNRISE   611 AM CDT   SUNSET   716 PM CDT


-  INDICATES NEGATIVE NUMBERS.
R  INDICATES RECORD WAS SET OR TIED.
MM INDICATES DATA IS MISSING.
T  INDICATES TRACE AMOUNT.




$$
