000
CDUS44 KBMX 232254
CLIANB


CLIMATE REPORT
NATIONAL WEATHER SERVICE BIRMINGHAM, AL
453 PM CST THU FEB 23 2017


...................................

...THE ANNISTON CLIMATE SUMMARY FOR FEBRUARY 23 2017...
VALID TODAY AS OF 0400 PM LOCAL TIME.

CLIMATE NORMAL PERIOD 1981 TO 2010
CLIMATE RECORD PERIOD 1903 TO 2017


WEATHER ITEM   OBSERVED RECORD YEAR NORMAL DEPARTURE LAST
                VALUE   VALUE       VALUE  FROM      YEAR
                                           NORMAL
...........................................................
TEMPERATURE (F)
 TODAY
  MAXIMUM         76     84    1996  60     16       67
  MINIMUM         54     17    1964  38     16       57
  AVERAGE         65

PRECIPITATION (IN)
  TODAY            0.00   1.84 1975   0.19  -0.19     1.16
  MONTH TO DATE    2.69               4.14  -1.45     4.87
  SINCE DEC 1     12.88              12.78   0.10    17.35
  SINCE JAN 1     10.24               8.66   1.58     8.06

SNOWFALL (IN)
  TODAY            0.0                0.0             0.0
  MONTH TO DATE    0.0                0.3              T
  SINCE DEC 1      0.0                1.0              T
  SINCE JUL 1      0.0                1.0              T

...........................................................


WIND (MPH)
  HIGHEST WIND SPEED    14   HIGHEST WIND DIRECTION    SE (130)
  HIGHEST GUST SPEED    17   HIGHEST GUST DIRECTION    SE (150)
  AVERAGE WIND SPEED     4.6


SKY COVER
  AVERAGE SKY COVER 0.4


WEATHER CONDITIONS
 THE FOLLOWING WEATHER WAS RECORDED TODAY.
  FOG
  HAZE


RELATIVE HUMIDITY (PERCENT)
 HIGHEST   100
 LOWEST     50
 AVERAGE    75

..........................................................


THE ANNISTON CLIMATE NORMALS FOR TOMORROW
                         NORMAL    RECORD    YEAR
 MAXIMUM TEMPERATURE (F)   61        84      1996
 MINIMUM TEMPERATURE (F)   38        19      1989


SUNRISE AND SUNSET
FEBRUARY 23 2017......SUNRISE   619 AM CST   SUNSET   535 PM CST
FEBRUARY 24 2017......SUNRISE   617 AM CST   SUNSET   536 PM CST


-  INDICATES NEGATIVE NUMBERS.
R  INDICATES RECORD WAS SET OR TIED.
MM INDICATES DATA IS MISSING.
T  INDICATES TRACE AMOUNT.




$$
