264
CDAK48 PAFC 261256
CLIANC

CLIMATE REPORT
NATIONAL WEATHER SERVICE ANCHORAGE, AK
455 AM AKDT FRI AUG 26 2016


...................................

...THE ANCHORAGE AK CLIMATE SUMMARY FOR AUGUST 25 2016...

CLIMATE NORMAL PERIOD 1981 TO 2010
CLIMATE RECORD PERIOD 1952 TO 2016


WEATHER ITEM   OBSERVED TIME   RECORD YEAR NORMAL DEPARTURE LAST
                VALUE   (LST)  VALUE       VALUE  FROM      YEAR
                                                  NORMAL
..................................................................
TEMPERATURE (F)
 YESTERDAY
  MAXIMUM         64        MM  76    1987  62      2       67
  MINIMUM         55        MM  38    1964  48      7       51
  AVERAGE         60                        55      5       59

PRECIPITATION (IN)
  YESTERDAY        0.25          2.70 1989   0.12   0.13
  MONTH TO DATE    5.45                      2.57   2.88
  SINCE JUN 1      9.64                      5.37   4.27
  SINCE JAN 1     11.80                      8.61   3.19

SNOWFALL (IN)
  YESTERDAY        0.0           0.0    MM   0.0    0.0      0.0
  MONTH TO DATE    0.0                       0.0    0.0      0.0
  SINCE JUN 1      0.0                       0.0    0.0      0.0
  SINCE JUL 1      0.0                       0.0    0.0      0.0
  SNOW DEPTH       0

DEGREE DAYS
 HEATING
  YESTERDAY        5                               -5
  MONTH TO DATE  112                              -79
  SINCE JUN 1    360                             -318
  SINCE JUL 1    188                             -197

 COOLING
  YESTERDAY        0                                0
  MONTH TO DATE    0                                0
  SINCE JUN 1     13                               11
  SINCE JAN 1     13                               11
..................................................................


WIND (MPH)
  HIGHEST WIND SPEED    13   HIGHEST WIND DIRECTION    SE (130)
  HIGHEST GUST SPEED    25   HIGHEST GUST DIRECTION     S (170)
  AVERAGE WIND SPEED     4.4




RELATIVE HUMIDITY (PERCENT)
 HIGHEST    93
 LOWEST     78
 AVERAGE    86

..........................................................


THE ANCHORAGE AK CLIMATE NORMALS FOR TODAY
                         NORMAL    RECORD    YEAR
 MAXIMUM TEMPERATURE (F)   62        74      1981
 MINIMUM TEMPERATURE (F)   48        36      2000


SUNRISE AND SUNSET
AUGUST 26 2016........SUNRISE   639 AM AKDT  SUNSET   923 PM AKDT
AUGUST 27 2016........SUNRISE   641 AM AKDT  SUNSET   920 PM AKDT

CIVIL TWILIGHT
AUGUST 26 2016          START   550 AM AKDT     END  1012 PM AKDT
AUGUST 27 2016          START   553 AM AKDT     END  1008 PM AKDT



-  INDICATES NEGATIVE NUMBERS.
R  INDICATES RECORD WAS SET OR TIED.
MM INDICATES DATA IS MISSING.
T  INDICATES TRACE AMOUNT.




$$
&&
------------------------------------------------------
AMOUNT OF DAYLIGHT TODAY  (HOUR:MIN)........14:44
GAIN/LOSS SINCE YESTERDAY (HOUR:MIN:SEC)....-0:05:37

-
