000
CDAK48 PAFC 181603
CLIANC

CLIMATE REPORT
NATIONAL WEATHER SERVICE ANCHORAGE, AK
702 AM AKST WED JAN 18 2017


...................................

...THE ANCHORAGE AK CLIMATE SUMMARY FOR JANUARY 17 2017...

CLIMATE NORMAL PERIOD 1981 TO 2010
CLIMATE RECORD PERIOD 1952 TO 2017


WEATHER ITEM   OBSERVED TIME   RECORD YEAR NORMAL DEPARTURE LAST
                VALUE   (LST)  VALUE       VALUE  FROM      YEAR
                                                  NORMAL
..................................................................
TEMPERATURE (F)
 YESTERDAY
  MAXIMUM         14   1246 AM  46    2014  23     -9       27
                                      1992
  MINIMUM         -7   1136 PM -20    1956  11    -18       19
  AVERAGE          4                        17    -13       23

PRECIPITATION (IN)
  YESTERDAY        0.01          0.25 2003   0.02  -0.01
  MONTH TO DATE    0.75                      0.40   0.35
  SINCE DEC 1      2.22                      1.51   0.71
  SINCE JAN 1      0.75                      0.40   0.35

SNOWFALL (IN)
  YESTERDAY        0.2           5.2  2013   0.4   -0.2      0.0
  MONTH TO DATE   10.8                       6.3    4.5      3.5
  SINCE DEC 1     27.7                      23.0    4.7      6.1
  SINCE JUL 1     31.6                      44.4  -12.8     25.8
  SNOW DEPTH      17

DEGREE DAYS
 HEATING
  YESTERDAY       61                               13
  MONTH TO DATE  923                              110
  SINCE DEC 1   2432                              193
  SINCE JUL 1   5085                             -318

 COOLING
  YESTERDAY        0                                0
  MONTH TO DATE    0                                0
  SINCE DEC 1      0                                0
  SINCE JAN 1      0                                0
..................................................................


WIND (MPH)
  HIGHEST WIND SPEED    15   HIGHEST WIND DIRECTION     S (200)
  HIGHEST GUST SPEED    24   HIGHEST GUST DIRECTION     S (200)
  AVERAGE WIND SPEED     7.8




RELATIVE HUMIDITY (PERCENT)
 HIGHEST    83
 LOWEST     68
 AVERAGE    76

..........................................................


THE ANCHORAGE AK CLIMATE NORMALS FOR TODAY
                         NORMAL    RECORD    YEAR
 MAXIMUM TEMPERATURE (F)   23        46      1981
 MINIMUM TEMPERATURE (F)   11       -19      1989
                                             1972


SUNRISE AND SUNSET
JANUARY 18 2017.......SUNRISE   951 AM AKST  SUNSET   431 PM AKST
JANUARY 19 2017.......SUNRISE   949 AM AKST  SUNSET   434 PM AKST

CIVIL TWILIGHT
JANUARY 18 2017         START    856 AM GMT     END    526 PM GMT
JANUARY 19 2017         START    855 AM GMT     END    528 PM GMT



-  INDICATES NEGATIVE NUMBERS.
R  INDICATES RECORD WAS SET OR TIED.
MM INDICATES DATA IS MISSING.
T  INDICATES TRACE AMOUNT.




$$
&&
------------------------------------------------------
AMOUNT OF DAYLIGHT TODAY  (HOUR:MIN)........ 6:41
GAIN/LOSS SINCE YESTERDAY (HOUR:MIN:SEC)....+0:04:26
