000
CDAK48 PAFC 261300
CLIANC

CLIMATE REPORT
NATIONAL WEATHER SERVICE ANCHORAGE, AK
448 AM AKDT THU MAY 26 2016


...................................

...THE ANCHORAGE AK CLIMATE SUMMARY FOR MAY 25 2016...

CLIMATE NORMAL PERIOD 1981 TO 2010
CLIMATE RECORD PERIOD 1952 TO 2016


WEATHER ITEM   OBSERVED TIME   RECORD YEAR NORMAL DEPARTURE LAST
                VALUE   (LST)  VALUE       VALUE  FROM      YEAR
                                                  NORMAL
..................................................................
TEMPERATURE (F)
 YESTERDAY
  MAXIMUM         64        MM  73    2006  59      5       61
  MINIMUM         44        MM  33    1966  42      2       49
  AVERAGE         54                        50      4       55

PRECIPITATION (IN)
  YESTERDAY        0.00          0.38 1993   0.03  -0.03
  MONTH TO DATE    0.30                      0.56  -0.26
  SINCE MAR 1      1.55                      1.63  -0.08
  SINCE JAN 1      2.13                      3.08  -0.95

SNOWFALL (IN)
  YESTERDAY        0.0           0.0    MM   0.0    0.0      0.0
  MONTH TO DATE    0.0                       0.3   -0.3      0.0
  SINCE MAR 1     10.7                      14.2   -3.5      4.6
  SINCE JUL 1     38.3                      74.5  -36.2     25.1
  SNOW DEPTH       0

DEGREE DAYS
 HEATING
  YESTERDAY       11                               -3
  MONTH TO DATE  354                              -98
  SINCE MAR 1   1963                             -527
  SINCE JUL 1   8299                            -1520

 COOLING
  YESTERDAY        0                                0
  MONTH TO DATE    0                                0
  SINCE MAR 1      0                                0
  SINCE JAN 1      0                                0
..................................................................


WIND (MPH)
  HIGHEST WIND SPEED    10   HIGHEST WIND DIRECTION     W (250)
  HIGHEST GUST SPEED    MM   HIGHEST GUST DIRECTION    MM
  AVERAGE WIND SPEED     5.2




RELATIVE HUMIDITY (PERCENT)
 HIGHEST    76
 LOWEST     39
 AVERAGE    58

..........................................................


THE ANCHORAGE AK CLIMATE NORMALS FOR TODAY
                         NORMAL    RECORD    YEAR
 MAXIMUM TEMPERATURE (F)   59        75      2006
 MINIMUM TEMPERATURE (F)   43        34      1967


SUNRISE AND SUNSET
MAY 26 2016...........SUNRISE   447 AM AKDT  SUNSET  1109 PM AKDT
MAY 27 2016...........SUNRISE   445 AM AKDT  SUNSET  1112 PM AKDT

CIVIL TWILIGHT
MAY 26 2016             START   318 AM AKDT     END  1241 AM AKDT
MAY 27 2016             START   314 AM AKDT     END  1246 AM AKDT



-  INDICATES NEGATIVE NUMBERS.
R  INDICATES RECORD WAS SET OR TIED.
MM INDICATES DATA IS MISSING.
T  INDICATES TRACE AMOUNT.




$$
&&
------------------------------------------------------
AMOUNT OF DAYLIGHT TODAY  (HOUR:MIN)........18:23
GAIN/LOSS SINCE YESTERDAY (HOUR:MIN:SEC)....+0:04:13
