000
CDAK48 PAFC 190045
CLIANC

CLIMATE REPORT
NATIONAL WEATHER SERVICE ANCHORAGE, AK
444 PM AKDT FRI AUG 18 2017


...................................

...THE ANCHORAGE AK CLIMATE SUMMARY FOR AUGUST 18 2017...
VALID TODAY AS OF 0400 PM LOCAL TIME.

CLIMATE NORMAL PERIOD 1981 TO 2010
CLIMATE RECORD PERIOD 1952 TO 2017


WEATHER ITEM   OBSERVED TIME   RECORD YEAR NORMAL DEPARTURE LAST
                VALUE   (LST)  VALUE       VALUE  FROM      YEAR
                                                  NORMAL
..................................................................
TEMPERATURE (F)
 TODAY
  MAXIMUM         58   1200 PM  74    1978  64     -6       69
  MINIMUM         51        MM  41    1969  50      1       55
  AVERAGE         55                        57     -2       62

PRECIPITATION (IN)
  TODAY            T             0.69 1966   0.11  -0.11     0.03
  MONTH TO DATE    2.51                      1.75   0.76     3.76
  SINCE JUN 1      5.51                      4.55   0.96     7.95
  SINCE JAN 1     10.34                      7.79   2.55    10.11

SNOWFALL (IN)
  TODAY            0.0           0.0    MM   0.0    0.0      0.0
  MONTH TO DATE    0.0                       0.0    0.0      0.0
  SINCE JUN 1      0.0                       0.0    0.0      0.0
  SINCE JUL 1      0.0                       0.0    0.0      0.0
  SNOW DEPTH       0

DEGREE DAYS
 HEATING
  TODAY           10                         8      2        3
  MONTH TO DATE  104                       126    -22       75
  SINCE JUN 1    534                       613    -79      323
  SINCE JUL 1    251                       320    -69      151

 COOLING
  TODAY            0                         0      0        0
  MONTH TO DATE    0                         0      0        0
  SINCE JUN 1      3                         2      1       13
  SINCE JAN 1      3                         2      1       13
..................................................................


WIND (MPH)
  RESULTANT WIND SPEED   7   RESULTANT WIND DIRECTION  SE (140)
  HIGHEST WIND SPEED    14   HIGHEST WIND DIRECTION     S (170)
  HIGHEST GUST SPEED    21   HIGHEST GUST DIRECTION     S (170)
  AVERAGE WIND SPEED     8.5


SKY COVER
  POSSIBLE SUNSHINE  MM
  AVERAGE SKY COVER 1.0


WEATHER CONDITIONS
 THE FOLLOWING WEATHER WAS RECORDED TODAY.
  LIGHT RAIN


RELATIVE HUMIDITY (PERCENT)
 HIGHEST    83           100 AM
 LOWEST     62          1200 PM
 AVERAGE    73

..........................................................


THE ANCHORAGE AK CLIMATE NORMALS FOR TOMORROW
                         NORMAL    RECORD    YEAR
 MAXIMUM TEMPERATURE (F)   63        71      2004
                                             1991
                                             1978
 MINIMUM TEMPERATURE (F)   50        41      1969


SUNRISE AND SUNSET
AUGUST 18 2017........SUNRISE   618 AM AKDT  SUNSET   948 PM AKDT
AUGUST 19 2017........SUNRISE   620 AM AKDT  SUNSET   945 PM AKDT

CIVIL TWILIGHT
AUGUST 18 2017          START    525 AM GMT     END   1041 PM GMT
AUGUST 19 2017          START    528 AM GMT     END   1037 PM GMT



-  INDICATES NEGATIVE NUMBERS.
R  INDICATES RECORD WAS SET OR TIED.
MM INDICATES DATA IS MISSING.
T  INDICATES TRACE AMOUNT.




$$
&&
------------------------------------------------------
AMOUNT OF DAYLIGHT TODAY  (HOUR:MIN)........15:31
GAIN/LOSS SINCE YESTERDAY (HOUR:MIN:SEC)....-0:05:34
