000
CDAK48 PAFC 300041
CLIANC


CLIMATE REPORT
NATIONAL WEATHER SERVICE ANCHORAGE, AK
441 PM AKDT WED MAR 29 2017


...................................

...THE ANCHORAGE AK CLIMATE SUMMARY FOR MARCH 29 2017...
VALID TODAY AS OF 0400 PM LOCAL TIME.

CLIMATE NORMAL PERIOD 1981 TO 2010
CLIMATE RECORD PERIOD 1952 TO 2017


WEATHER ITEM   OBSERVED TIME   RECORD YEAR NORMAL DEPARTURE LAST
                VALUE   (LST)  VALUE       VALUE  FROM      YEAR
                                                  NORMAL
..................................................................
TEMPERATURE (F)
 TODAY
  MAXIMUM         29    100 AM  48    1995  38     -9       44
  MINIMUM         26        MM   7    1972  23      3       33
  AVERAGE         28                        30     -2       39

PRECIPITATION (IN)
  TODAY            0.47R         0.15 2001   0.02   0.45     0.09
  MONTH TO DATE    0.57                      0.57   0.00     1.13
  SINCE MAR 1      0.57                      0.57   0.00     1.13
  SINCE JAN 1      3.27                      2.02   1.25     1.71

SNOWFALL (IN)
  TODAY            8.4 R         3.4  2001   0.3    8.1      0.0
  MONTH TO DATE    9.7                       9.4    0.3     10.7
  SINCE MAR 1      9.7                       9.4    0.3     10.7
  SINCE JUL 1     81.8                      69.7   12.1     38.3
  SNOW DEPTH      28

DEGREE DAYS
 HEATING
  TODAY           37                        35      2       26
  MONTH TO DATE 1341                      1124    217      926
  SINCE MAR 1   1341                      1124    217      926
  SINCE JUL 1   8379                      8453    -74     7262

 COOLING
  TODAY            0                         0      0        0
  MONTH TO DATE    0                         0      0        0
  SINCE MAR 1      0                         0      0        0
  SINCE JAN 1      0                         0      0        0
..................................................................


WIND (MPH)
  RESULTANT WIND SPEED   5   RESULTANT WIND DIRECTION   S (190)
  HIGHEST WIND SPEED    10   HIGHEST WIND DIRECTION     S (200)
  HIGHEST GUST SPEED    MM   HIGHEST GUST DIRECTION    MM
  AVERAGE WIND SPEED     5.5


SKY COVER
  POSSIBLE SUNSHINE  MM
  AVERAGE SKY COVER 1.0


WEATHER CONDITIONS
 THE FOLLOWING WEATHER WAS RECORDED TODAY.
  SNOW
  LIGHT SNOW
  FOG


RELATIVE HUMIDITY (PERCENT)
 HIGHEST   100          1200 AM
 LOWEST     92           200 AM
 AVERAGE    96

..........................................................


THE ANCHORAGE AK CLIMATE NORMALS FOR TOMORROW
                         NORMAL    RECORD    YEAR
 MAXIMUM TEMPERATURE (F)   38        50      2016
 MINIMUM TEMPERATURE (F)   23         2      2004
                                             1972


SUNRISE AND SUNSET
MARCH 29 2017.........SUNRISE   731 AM AKDT  SUNSET   840 PM AKDT
MARCH 30 2017.........SUNRISE   728 AM AKDT  SUNSET   842 PM AKDT


-  INDICATES NEGATIVE NUMBERS.
R  INDICATES RECORD WAS SET OR TIED.
MM INDICATES DATA IS MISSING.
T  INDICATES TRACE AMOUNT.




$$
