000
CDAK48 PAFC 301237
CLIANC

CLIMATE REPORT
NATIONAL WEATHER SERVICE ANCHORAGE, AK
436 AM AKDT SAT JUL 30 2016


...................................

...THE ANCHORAGE AK CLIMATE SUMMARY FOR JULY 29 2016...

CLIMATE NORMAL PERIOD 1981 TO 2010
CLIMATE RECORD PERIOD 1952 TO 2016


WEATHER ITEM   OBSERVED TIME   RECORD YEAR NORMAL DEPARTURE LAST
                VALUE   (LST)  VALUE       VALUE  FROM      YEAR
                                                  NORMAL
..................................................................
TEMPERATURE (F)
 YESTERDAY
  MAXIMUM         68        MM  79    1977  66      2       70
  MINIMUM         60        MM  44    1971  53      7       57
  AVERAGE         64                        59      5       64

PRECIPITATION (IN)
  YESTERDAY        0.00          0.75 1995   0.07  -0.07
  MONTH TO DATE    2.48                      1.67   0.81
  SINCE JUN 1      4.19                      2.64   1.55
  SINCE JAN 1      6.35                      5.88   0.47

SNOWFALL (IN)
  YESTERDAY        0.0           0.0    MM   0.0    0.0      0.0
  MONTH TO DATE    0.0                       0.0    0.0      0.0
  SINCE JUN 1      0.0                       0.0    0.0      0.0
  SINCE JUL 1      0.0                       0.0    0.0      0.0
  SNOW DEPTH       0

DEGREE DAYS
 HEATING
  YESTERDAY        1                               -5
  MONTH TO DATE   69                             -114
  SINCE JUN 1    241                             -235
  SINCE JUL 1     69                             -114

 COOLING
  YESTERDAY        0                                0
  MONTH TO DATE   13                               13
  SINCE JUN 1     13                               13
  SINCE JAN 1     13                               13
..................................................................


WIND (MPH)
  HIGHEST WIND SPEED    17   HIGHEST WIND DIRECTION    SE (150)
  HIGHEST GUST SPEED    35   HIGHEST GUST DIRECTION    SE (140)
  AVERAGE WIND SPEED    13.1




RELATIVE HUMIDITY (PERCENT)
 HIGHEST    72
 LOWEST     58
 AVERAGE    65

..........................................................


THE ANCHORAGE AK CLIMATE NORMALS FOR TODAY
                         NORMAL    RECORD    YEAR
 MAXIMUM TEMPERATURE (F)   66        77      2002
                                             1993
                                             1965
 MINIMUM TEMPERATURE (F)   53        47      1998
                                             1962


SUNRISE AND SUNSET
JULY 30 2016..........SUNRISE   529 AM AKDT  SUNSET  1042 PM AKDT
JULY 31 2016..........SUNRISE   532 AM AKDT  SUNSET  1039 PM AKDT

CIVIL TWILIGHT
JULY 30 2016            START   422 AM AKDT     END  1148 PM AKDT
JULY 31 2016            START   426 AM AKDT     END  1145 PM AKDT



-  INDICATES NEGATIVE NUMBERS.
R  INDICATES RECORD WAS SET OR TIED.
MM INDICATES DATA IS MISSING.
T  INDICATES TRACE AMOUNT.




$$
&&
------------------------------------------------------
AMOUNT OF DAYLIGHT TODAY  (HOUR:MIN)........17:12
GAIN/LOSS SINCE YESTERDAY (HOUR:MIN:SEC)....-0:05:08

-
