000
CDAK48 PAFC 221300
CLIANC

CLIMATE REPORT
NATIONAL WEATHER SERVICE ANCHORAGE, AK
458 AM AKDT MON SEP 22 2014


...................................

...THE ANCHORAGE AK CLIMATE SUMMARY FOR SEPTEMBER 21 2014...

CLIMATE NORMAL PERIOD 1981 TO 2010
CLIMATE RECORD PERIOD 1915 TO 2014


WEATHER ITEM   OBSERVED RECORD YEAR NORMAL DEPARTURE LAST
                VALUE   VALUE       VALUE  FROM      YEAR
                                           NORMAL
...........................................................
TEMPERATURE (F)
 YESTERDAY
  MAXIMUM         57     67    1995  53      4       46
  MINIMUM         45     23    1930  40      5       32
  AVERAGE         51                 47      4       39

PRECIPITATION (IN)
  YESTERDAY        T      0.94 1942   0.10  -0.10
  MONTH TO DATE    4.01               2.11   1.90
  SINCE JUN 1     13.09               8.16   4.93
  SINCE JAN 1     16.32              11.40   4.92

SNOWFALL (IN)
  YESTERDAY        0.0    0.1  1996   0.0    0.0
  MONTH TO DATE    0.0                0.1   -0.1
  SINCE JUN 1      0.0                0.1   -0.1
  SINCE JUL 1      0.0                0.1   -0.1
  SNOW DEPTH       0

DEGREE DAYS
 HEATING
  YESTERDAY       14                        -4
  MONTH TO DATE  248                       -62
  SINCE SEP 1    248                       -62
  SINCE JUL 1    597                      -163

 COOLING
  YESTERDAY        0                         0
  MONTH TO DATE    0                         0
  SINCE SEP 1      0                         0
  SINCE JAN 1      3                         1
...........................................................


WIND (MPH)
  HIGHEST WIND SPEED    16   HIGHEST WIND DIRECTION     N (340)
  HIGHEST GUST SPEED    28   HIGHEST GUST DIRECTION     S (160)
  AVERAGE WIND SPEED     7.5




RELATIVE HUMIDITY (PERCENT)
 HIGHEST    93
 LOWEST     42
 AVERAGE    68

..........................................................


THE ANCHORAGE AK CLIMATE NORMALS FOR TODAY
                         NORMAL    RECORD    YEAR
 MAXIMUM TEMPERATURE (F)   53        71      1942
 MINIMUM TEMPERATURE (F)   40        20      1932


SUNRISE AND SUNSET
SEPTEMBER 22 2014.....SUNRISE   745 AM AKDT  SUNSET   759 PM AKDT
SEPTEMBER 23 2014.....SUNRISE   747 AM AKDT  SUNSET   756 PM AKDT

CIVIL TWILIGHT
SEPTEMBER 22 2014       START   702 AM AKDT     END   843 PM AKDT
SEPTEMBER 23 2014       START   704 AM AKDT     END   839 PM AKDT



-  INDICATES NEGATIVE NUMBERS.
R  INDICATES RECORD WAS SET OR TIED.
MM INDICATES DATA IS MISSING.
T  INDICATES TRACE AMOUNT.




$$
&&
------------------------------------------------------
AMOUNT OF DAYLIGHT TODAY  (HOUR:MIN)........12:15
GAIN/LOSS SINCE YESTERDAY (HOUR:MIN:SEC)....-0:05:39

$$
