000
CDAK48 PAFC 241255
CLIANC

CLIMATE REPORT
NATIONAL WEATHER SERVICE ANCHORAGE, AK
454 AM AKDT SAT JUN 24 2017


...................................

...THE ANCHORAGE AK CLIMATE SUMMARY FOR JUNE 23 2017...

CLIMATE NORMAL PERIOD 1981 TO 2010
CLIMATE RECORD PERIOD 1952 TO 2017


WEATHER ITEM   OBSERVED TIME   RECORD YEAR NORMAL DEPARTURE LAST
                VALUE   (LST)  VALUE       VALUE  FROM      YEAR
                                                  NORMAL
..................................................................
TEMPERATURE (F)
 YESTERDAY
  MAXIMUM         56        MM  75    1974  64     -8       66
  MINIMUM         50        MM  41    1987  49      1       55
                                      1954
  AVERAGE         53                        57     -4       61

PRECIPITATION (IN)
  YESTERDAY        T             0.49 1995   0.03  -0.03
  MONTH TO DATE    0.66                      0.71  -0.05
  SINCE JUN 1      0.66                      0.71  -0.05
  SINCE JAN 1      5.49                      3.95   1.54

SNOWFALL (IN)
  YESTERDAY        0.0           0.0    MM   0.0    0.0      0.0
  MONTH TO DATE    0.0                       0.0    0.0      0.0
  SINCE JUN 1      0.0                       0.0    0.0      0.0
  SINCE JUL 1     82.4                      74.5    7.9     38.3
  SNOW DEPTH       0

DEGREE DAYS
 HEATING
  YESTERDAY       12                                4
  MONTH TO DATE  228                              -11
  SINCE JUN 1    228                              -11
  SINCE JUL 1   9931                             -208

 COOLING
  YESTERDAY        0                                0
  MONTH TO DATE    0                                0
  SINCE JUN 1      0                                0
  SINCE JAN 1      0                                0
..................................................................


WIND (MPH)
  HIGHEST WIND SPEED    10   HIGHEST WIND DIRECTION    NW (300)
  HIGHEST GUST SPEED    MM   HIGHEST GUST DIRECTION    MM
  AVERAGE WIND SPEED     3.9




RELATIVE HUMIDITY (PERCENT)
 HIGHEST    93
 LOWEST     71
 AVERAGE    82

..........................................................


THE ANCHORAGE AK CLIMATE NORMALS FOR TODAY
                         NORMAL    RECORD    YEAR
 MAXIMUM TEMPERATURE (F)   64        74      2015
 MINIMUM TEMPERATURE (F)   50        42      2009
                                             1966


SUNRISE AND SUNSET
JUNE 24 2017..........SUNRISE   423 AM AKDT  SUNSET  1142 PM AKDT
JUNE 25 2017..........SUNRISE   423 AM AKDT  SUNSET  1142 PM AKDT

CIVIL TWILIGHT
JUNE 24 2017            START     **.** GMT     END     **.** GMT
JUNE 25 2017            START     **.** GMT     END     **.** GMT



-  INDICATES NEGATIVE NUMBERS.
R  INDICATES RECORD WAS SET OR TIED.
MM INDICATES DATA IS MISSING.
T  INDICATES TRACE AMOUNT.




$$
&&
------------------------------------------------------
AMOUNT OF DAYLIGHT TODAY  (HOUR:MIN)........19:20
GAIN/LOSS SINCE YESTERDAY (HOUR:MIN:SEC)....-0:00:40
