000
CDAK48 PAFC 310031
CLIANC

CLIMATE REPORT
NATIONAL WEATHER SERVICE ANCHORAGE, AK
431 PM AKDT THU OCT 30 2014


...................................

...THE ANCHORAGE AK CLIMATE SUMMARY FOR OCTOBER 30 2014...
VALID TODAY AS OF 0400 PM LOCAL TIME.

CLIMATE NORMAL PERIOD 1981 TO 2010
CLIMATE RECORD PERIOD 1915 TO 2014


WEATHER ITEM   OBSERVED RECORD YEAR NORMAL DEPARTURE LAST
                VALUE   VALUE       VALUE  FROM      YEAR
                                           NORMAL
...........................................................
TEMPERATURE (F)
 TODAY
  MAXIMUM         28     54    1926  33     -5       44
  MINIMUM         21     -3    1982  22     -1       36
                               1956
  AVERAGE         25                 28              40

PRECIPITATION (IN)
  TODAY            0.00   1.20 1996   0.04  -0.04     0.00
  MONTH TO DATE    1.20               1.99  -0.79     3.15
  SINCE SEP 1      5.21               4.98   0.23     9.00
  SINCE JAN 1     17.52              14.27   3.25    22.36

SNOWFALL (IN)
  TODAY            0.0    8.5  1996   0.4   -0.4      0.0
  MONTH TO DATE    3.8                7.6   -3.8       T
  SINCE SEP 1      3.8                8.0   -4.2       T
  SINCE JUL 1      3.8                8.0   -4.2       T
  SNOW DEPTH       1

DEGREE DAYS
 HEATING
  TODAY           40                 38      2       25
  MONTH TO DATE  890                897     -7      651
  SINCE SEP 1   1319               1391    -72     1158
  SINCE JUL 1   1668               1841   -173     1499

 COOLING
  TODAY            0                  0      0        0
  MONTH TO DATE    0                  0      0        0
  SINCE SEP 1      0                  0      0        0
  SINCE JAN 1      3                  2      1       21
...........................................................


WIND (MPH)
  RESULTANT WIND SPEED   2   RESULTANT WIND DIRECTION  NW (330)
  HIGHEST WIND SPEED     8   HIGHEST WIND DIRECTION    NW (330)
  HIGHEST GUST SPEED    MM   HIGHEST GUST DIRECTION    MM
  AVERAGE WIND SPEED     2.5


SKY COVER
  POSSIBLE SUNSHINE  MM
  AVERAGE SKY COVER 0.8


WEATHER CONDITIONS
 THE FOLLOWING WEATHER WAS RECORDED TODAY.
  NO SIGNIFICANT WEATHER WAS OBSERVED.


RELATIVE HUMIDITY (PERCENT)
 HIGHEST    77           600 AM
 LOWEST     63          1200 AM
 AVERAGE    70

..........................................................


THE ANCHORAGE AK CLIMATE NORMALS FOR TOMORROW
                         NORMAL    RECORD    YEAR
 MAXIMUM TEMPERATURE (F)   33        54      1926
 MINIMUM TEMPERATURE (F)   21        -5      1956
                                             1916


SUNRISE AND SUNSET
OCTOBER 30 2014.......SUNRISE   923 AM AKDT  SUNSET   604 PM AKDT
OCTOBER 31 2014.......SUNRISE   926 AM AKDT  SUNSET   601 PM AKDT

CIVIL TWILIGHT
OCTOBER 30 2014         START   836 AM AKDT     END   651 PM AKDT
OCTOBER 31 2014         START   839 AM AKDT     END   648 PM AKDT



-  INDICATES NEGATIVE NUMBERS.
R  INDICATES RECORD WAS SET OR TIED.
MM INDICATES DATA IS MISSING.
T  INDICATES TRACE AMOUNT.




$$
&&
------------------------------------------------------
AMOUNT OF DAYLIGHT TODAY  (HOUR:MIN)........ 8:41
GAIN/LOSS SINCE YESTERDAY (HOUR:MIN:SEC)....-0:05:31
