000
CDUS43 KAPX 310528
CLIANJ


CLIMATE REPORT
NATIONAL WEATHER SERVICE GAYLORD MI
127 AM EDT SUN AUG 31 2014


...................................

...THE SAULT STE MARIE MI CLIMATE SUMMARY FOR AUGUST 30 2014...

CLIMATE NORMAL PERIOD 1981 TO 2010
CLIMATE RECORD PERIOD 1888 TO 2014


WEATHER ITEM   OBSERVED TIME   RECORD YEAR NORMAL DEPARTURE LAST
                VALUE   (LST)  VALUE       VALUE  FROM      YEAR
                                                  NORMAL
..................................................................
TEMPERATURE (F)
 YESTERDAY
  MAXIMUM         77    301 PM  88    2010  72      5       76
                                      1973
                                      1932
  MINIMUM         62   1159 PM  35    1976  53      9       67
  AVERAGE         70                        62      8       72

PRECIPITATION (IN)
  YESTERDAY        0.22          3.15 1995   0.12   0.10     0.62
  MONTH TO DATE    2.48                      3.06  -0.58     5.04
  SINCE JUN 1      6.88                      8.62  -1.74    14.03
  SINCE JAN 1     18.92                     19.06  -0.14    28.29

DEGREE DAYS
 HEATING
  YESTERDAY        0                         4     -4        0
  MONTH TO DATE   70                        73     -3       66
  SINCE JUN 1    290                       322    -32      262
  SINCE JUL 1    181                       142     39      116

 COOLING
  YESTERDAY        5                         1      4        7
  MONTH TO DATE   47                        66    -19       85
  SINCE JUN 1    105                       174    -69      240
  SINCE JAN 1    107                       179    -72      249
..................................................................


WIND (MPH)
  HIGHEST WIND SPEED    14   HIGHEST WIND DIRECTION    SW (230)
  HIGHEST GUST SPEED    21   HIGHEST GUST DIRECTION    SW (230)
  AVERAGE WIND SPEED     4.7




RELATIVE HUMIDITY (PERCENT)
 HIGHEST    93
 LOWEST     76
 AVERAGE    85

..........................................................


THE SAULT STE MARIE MI CLIMATE NORMALS FOR TODAY
                         NORMAL    RECORD    YEAR
 MAXIMUM TEMPERATURE (F)   72        89      2000
 MINIMUM TEMPERATURE (F)   52        37      1978
                                             1967


SUNRISE AND SUNSET
AUGUST 31 2014........SUNRISE   656 AM EDT   SUNSET   818 PM EDT
SEPTEMBER  1 2014.....SUNRISE   657 AM EDT   SUNSET   816 PM EDT


-  INDICATES NEGATIVE NUMBERS.
R  INDICATES RECORD WAS SET OR TIED.
MM INDICATES DATA IS MISSING.
T  INDICATES TRACE AMOUNT.




$$
