000
CDUS43 KAPX 012127
CLIANJ


CLIMATE REPORT
NATIONAL WEATHER SERVICE GAYLORD MI
527 PM EDT FRI AUG 1 2014


...................................

...THE SAULT STE MARIE MI CLIMATE SUMMARY FOR AUGUST 1 2014...
VALID TODAY AS OF 0500 PM LOCAL TIME.

CLIMATE NORMAL PERIOD 1981 TO 2010
CLIMATE RECORD PERIOD 1888 TO 2014


WEATHER ITEM   OBSERVED TIME   RECORD YEAR NORMAL DEPARTURE LAST
                VALUE   (LST)  VALUE       VALUE  FROM      YEAR
                                                  NORMAL
..................................................................
TEMPERATURE (F)
 TODAY
  MAXIMUM         74    359 PM  96    1975  76     -2       69
  MINIMUM         52    609 AM  36    1947  56     -4       54
  AVERAGE         63                        66     -3       62

PRECIPITATION (IN)
  TODAY            0.00          1.75 2002   0.10  -0.10      T
  MONTH TO DATE    0.00                      0.10  -0.10      T
  SINCE JUN 1      4.40                      5.66  -1.26     8.99
  SINCE JAN 1     16.44                     16.10   0.34    23.25

DEGREE DAYS
 HEATING
  TODAY            2                         2      0        3
  MONTH TO DATE    2                         2      0        3
  SINCE JUN 1    222                       251    -29      199
  SINCE JUL 1    113                        71     42       53

 COOLING
  TODAY            0                         3     -3        0
  MONTH TO DATE    0                         3     -3        0
  SINCE JUN 1     58                       111    -53      155
  SINCE JAN 1     60                       116    -56      164
..................................................................


WIND (MPH)
  RESULTANT WIND SPEED   1   RESULTANT WIND DIRECTION   W (290)
  HIGHEST WIND SPEED    12   HIGHEST WIND DIRECTION    NW (310)
  HIGHEST GUST SPEED    16   HIGHEST GUST DIRECTION    NW (310)
  AVERAGE WIND SPEED     3.9


SKY COVER
  POSSIBLE SUNSHINE  MM
  AVERAGE SKY COVER 0.3


WEATHER CONDITIONS
 THE FOLLOWING WEATHER WAS RECORDED TODAY.
  HAZE


RELATIVE HUMIDITY (PERCENT)
 HIGHEST    93           400 AM
 LOWEST     44           300 PM
 AVERAGE    69

..........................................................


THE SAULT STE MARIE MI CLIMATE NORMALS FOR TOMORROW
                         NORMAL    RECORD    YEAR
 MAXIMUM TEMPERATURE (F)   76        93      1988
 MINIMUM TEMPERATURE (F)   56        38      1976


SUNRISE AND SUNSET
AUGUST  1 2014........SUNRISE   618 AM EDT   SUNSET   908 PM EDT
AUGUST  2 2014........SUNRISE   620 AM EDT   SUNSET   907 PM EDT


-  INDICATES NEGATIVE NUMBERS.
R  INDICATES RECORD WAS SET OR TIED.
MM INDICATES DATA IS MISSING.
T  INDICATES TRACE AMOUNT.




$$
