000
CDUS43 KAPX 210529
CLIANJ


CLIMATE REPORT
NATIONAL WEATHER SERVICE GAYLORD MI
1229 AM EST TUE NOV 21 2017


...................................

...THE SAULT STE MARIE MI CLIMATE SUMMARY FOR NOVEMBER 20 2017...

CLIMATE NORMAL PERIOD 1981 TO 2010
CLIMATE RECORD PERIOD 1888 TO 2017


WEATHER ITEM   OBSERVED TIME   RECORD YEAR NORMAL DEPARTURE LAST
                VALUE   (LST)  VALUE       VALUE  FROM      YEAR
                                                  NORMAL
..................................................................
TEMPERATURE (F)
 YESTERDAY
  MAXIMUM         40   1159 PM  58    1982  38      2       27
  MINIMUM         26    101 AM   0    1895  27     -1       20
  AVERAGE         33                        32      1       24

PRECIPITATION (IN)
  YESTERDAY        T             1.21 1983   0.11  -0.11      T
  MONTH TO DATE    3.35                      2.26   1.09     0.58
  SINCE SEP 1     11.00                      9.88   1.12     8.69
  SINCE JAN 1     38.76                     29.05   9.71    28.77

SNOWFALL (IN)
  YESTERDAY        T            11.6  2014   0.6   -0.6       T
  MONTH TO DATE   10.6                       8.0    2.6      2.4
  SINCE OCT 1     11.3                       9.6    1.7      2.4
  SINCE JUL 1     11.3                       9.6    1.7      2.4
  SNOW DEPTH       2

DEGREE DAYS
 HEATING
  YESTERDAY       32                        33     -1       41
  MONTH TO DATE  647                       578     69      387
  SINCE SEP 1   1197                      1436   -239      933
  SINCE JUL 1   1280                      1583   -303      968
..................................................................


WIND (MPH)
  HIGHEST WIND SPEED    17   HIGHEST WIND DIRECTION     W (260)
  HIGHEST GUST SPEED    24   HIGHEST GUST DIRECTION     W (250)
  AVERAGE WIND SPEED     7.9




RELATIVE HUMIDITY (PERCENT)
 HIGHEST    89
 LOWEST     68
 AVERAGE    79

..........................................................


THE SAULT STE MARIE MI CLIMATE NORMALS FOR TODAY
                         NORMAL    RECORD    YEAR
 MAXIMUM TEMPERATURE (F)   38        63      1913
 MINIMUM TEMPERATURE (F)   26        -1      1895


SUNRISE AND SUNSET
NOVEMBER 21 2017......SUNRISE   748 AM EST   SUNSET   458 PM EST
NOVEMBER 22 2017......SUNRISE   749 AM EST   SUNSET   458 PM EST


-  INDICATES NEGATIVE NUMBERS.
R  INDICATES RECORD WAS SET OR TIED.
MM INDICATES DATA IS MISSING.
T  INDICATES TRACE AMOUNT.




$$
