986
CDUS43 KAPX 250528
CLIANJ


CLIMATE REPORT
NATIONAL WEATHER SERVICE GAYLORD MI
127 AM EDT WED MAY 25 2016


...................................

...THE SAULT STE MARIE MI CLIMATE SUMMARY FOR MAY 24 2016...

CLIMATE NORMAL PERIOD 1981 TO 2010
CLIMATE RECORD PERIOD 1888 TO 2016


WEATHER ITEM   OBSERVED TIME   RECORD YEAR NORMAL DEPARTURE LAST
                VALUE   (LST)  VALUE       VALUE  FROM      YEAR
                                                  NORMAL
..................................................................
TEMPERATURE (F)
 YESTERDAY
  MAXIMUM         82    202 PM  87    1980  65     17       79
                                      1975
  MINIMUM         49    512 AM  27    1956  43      6       44
                                      1925
  AVERAGE         66                        54     12       62

PRECIPITATION (IN)
  YESTERDAY        0.14          1.74 1946   0.09   0.05     0.00
  MONTH TO DATE    0.69                      1.95  -1.26     1.02
  SINCE MAR 1      5.77                      6.29  -0.52     4.18
  SINCE JAN 1      9.48                      9.82  -0.34     7.55

DEGREE DAYS
 HEATING
  YESTERDAY        0                        11    -11        3
  MONTH TO DATE  337                       342     -5      307
  SINCE MAR 1   2191                      2285    -94     2430
  SINCE JUL 1   7332                      8411  -1079     9209

 COOLING
  YESTERDAY        1                         0      1        0
  MONTH TO DATE    1                         0      1        0
  SINCE MAR 1      1                         0      1        0
  SINCE JAN 1      1                         0      1        0
..................................................................


WIND (MPH)
  HIGHEST WIND SPEED    13   HIGHEST WIND DIRECTION     W (280)
  HIGHEST GUST SPEED    18   HIGHEST GUST DIRECTION    NW (330)
  AVERAGE WIND SPEED     4.5




RELATIVE HUMIDITY (PERCENT)
 HIGHEST    93
 LOWEST     39
 AVERAGE    66

..........................................................


THE SAULT STE MARIE MI CLIMATE NORMALS FOR TODAY
                         NORMAL    RECORD    YEAR
 MAXIMUM TEMPERATURE (F)   66        86      2010
 MINIMUM TEMPERATURE (F)   43        28      1969


SUNRISE AND SUNSET
MAY 25 2016...........SUNRISE   553 AM EDT   SUNSET   916 PM EDT
MAY 26 2016...........SUNRISE   552 AM EDT   SUNSET   917 PM EDT


-  INDICATES NEGATIVE NUMBERS.
R  INDICATES RECORD WAS SET OR TIED.
MM INDICATES DATA IS MISSING.
T  INDICATES TRACE AMOUNT.




$$
