000
CDUS43 KAPX 270536
CLIANJ


CLIMATE REPORT
NATIONAL WEATHER SERVICE GAYLORD MI
135 AM EDT SAT AUG 27 2016


...................................

...THE SAULT STE MARIE MI CLIMATE SUMMARY FOR AUGUST 26 2016...

CLIMATE NORMAL PERIOD 1981 TO 2010
CLIMATE RECORD PERIOD 1888 TO 2016


WEATHER ITEM   OBSERVED TIME   RECORD YEAR NORMAL DEPARTURE LAST
                VALUE   (LST)  VALUE       VALUE  FROM      YEAR
                                                  NORMAL
..................................................................
TEMPERATURE (F)
 YESTERDAY
  MAXIMUM         73    335 PM  92    1948  73      0       61
  MINIMUM         57   1156 PM  38    1917  53      4       52
  AVERAGE         65                        63      2       57

PRECIPITATION (IN)
  YESTERDAY        0.00          1.26 2013   0.10  -0.10     0.02
  MONTH TO DATE    3.39                      2.63   0.76     2.49
  SINCE JUN 1      8.60                      8.19   0.41     8.27
  SINCE JAN 1     19.15                     18.63   0.52    16.97

DEGREE DAYS
 HEATING
  YESTERDAY        0                         3     -3        8
  MONTH TO DATE    8                        58    -50       41
  SINCE JUN 1    194                       307   -113      283
  SINCE JUL 1     31                       127    -96       95

 COOLING
  YESTERDAY        0                         1     -1        0
  MONTH TO DATE  143                        62     81       82
  SINCE JUN 1    309                       170    139      181
  SINCE JAN 1    320                       175    145      183
..................................................................


WIND (MPH)
  HIGHEST WIND SPEED    14   HIGHEST WIND DIRECTION    NW (310)
  HIGHEST GUST SPEED    19   HIGHEST GUST DIRECTION    NW (310)
  AVERAGE WIND SPEED     6.6




RELATIVE HUMIDITY (PERCENT)
 HIGHEST    90
 LOWEST     61
 AVERAGE    76

..........................................................


THE SAULT STE MARIE MI CLIMATE NORMALS FOR TODAY
                         NORMAL    RECORD    YEAR
 MAXIMUM TEMPERATURE (F)   73        93      1976
                                             1948
 MINIMUM TEMPERATURE (F)   53        35      1915


SUNRISE AND SUNSET
AUGUST 27 2016........SUNRISE   652 AM EDT   SUNSET   825 PM EDT
AUGUST 28 2016........SUNRISE   653 AM EDT   SUNSET   823 PM EDT


-  INDICATES NEGATIVE NUMBERS.
R  INDICATES RECORD WAS SET OR TIED.
MM INDICATES DATA IS MISSING.
T  INDICATES TRACE AMOUNT.




$$
