000
CDUS43 KAPX 170536
CLIANJ


CLIMATE REPORT
NATIONAL WEATHER SERVICE GAYLORD MI
1236 AM EST TUE JAN 17 2017


...................................

...THE SAULT STE MARIE MI CLIMATE SUMMARY FOR JANUARY 16 2017...

CLIMATE NORMAL PERIOD 1981 TO 2010
CLIMATE RECORD PERIOD 1888 TO 2017


WEATHER ITEM   OBSERVED TIME   RECORD YEAR NORMAL DEPARTURE LAST
                VALUE   (LST)  VALUE       VALUE  FROM      YEAR
                                                  NORMAL
..................................................................
TEMPERATURE (F)
 YESTERDAY
  MAXIMUM         36    256 PM  43    1949  23     13       17
  MINIMUM         20    807 AM -26    1994   7     13        6
  AVERAGE         28                        15     13       12

PRECIPITATION (IN)
  YESTERDAY        0.00          0.74 1889   0.07  -0.07     0.02
  MONTH TO DATE    1.65                      1.21   0.44     1.05
  SINCE DEC 1      5.90                      4.00   1.90     6.46
  SINCE JAN 1      1.65                      1.21   0.44     1.05

SNOWFALL (IN)
  YESTERDAY        0.0          11.1  1982   1.0   -1.0      0.9
  MONTH TO DATE   20.7                      16.8    3.9     12.4
  SINCE OCT 1     78.4                      67.0   11.4     31.8
  SINCE JUL 1     78.4                      67.0   11.4     31.8
  SNOW DEPTH      19

DEGREE DAYS
 HEATING
  YESTERDAY       37                        50    -13       53
  MONTH TO DATE  715                       788    -73      728
  SINCE DEC 1   1972                      2115   -143     1691
  SINCE JUL 1   3242                      4047   -805     3182
..................................................................


WIND (MPH)
  HIGHEST WIND SPEED    12   HIGHEST WIND DIRECTION    SW (230)
  HIGHEST GUST SPEED    15   HIGHEST GUST DIRECTION    SW (230)
  AVERAGE WIND SPEED     3.6




RELATIVE HUMIDITY (PERCENT)
 HIGHEST    88
 LOWEST     56
 AVERAGE    72

..........................................................


THE SAULT STE MARIE MI CLIMATE NORMALS FOR TODAY
                         NORMAL    RECORD    YEAR
 MAXIMUM TEMPERATURE (F)   23        44      1913
 MINIMUM TEMPERATURE (F)    7       -24      1982


SUNRISE AND SUNSET
JANUARY 17 2017.......SUNRISE   815 AM EST   SUNSET   520 PM EST
JANUARY 18 2017.......SUNRISE   815 AM EST   SUNSET   522 PM EST


-  INDICATES NEGATIVE NUMBERS.
R  INDICATES RECORD WAS SET OR TIED.
MM INDICATES DATA IS MISSING.
T  INDICATES TRACE AMOUNT.




$$
