000
CDAK47 PANT 280022
CLIANN

CLIMATE REPORT
NATIONAL WEATHER SERVICE ANNETTE, AK
422 PM AKDT WED AUG 27 2014

...................................
...THE ANNETTE WSO AP CLIMATE SUMMARY FOR AUGUST 27 2014...
VALID TODAY AS OF 3:00 PM LOCAL TIME

CLIMATE NORMAL PERIOD  1981 TO  2010
CLIMATE RECORD PERIOD  1948 TO  2014

WEATHER ITEM   OBSERVED TIME    RECORD YEAR NORMAL DEPARTURE LAST
               VALUE    (LST)   VALUE       VALUE  FROM      YEAR
                                                   NORMAL
...................................................................
TEMPERATURE
TODAY
 MAXIMUM            68  0125 PM    75  1989     63       5     62
 MINIMUM            50  0431 AM    42  1984     52      -2     52
 AVERAGE            59                          58       1     57

PRECIPITATION
(INCHES)
 TODAY            0.00           2.31  2002   0.27   -0.27   0.09
 MONTH TO DATE    4.48                        5.85   -1.37   3.77
 SINCE JUN 1     19.83                       15.38    4.45  11.35
 SINCE JAN 1     60.63                       53.80    6.83  50.66

SNOWFALL
(INCHES)
 TODAY             0.0            0.0          0.0     0.0    0.0
 MONTH TO DATE     0.0                         0.0     0.0    0.0
 SINCE JUN 1       0.0                         0.0     0.0    0.0
 SINCE JUL 1       0.0                         0.0     0.0    0.0
 SNOW DEPTH (IN)     0                                          0

DEGREE DAYS
 HEATING
  TODAY              6                           7      -1      8
  MONTH TO DATE     MM                         163      MM    135
  SINCE JUN 1      860                         667     193    506
  SINCE JUL 1      533                         369     164    286

 COOLING
  TODAY              0                           0       0      0
  MONTH TO DATE     MM                           0      MM      2
  SINCE JUN 1       14                           0      14     22
  SINCE JAN 1       MM                           0      MM     22
...................................................................

WIND (MPH)
 HIGHEST WIND SPEED     8     HIGHEST WIND DIRECTION    230
 HIGHEST GUST SPEED    11     HIGHEST GUST DIRECTION    210
 AVERAGE WIND SPEED    MM

SKY COVER
  POSSIBLE SUNSHINE  MM            AVERAGE SKY COVER MM

WEATHER CONDITIONS
 THE FOLLOWING WEATHER WAS RECORDED TODAY.
NO SIGNIFICANT WEATHER WAS OBSERVED.

RELATIVE HUMIDITY
 HIGHEST RH     MM PERCENT       MM
 LOWEST  RH     MM PERCENT       MM
 AVERAGE RH     MM PERCENT       MM
...................................................................

THE ANNETTE CLIMATE NORMALS FOR TOMORROW
                        NORMAL    RECORD   YEAR
 MAXIMUM TEMPERATURE      63        83     1967
 MINIMUM TEMPERATURE      52        44     1971

SUNRISE AND SUNSET
 AUG 27 2014..........SUNRISE  5:44 AM      SUNSET  7:51 PM
 AUG 28 2014..........SUNRISE  5:46 AM      SUNSET  7:49 PM

-  INDICATES NEGATIVE NUMBERS.
R  INDICATES RECORD HAS BEEN SET OR TIED.
MM INDICATES DATA IS MISSING.
T  INDICATES TRACE OF PRECIPITATION.

&&
-------------------------------------------------------------------

AMOUNT OF DAYLIGHT TODAY  (HOUR:MIN)........14 HOURS 7 MINUTES
GAIN/LOSS SINCE YESTERDAY (HOUR:MIN:SEC)....-0:04:19

$$
MRC AUG 14
