000
CDUS41 KCTP 030618
CLIAOO


CLIMATE REPORT
NATIONAL WEATHER SERVICE STATE COLLEGE PA
217 AM EDT THU SEP 3 2015


...................................

...THE ALTOONA CLIMATE SUMMARY FOR SEPTEMBER 2 2015...

CLIMATE NORMAL PERIOD 1981 TO 2010
CLIMATE RECORD PERIOD 1948 TO 2015


WEATHER ITEM   OBSERVED TIME   RECORD YEAR NORMAL DEPARTURE LAST
                VALUE   (LST)  VALUE       VALUE  FROM      YEAR
                                                  NORMAL
..................................................................
TEMPERATURE (F)
 YESTERDAY
  MAXIMUM         89    158 PM  96    1953  77     12       85
  MINIMUM         63    602 AM  40    1949  56      7       66
  AVERAGE         76                        66     10       76

PRECIPITATION (IN)
  YESTERDAY        0.34          2.35 2006   0.11   0.23     0.08
  MONTH TO DATE    0.34                      0.22   0.12     0.09
  SINCE SEP 1      0.34                      0.22   0.12     0.09
  SINCE JAN 1     24.50                     21.14   3.36    28.71

DEGREE DAYS
 HEATING
  YESTERDAY        0                         2     -2        0
  MONTH TO DATE    0                         4     -4        0
  SINCE SEP 1      0                         4     -4        0
  SINCE JUL 1     14                        28    -14       34

 COOLING
  YESTERDAY       11                         3      8       11
  MONTH TO DATE   21                         6     15       21
  SINCE SEP 1     21                         6     15       21
  SINCE JAN 1    606                       479    127      473
..................................................................


WIND (MPH)
  HIGHEST WIND SPEED    21   HIGHEST WIND DIRECTION     W (250)
  HIGHEST GUST SPEED    31   HIGHEST GUST DIRECTION     W (260)
  AVERAGE WIND SPEED     3.6


SKY COVER
  POSSIBLE SUNSHINE  MM
  AVERAGE SKY COVER 0.2


WEATHER CONDITIONS
 THE FOLLOWING WEATHER WAS RECORDED YESTERDAY.
  THUNDERSTORM
  HEAVY RAIN
  RAIN
  LIGHT RAIN
  FOG
  HAZE


RELATIVE HUMIDITY (PERCENT)
 HIGHEST    93          1200 AM
 LOWEST     43           200 PM
 AVERAGE    68

..........................................................


THE ALTOONA CLIMATE NORMALS FOR TODAY
                         NORMAL    RECORD    YEAR
 MAXIMUM TEMPERATURE (F)   77        97      1953
 MINIMUM TEMPERATURE (F)   55        43      1958


SUNRISE AND SUNSET
SEPTEMBER  3 2015.....SUNRISE   642 AM EDT   SUNSET   742 PM EDT
SEPTEMBER  4 2015.....SUNRISE   643 AM EDT   SUNSET   741 PM EDT


-  INDICATES NEGATIVE NUMBERS.
R  INDICATES RECORD WAS SET OR TIED.
MM INDICATES DATA IS MISSING.
T  INDICATES TRACE AMOUNT.




$$
