000
CDUS41 KCTP 282118
CLIAOO


CLIMATE REPORT
NATIONAL WEATHER SERVICE STATE COLLEGE PA
517 PM EDT SAT MAR 28 2015


...................................

...THE ALTOONA CLIMATE SUMMARY FOR MARCH 28 2015...
VALID TODAY AS OF 0500 PM LOCAL TIME.

CLIMATE NORMAL PERIOD 1981 TO 2010
CLIMATE RECORD PERIOD 1948 TO 2015


WEATHER ITEM   OBSERVED TIME   RECORD YEAR NORMAL DEPARTURE LAST
                VALUE   (LST)  VALUE       VALUE  FROM      YEAR
                                                  NORMAL
..................................................................
TEMPERATURE (F)
 TODAY
  MAXIMUM         26    359 PM  83    1998  52    -26       64
  MINIMUM         16    706 AM  13    1982  32    -16       41
  AVERAGE         21                        42    -21       53

PRECIPITATION (IN)
  TODAY            T             0.82 2010   0.11  -0.11     0.07
  MONTH TO DATE    2.42                      2.74  -0.32     0.74
  SINCE MAR 1      2.42                      2.74  -0.32     0.74
  SINCE JAN 1      4.94                      6.95  -2.01     4.10

DEGREE DAYS
 HEATING
  TODAY           44                        23     21       12
  MONTH TO DATE  843                       792     51      912
  SINCE MAR 1    843                       792     51      912
  SINCE JUL 1   5636                      5347    289     5656

 COOLING
  TODAY            0                         0      0        0
  MONTH TO DATE    0                         0      0        0
  SINCE MAR 1      0                         0      0        0
  SINCE JAN 1      0                         0      0        0
..................................................................


WIND (MPH)
  HIGHEST WIND SPEED    24   HIGHEST WIND DIRECTION    NW (310)
  HIGHEST GUST SPEED    31   HIGHEST GUST DIRECTION    NW (310)
  AVERAGE WIND SPEED    15.6


SKY COVER
  POSSIBLE SUNSHINE  MM
  AVERAGE SKY COVER 0.7


WEATHER CONDITIONS
 THE FOLLOWING WEATHER WAS RECORDED TODAY.
  LIGHT SNOW


RELATIVE HUMIDITY (PERCENT)
 HIGHEST    67           700 AM
 LOWEST     42           400 PM
 AVERAGE    55

..........................................................


THE ALTOONA CLIMATE NORMALS FOR TOMORROW
                         NORMAL    RECORD    YEAR
 MAXIMUM TEMPERATURE (F)   52        79      1977
 MINIMUM TEMPERATURE (F)   33        17      1959


SUNRISE AND SUNSET
MARCH 28 2015.........SUNRISE   704 AM EDT   SUNSET   733 PM EDT
MARCH 29 2015.........SUNRISE   702 AM EDT   SUNSET   734 PM EDT


-  INDICATES NEGATIVE NUMBERS.
R  INDICATES RECORD WAS SET OR TIED.
MM INDICATES DATA IS MISSING.
T  INDICATES TRACE AMOUNT.




$$
