000
CDUS41 KCTP 182116
CLIAOO


CLIMATE REPORT
NATIONAL WEATHER SERVICE STATE COLLEGE PA
515 PM EDT WED OCT 18 2017


...................................

...THE ALTOONA CLIMATE SUMMARY FOR OCTOBER 18 2017...
VALID TODAY AS OF 0500 PM LOCAL TIME.

CLIMATE NORMAL PERIOD 1981 TO 2010
CLIMATE RECORD PERIOD 1948 TO 2017


WEATHER ITEM   OBSERVED TIME   RECORD YEAR NORMAL DEPARTURE LAST
                VALUE   (LST)  VALUE       VALUE  FROM      YEAR
                                                  NORMAL
..................................................................
TEMPERATURE (F)
 TODAY
  MAXIMUM         70    246 PM  81    1998  61      9       79
  MINIMUM         42    645 AM  25    1978  40      2       55
  AVERAGE         56                        50      6       67

PRECIPITATION (IN)
  TODAY            0.00          1.80 1996   0.08  -0.08     0.00
  MONTH TO DATE    1.96                      1.48   0.48     1.25
  SINCE SEP 1      3.46                      4.94  -1.48     4.43
  SINCE JAN 1     33.88                     25.86   8.02    22.09

DEGREE DAYS
 HEATING
  TODAY            9                        15     -6        0
  MONTH TO DATE   81                       221   -140      168
  SINCE SEP 1    191                       369   -178      223
  SINCE JUL 1    225                       392   -167      227

 COOLING
  TODAY            0                         0      0        2
  MONTH TO DATE   47                         0     47        4
  SINCE SEP 1    113                        47     66      122
  SINCE JAN 1    655                       522    133      866
..................................................................


WIND (MPH)
  HIGHEST WIND SPEED    13   HIGHEST WIND DIRECTION     S (190)
  HIGHEST GUST SPEED    15   HIGHEST GUST DIRECTION     S (180)
  AVERAGE WIND SPEED     3.3


SKY COVER
  POSSIBLE SUNSHINE  MM
  AVERAGE SKY COVER 0.0


WEATHER CONDITIONS
 THE FOLLOWING WEATHER WAS RECORDED TODAY.
  NO SIGNIFICANT WEATHER WAS OBSERVED.


RELATIVE HUMIDITY (PERCENT)
 HIGHEST    76           200 AM
 LOWEST     36           200 PM
 AVERAGE    56

..........................................................


THE ALTOONA CLIMATE NORMALS FOR TOMORROW
                         NORMAL    RECORD    YEAR
 MAXIMUM TEMPERATURE (F)   60        82      1984
 MINIMUM TEMPERATURE (F)   40        25      1948


SUNRISE AND SUNSET
OCTOBER 18 2017.......SUNRISE   728 AM EDT   SUNSET   629 PM EDT
OCTOBER 19 2017.......SUNRISE   729 AM EDT   SUNSET   627 PM EDT


-  INDICATES NEGATIVE NUMBERS.
R  INDICATES RECORD WAS SET OR TIED.
MM INDICATES DATA IS MISSING.
T  INDICATES TRACE AMOUNT.




$$
