000
CDUS41 KCTP 282120
CLIAOO


CLIMATE REPORT
NATIONAL WEATHER SERVICE STATE COLLEGE PA
520 PM EDT WED SEP 28 2016


...................................

...THE ALTOONA CLIMATE SUMMARY FOR SEPTEMBER 28 2016...
VALID TODAY AS OF 0500 PM LOCAL TIME.

CLIMATE NORMAL PERIOD 1981 TO 2010
CLIMATE RECORD PERIOD 1948 TO 2016


WEATHER ITEM   OBSERVED TIME   RECORD YEAR NORMAL DEPARTURE LAST
                VALUE   (LST)  VALUE       VALUE  FROM      YEAR
                                                  NORMAL
..................................................................
TEMPERATURE (F)
 TODAY
  MAXIMUM         72   1243 PM  84    1959  67      5       69
  MINIMUM         45    442 AM  30    1957  47     -2       62
  AVERAGE         59                        57      2       66

PRECIPITATION (IN)
  TODAY            0.00          4.53 1967   0.11  -0.11     0.03
  MONTH TO DATE    1.20                      3.24  -2.04     1.76
  SINCE SEP 1      1.20                      3.24  -2.04     1.76
  SINCE JAN 1     18.86                     24.16  -5.30    25.92

DEGREE DAYS
 HEATING
  TODAY            6                         9     -3        0
  MONTH TO DATE   37                       129    -92       55
  SINCE SEP 1     37                       129    -92       55
  SINCE JUL 1     41                       153   -112       69

 COOLING
  TODAY            0                         1     -1        1
  MONTH TO DATE  118                        47     71      107
  SINCE SEP 1    118                        47     71      107
  SINCE JAN 1    862                       520    342      692
..................................................................


WIND (MPH)
  HIGHEST WIND SPEED    20   HIGHEST WIND DIRECTION    SE (130)
  HIGHEST GUST SPEED    27   HIGHEST GUST DIRECTION    SE (120)
  AVERAGE WIND SPEED     5.7


SKY COVER
  POSSIBLE SUNSHINE  MM
  AVERAGE SKY COVER 0.7


WEATHER CONDITIONS
 THE FOLLOWING WEATHER WAS RECORDED TODAY.
  NO SIGNIFICANT WEATHER WAS OBSERVED.


RELATIVE HUMIDITY (PERCENT)
 HIGHEST    93           200 AM
 LOWEST     47          1200 PM
 AVERAGE    70

..........................................................


THE ALTOONA CLIMATE NORMALS FOR TOMORROW
                         NORMAL    RECORD    YEAR
 MAXIMUM TEMPERATURE (F)   67        88      1953
 MINIMUM TEMPERATURE (F)   46        33      2000


SUNRISE AND SUNSET
SEPTEMBER 28 2016.....SUNRISE   707 AM EDT   SUNSET   700 PM EDT
SEPTEMBER 29 2016.....SUNRISE   708 AM EDT   SUNSET   658 PM EDT


-  INDICATES NEGATIVE NUMBERS.
R  INDICATES RECORD WAS SET OR TIED.
MM INDICATES DATA IS MISSING.
T  INDICATES TRACE AMOUNT.




$$
