000
CDUS41 KCTP 230634
CLIAOO


CLIMATE REPORT
NATIONAL WEATHER SERVICE STATE COLLEGE PA
233 AM EDT WED AUG 23 2017


...................................

...THE ALTOONA CLIMATE SUMMARY FOR AUGUST 22 2017...

CLIMATE NORMAL PERIOD 1981 TO 2010
CLIMATE RECORD PERIOD 1948 TO 2017


WEATHER ITEM   OBSERVED TIME   RECORD YEAR NORMAL DEPARTURE LAST
                VALUE   (LST)  VALUE       VALUE  FROM      YEAR
                                                  NORMAL
..................................................................
TEMPERATURE (F)
 YESTERDAY
  MAXIMUM         86    201 PM  95    1983  80      6       77
  MINIMUM         64    507 AM  41    1982  58      6       53
  AVERAGE         75                        69      6       65

PRECIPITATION (IN)
  YESTERDAY        0.20          1.64 1994   0.09   0.11     0.00
  MONTH TO DATE    3.39                      2.09   1.30     2.87
  SINCE JUN 1     13.07                      8.83   4.24     7.16
  SINCE JAN 1     30.36                     23.01   7.35    17.14

DEGREE DAYS
 HEATING
  YESTERDAY        0                         1     -1        0
  MONTH TO DATE    9                        14     -5        0
  SINCE JUN 1     46                        82    -36       27
  SINCE JUL 1     15                        24     -9        4

 COOLING
  YESTERDAY       10                         4      6        0
  MONTH TO DATE   88                       120    -32      206
  SINCE JUN 1    465                       414     51      626
  SINCE JAN 1    538                       447     91      677
..................................................................


WIND (MPH)
  HIGHEST WIND SPEED    22   HIGHEST WIND DIRECTION     W (280)
  HIGHEST GUST SPEED    28   HIGHEST GUST DIRECTION     W (280)
  AVERAGE WIND SPEED     6.8


SKY COVER
  POSSIBLE SUNSHINE  MM
  AVERAGE SKY COVER 0.3


WEATHER CONDITIONS
 THE FOLLOWING WEATHER WAS RECORDED YESTERDAY.
  THUNDERSTORM
  HEAVY RAIN
  RAIN
  LIGHT RAIN
  FOG


RELATIVE HUMIDITY (PERCENT)
 HIGHEST   100           100 AM
 LOWEST     55           200 PM
 AVERAGE    78

..........................................................


THE ALTOONA CLIMATE NORMALS FOR TODAY
                         NORMAL    RECORD    YEAR
 MAXIMUM TEMPERATURE (F)   79        94      1968
 MINIMUM TEMPERATURE (F)   58        42      1952


SUNRISE AND SUNSET
AUGUST 23 2017........SUNRISE   632 AM EDT   SUNSET   759 PM EDT
AUGUST 24 2017........SUNRISE   633 AM EDT   SUNSET   757 PM EDT


-  INDICATES NEGATIVE NUMBERS.
R  INDICATES RECORD WAS SET OR TIED.
MM INDICATES DATA IS MISSING.
T  INDICATES TRACE AMOUNT.




$$
