000
CDUS41 KCTP 262123
CLIAOO


CLIMATE REPORT
NATIONAL WEATHER SERVICE STATE COLLEGE PA
523 PM EDT TUE MAY 26 2015


...................................

...THE ALTOONA CLIMATE SUMMARY FOR MAY 26 2015...
VALID TODAY AS OF 0500 PM LOCAL TIME.

CLIMATE NORMAL PERIOD 1981 TO 2010
CLIMATE RECORD PERIOD 1948 TO 2015


WEATHER ITEM   OBSERVED TIME   RECORD YEAR NORMAL DEPARTURE LAST
                VALUE   (LST)  VALUE       VALUE  FROM      YEAR
                                                  NORMAL
..................................................................
TEMPERATURE (F)
 TODAY
  MAXIMUM         80    305 PM  87    1991  72      8       83
  MINIMUM         60    459 AM  36    1988  50     10       54
  AVERAGE         70                        61      9       69

PRECIPITATION (IN)
  TODAY            T             1.01 2012   0.12  -0.12     0.00
  MONTH TO DATE    1.05                      3.11  -2.06     3.64
  SINCE MAR 1      6.87                      9.37  -2.50     9.20
  SINCE JAN 1      9.39                     13.58  -4.19    12.56

DEGREE DAYS
 HEATING
  TODAY            0                         6     -6        0
  MONTH TO DATE  105                       218   -113      172
  SINCE MAR 1   1462                      1566   -104     1586
  SINCE JUL 1   6255                      6122    133     6330

 COOLING
  TODAY            5                         1      4        4
  MONTH TO DATE   65                        16     49       25
  SINCE MAR 1     65                        22     43       31
  SINCE JAN 1     65                        22     43       31
..................................................................


WIND (MPH)
  HIGHEST WIND SPEED    12   HIGHEST WIND DIRECTION     W (260)
  HIGHEST GUST SPEED    14   HIGHEST GUST DIRECTION    SW (240)
  AVERAGE WIND SPEED     4.1


SKY COVER
  POSSIBLE SUNSHINE  MM
  AVERAGE SKY COVER 0.5


WEATHER CONDITIONS
 THE FOLLOWING WEATHER WAS RECORDED TODAY.
  LIGHT RAIN


RELATIVE HUMIDITY (PERCENT)
 HIGHEST    84           500 AM
 LOWEST     54           900 AM
 AVERAGE    69

..........................................................


THE ALTOONA CLIMATE NORMALS FOR TOMORROW
                         NORMAL    RECORD    YEAR
 MAXIMUM TEMPERATURE (F)   72        89      1991
 MINIMUM TEMPERATURE (F)   51        36      1961


SUNRISE AND SUNSET
MAY 26 2015...........SUNRISE   549 AM EDT   SUNSET   832 PM EDT
MAY 27 2015...........SUNRISE   548 AM EDT   SUNSET   833 PM EDT


-  INDICATES NEGATIVE NUMBERS.
R  INDICATES RECORD WAS SET OR TIED.
MM INDICATES DATA IS MISSING.
T  INDICATES TRACE AMOUNT.




$$
