000
CDUS41 KCTP 270612
CLIAOO


CLIMATE REPORT
NATIONAL WEATHER SERVICE STATE COLLEGE PA
212 AM EDT TUE JUN 27 2017


...................................

...THE ALTOONA CLIMATE SUMMARY FOR JUNE 26 2017...

CLIMATE NORMAL PERIOD 1981 TO 2010
CLIMATE RECORD PERIOD 1948 TO 2017


WEATHER ITEM   OBSERVED TIME   RECORD YEAR NORMAL DEPARTURE LAST
                VALUE   (LST)  VALUE       VALUE  FROM      YEAR
                                                  NORMAL
..................................................................
TEMPERATURE (F)
 YESTERDAY
  MAXIMUM         74    328 PM  94    1952  80     -6       82
  MINIMUM         52    334 AM  44    1979  59     -7       60
  AVERAGE         63                        69     -6       71

PRECIPITATION (IN)
  YESTERDAY        T             1.18 1970   0.11  -0.11     0.00
  MONTH TO DATE    4.07                      3.03   1.04     2.51
  SINCE JUN 1      4.07                      3.03   1.04     2.51
  SINCE JAN 1     21.36                     17.21   4.15    12.49

DEGREE DAYS
 HEATING
  YESTERDAY        2                         1      1        0
  MONTH TO DATE   24                        55    -31       22
  SINCE JUN 1     24                        55    -31       22
  SINCE JUL 1   4993                      6201  -1208     5190

 COOLING
  YESTERDAY        0                         5     -5        6
  MONTH TO DATE  140                        88     52      116
  SINCE JUN 1    140                        88     52      116
  SINCE JAN 1    213                       121     92      167
..................................................................


WIND (MPH)
  HIGHEST WIND SPEED    17   HIGHEST WIND DIRECTION     W (280)
  HIGHEST GUST SPEED    24   HIGHEST GUST DIRECTION     W (260)
  AVERAGE WIND SPEED     6.4


SKY COVER
  POSSIBLE SUNSHINE  MM
  AVERAGE SKY COVER 0.4


WEATHER CONDITIONS
 THE FOLLOWING WEATHER WAS RECORDED YESTERDAY.
  NO SIGNIFICANT WEATHER WAS OBSERVED.


RELATIVE HUMIDITY (PERCENT)
 HIGHEST    86           200 AM
 LOWEST     41           100 PM
 AVERAGE    64

..........................................................


THE ALTOONA CLIMATE NORMALS FOR TODAY
                         NORMAL    RECORD    YEAR
 MAXIMUM TEMPERATURE (F)   80        94      1966
 MINIMUM TEMPERATURE (F)   59        46      1981


SUNRISE AND SUNSET
JUNE 27 2017..........SUNRISE   546 AM EDT   SUNSET   847 PM EDT
JUNE 28 2017..........SUNRISE   546 AM EDT   SUNSET   847 PM EDT


-  INDICATES NEGATIVE NUMBERS.
R  INDICATES RECORD WAS SET OR TIED.
MM INDICATES DATA IS MISSING.
T  INDICATES TRACE AMOUNT.




$$
