000
CDUS41 KCTP 150616
CLIAOO


CLIMATE REPORT
NATIONAL WEATHER SERVICE STATE COLLEGE PA
216 AM EDT MON SEP 15 2014


...................................

...THE ALTOONA CLIMATE SUMMARY FOR SEPTEMBER 14 2014...

CLIMATE NORMAL PERIOD 1981 TO 2010
CLIMATE RECORD PERIOD 1948 TO 2014


WEATHER ITEM   OBSERVED TIME   RECORD YEAR NORMAL DEPARTURE LAST
                VALUE   (LST)  VALUE       VALUE  FROM      YEAR
                                                  NORMAL
..................................................................
TEMPERATURE (F)
 YESTERDAY
  MAXIMUM         63    405 PM  94    1952  73    -10       63
  MINIMUM         41    546 AM  35    1963  52    -11       46
  AVERAGE         52                        62    -10       55

PRECIPITATION (IN)
  YESTERDAY        0.00          1.82 1973   0.13  -0.13     0.00
  MONTH TO DATE    0.16                      1.63  -1.47     1.10
  SINCE SEP 1      0.16                      1.63  -1.47     1.10
  SINCE JAN 1     28.78                     22.55   6.23    20.11

DEGREE DAYS
 HEATING
  YESTERDAY       13                         4      9       10
  MONTH TO DATE   31                        38     -7       35
  SINCE SEP 1     31                        38     -7       35
  SINCE JUL 1     65                        62      3       56

 COOLING
  YESTERDAY        0                         2     -2        0
  MONTH TO DATE   61                        33     28       55
  SINCE SEP 1     61                        33     28       55
  SINCE JAN 1    513                       506      7      663
..................................................................


WIND (MPH)
  HIGHEST WIND SPEED     8   HIGHEST WIND DIRECTION     E (80)
  HIGHEST GUST SPEED    11   HIGHEST GUST DIRECTION     E (110)
  AVERAGE WIND SPEED     2.4


SKY COVER
  POSSIBLE SUNSHINE  MM
  AVERAGE SKY COVER 0.3


WEATHER CONDITIONS
 THE FOLLOWING WEATHER WAS RECORDED YESTERDAY.
  NO SIGNIFICANT WEATHER WAS OBSERVED.


RELATIVE HUMIDITY (PERCENT)
 HIGHEST   100           400 AM
 LOWEST     55           200 PM
 AVERAGE    78

..........................................................


THE ALTOONA CLIMATE NORMALS FOR TODAY
                         NORMAL    RECORD    YEAR
 MAXIMUM TEMPERATURE (F)   73        92      1998
 MINIMUM TEMPERATURE (F)   52        35      2001


SUNRISE AND SUNSET
SEPTEMBER 15 2014.....SUNRISE   654 AM EDT   SUNSET   722 PM EDT
SEPTEMBER 16 2014.....SUNRISE   655 AM EDT   SUNSET   720 PM EDT


-  INDICATES NEGATIVE NUMBERS.
R  INDICATES RECORD WAS SET OR TIED.
MM INDICATES DATA IS MISSING.
T  INDICATES TRACE AMOUNT.




$$
